{"id":150,"date":"2016-02-02T19:17:10","date_gmt":"2016-02-02T18:17:10","guid":{"rendered":"http:\/\/mering.info\/?page_id=150"},"modified":"2016-10-05T21:32:02","modified_gmt":"2016-10-05T19:32:02","slug":"spenden","status":"publish","type":"page","link":"https:\/\/mering.info\/?page_id=150","title":{"rendered":"Spenden"},"content":{"rendered":"<p>Sie k\u00f6nnen unsere Arbeit mit einer Spende unterst\u00fctzen. Da die KAB eine gemeinn\u00fctzige Organisation ist, k\u00f6nnen wir Ihnen auf Wunsch auch eine Spendenbescheinigung zusenden.<\/p>\n<p>Bitte Spenden Sie an:<\/p>\n<table>\n<tbody>\n<tr>\n<td><strong>Empf\u00e4nger<\/strong><\/td>\n<td>KAB Bildungswerkes Di\u00f6zese Augsburg e.V.<\/td>\n<\/tr>\n<tr>\n<td><strong>IBAN<\/strong><\/td>\n<td>DE35 7509 0300 0000 1648 79<\/td>\n<\/tr>\n<tr>\n<td><strong>BIC<\/strong><\/td>\n<td>GENODEF1M05<\/td>\n<\/tr>\n<tr>\n<td><strong>Verwendungszweck<\/strong><\/td>\n<td>Spende f\u00fcr das B\u00fcndnis f\u00fcr Nachhaltigkeit. (hier ihre Adresse angeben)<\/td>\n<\/tr>\n<tr>\n<td>Falls Quittung erw\u00fcnscht:<\/td>\n<td>Beim Verwendungszweck zus\u00e4tzlich &#8222;Spendenquittung erbeten&#8220; hinzuf\u00fcgen.<\/td>\n<\/tr>\n<\/tbody>\n<\/table>\n<p>&nbsp;<\/p>\n","protected":false},"excerpt":{"rendered":"<p>Sie k\u00f6nnen unsere Arbeit mit einer Spende unterst\u00fctzen. Da die KAB eine gemeinn\u00fctzige Organisation ist, k\u00f6nnen wir Ihnen auf Wunsch auch eine Spendenbescheinigung zusenden. Bitte Spenden Sie an: Empf\u00e4nger KAB &hellip; <a href=\"https:\/\/mering.info\/?page_id=150\" class=\"more-link\"><span class=\"screen-reader-text\">Spenden<\/span> weiterlesen <span class=\"meta-nav\">&rarr;<\/span><\/a><\/p>\n","protected":false},"author":2,"featured_media":0,"parent":0,"menu_order":0,"comment_status":"closed","ping_status":"closed","template":"","meta":{"jetpack_post_was_ever_published":false,"footnotes":""},"class_list":["post-150","page","type-page","status-publish","hentry"],"yoast_head":"<!-- This site is optimized with the Yoast SEO plugin v27.5 - https:\/\/yoast.com\/product\/yoast-seo-wordpress\/ -->\n<title>Spenden - Nachhaltiges Mering<\/title>\n<meta name=\"robots\" content=\"index, follow, max-snippet:-1, max-image-preview:large, max-video-preview:-1\" \/>\n<link rel=\"canonical\" href=\"https:\/\/mering.info\/?page_id=150\" \/>\n<meta property=\"og:locale\" content=\"de_DE\" \/>\n<meta property=\"og:type\" content=\"article\" \/>\n<meta property=\"og:title\" content=\"Spenden - Nachhaltiges Mering\" \/>\n<meta property=\"og:description\" content=\"Sie k\u00f6nnen unsere Arbeit mit einer Spende unterst\u00fctzen. Da die KAB eine gemeinn\u00fctzige Organisation ist, k\u00f6nnen wir Ihnen auf Wunsch auch eine Spendenbescheinigung zusenden. Bitte Spenden Sie an: Empf\u00e4nger KAB &hellip; Spenden weiterlesen &rarr;\" \/>\n<meta property=\"og:url\" content=\"https:\/\/mering.info\/?page_id=150\" \/>\n<meta property=\"og:site_name\" content=\"Nachhaltiges Mering\" \/>\n<meta property=\"article:modified_time\" content=\"2016-10-05T19:32:02+00:00\" \/>\n<meta name=\"twitter:card\" content=\"summary_large_image\" \/>\n<script type=\"application\/ld+json\" class=\"yoast-schema-graph\">{\"@context\":\"https:\\\/\\\/schema.org\",\"@graph\":[{\"@type\":\"WebPage\",\"@id\":\"https:\\\/\\\/mering.info\\\/?page_id=150\",\"url\":\"https:\\\/\\\/mering.info\\\/?page_id=150\",\"name\":\"Spenden - Nachhaltiges Mering\",\"isPartOf\":{\"@id\":\"https:\\\/\\\/mering.info\\\/#website\"},\"datePublished\":\"2016-02-02T18:17:10+00:00\",\"dateModified\":\"2016-10-05T19:32:02+00:00\",\"breadcrumb\":{\"@id\":\"https:\\\/\\\/mering.info\\\/?page_id=150#breadcrumb\"},\"inLanguage\":\"de\",\"potentialAction\":[{\"@type\":\"ReadAction\",\"target\":[\"https:\\\/\\\/mering.info\\\/?page_id=150\"]}]},{\"@type\":\"BreadcrumbList\",\"@id\":\"https:\\\/\\\/mering.info\\\/?page_id=150#breadcrumb\",\"itemListElement\":[{\"@type\":\"ListItem\",\"position\":1,\"name\":\"Startseite\",\"item\":\"https:\\\/\\\/mering.info\\\/\"},{\"@type\":\"ListItem\",\"position\":2,\"name\":\"Spenden\"}]},{\"@type\":\"WebSite\",\"@id\":\"https:\\\/\\\/mering.info\\\/#website\",\"url\":\"https:\\\/\\\/mering.info\\\/\",\"name\":\"Nachhaltiges Mering\",\"description\":\"Zukunftsf\u00e4higes Mering\",\"potentialAction\":[{\"@type\":\"SearchAction\",\"target\":{\"@type\":\"EntryPoint\",\"urlTemplate\":\"https:\\\/\\\/mering.info\\\/?s={search_term_string}\"},\"query-input\":{\"@type\":\"PropertyValueSpecification\",\"valueRequired\":true,\"valueName\":\"search_term_string\"}}],\"inLanguage\":\"de\"}]}<\/script>\n<!-- \/ Yoast SEO plugin. -->","yoast_head_json":{"title":"Spenden - Nachhaltiges Mering","robots":{"index":"index","follow":"follow","max-snippet":"max-snippet:-1","max-image-preview":"max-image-preview:large","max-video-preview":"max-video-preview:-1"},"canonical":"https:\/\/mering.info\/?page_id=150","og_locale":"de_DE","og_type":"article","og_title":"Spenden - Nachhaltiges Mering","og_description":"Sie k\u00f6nnen unsere Arbeit mit einer Spende unterst\u00fctzen. Da die KAB eine gemeinn\u00fctzige Organisation ist, k\u00f6nnen wir Ihnen auf Wunsch auch eine Spendenbescheinigung zusenden. Bitte Spenden Sie an: Empf\u00e4nger KAB &hellip; Spenden weiterlesen &rarr;","og_url":"https:\/\/mering.info\/?page_id=150","og_site_name":"Nachhaltiges Mering","article_modified_time":"2016-10-05T19:32:02+00:00","twitter_card":"summary_large_image","schema":{"@context":"https:\/\/schema.org","@graph":[{"@type":"WebPage","@id":"https:\/\/mering.info\/?page_id=150","url":"https:\/\/mering.info\/?page_id=150","name":"Spenden - Nachhaltiges Mering","isPartOf":{"@id":"https:\/\/mering.info\/#website"},"datePublished":"2016-02-02T18:17:10+00:00","dateModified":"2016-10-05T19:32:02+00:00","breadcrumb":{"@id":"https:\/\/mering.info\/?page_id=150#breadcrumb"},"inLanguage":"de","potentialAction":[{"@type":"ReadAction","target":["https:\/\/mering.info\/?page_id=150"]}]},{"@type":"BreadcrumbList","@id":"https:\/\/mering.info\/?page_id=150#breadcrumb","itemListElement":[{"@type":"ListItem","position":1,"name":"Startseite","item":"https:\/\/mering.info\/"},{"@type":"ListItem","position":2,"name":"Spenden"}]},{"@type":"WebSite","@id":"https:\/\/mering.info\/#website","url":"https:\/\/mering.info\/","name":"Nachhaltiges Mering","description":"Zukunftsf\u00e4higes Mering","potentialAction":[{"@type":"SearchAction","target":{"@type":"EntryPoint","urlTemplate":"https:\/\/mering.info\/?s={search_term_string}"},"query-input":{"@type":"PropertyValueSpecification","valueRequired":true,"valueName":"search_term_string"}}],"inLanguage":"de"}]}},"jetpack_sharing_enabled":true,"_links":{"self":[{"href":"https:\/\/mering.info\/index.php?rest_route=\/wp\/v2\/pages\/150","targetHints":{"allow":["GET"]}}],"collection":[{"href":"https:\/\/mering.info\/index.php?rest_route=\/wp\/v2\/pages"}],"about":[{"href":"https:\/\/mering.info\/index.php?rest_route=\/wp\/v2\/types\/page"}],"author":[{"embeddable":true,"href":"https:\/\/mering.info\/index.php?rest_route=\/wp\/v2\/users\/2"}],"replies":[{"embeddable":true,"href":"https:\/\/mering.info\/index.php?rest_route=%2Fwp%2Fv2%2Fcomments&post=150"}],"version-history":[{"count":5,"href":"https:\/\/mering.info\/index.php?rest_route=\/wp\/v2\/pages\/150\/revisions"}],"predecessor-version":[{"id":855,"href":"https:\/\/mering.info\/index.php?rest_route=\/wp\/v2\/pages\/150\/revisions\/855"}],"wp:attachment":[{"href":"https:\/\/mering.info\/index.php?rest_route=%2Fwp%2Fv2%2Fmedia&parent=150"}],"curies":[{"name":"wp","href":"https:\/\/api.w.org\/{rel}","templated":true}]}}