{"id":27,"date":"2015-12-21T14:58:28","date_gmt":"2015-12-21T13:58:28","guid":{"rendered":"http:\/\/mering.info\/?page_id=27"},"modified":"2022-04-30T21:50:26","modified_gmt":"2022-04-30T19:50:26","slug":"mitmachen","status":"publish","type":"page","link":"https:\/\/mering.info\/?page_id=27","title":{"rendered":"Mitmachen"},"content":{"rendered":"<p>Es gibt viele M\u00f6glichkeiten bei uns mitzumachen bzw. uns zu unterst\u00fctzen. Sie k\u00f6nnen<\/p>\n<ul>\n<li>bei uns <strong><a href=\"https:\/\/mering.info\/?page_id=29\">Informationen abonnieren<\/a><\/strong><\/li>\n<li>uns<strong><a href=\"https:\/\/mering.info\/?page_id=150\"> mit einer Spende unterst\u00fctzen<\/a><\/strong><\/li>\n<li>uns eine <strong><a href=\"https:\/\/mering.info\/?page_id=137\">Mitteilung schicken<\/a><\/strong><\/li>\n<li>sich in unseren <a href=\"https:\/\/mering.info\/?page_id=29\"><strong>E-Mail Newsletter<\/strong><\/a> Verteiler eintragen lassen<\/li>\n<li>sich \u00fcber unsere <strong>Facebook-Seite<\/strong> auf dem laufenden halten<\/li>\n<\/ul>\n","protected":false},"excerpt":{"rendered":"<p>Es gibt viele M\u00f6glichkeiten bei uns mitzumachen bzw. uns zu unterst\u00fctzen. Sie k\u00f6nnen bei uns Informationen abonnieren uns mit einer Spende unterst\u00fctzen uns eine Mitteilung schicken sich in unseren E-Mail &hellip; <a href=\"https:\/\/mering.info\/?page_id=27\" class=\"more-link\"><span class=\"screen-reader-text\">Mitmachen<\/span> weiterlesen <span class=\"meta-nav\">&rarr;<\/span><\/a><\/p>\n","protected":false},"author":2,"featured_media":0,"parent":0,"menu_order":0,"comment_status":"closed","ping_status":"closed","template":"","meta":{"jetpack_post_was_ever_published":false,"footnotes":""},"class_list":["post-27","page","type-page","status-publish","hentry"],"yoast_head":"<!-- This site is optimized with the Yoast SEO plugin v27.5 - https:\/\/yoast.com\/product\/yoast-seo-wordpress\/ -->\n<title>Mitmachen - Nachhaltiges Mering<\/title>\n<meta name=\"robots\" content=\"index, follow, max-snippet:-1, max-image-preview:large, max-video-preview:-1\" \/>\n<link rel=\"canonical\" href=\"https:\/\/mering.info\/?page_id=27\" \/>\n<meta property=\"og:locale\" content=\"de_DE\" \/>\n<meta property=\"og:type\" content=\"article\" \/>\n<meta property=\"og:title\" content=\"Mitmachen - Nachhaltiges Mering\" \/>\n<meta property=\"og:description\" content=\"Es gibt viele M\u00f6glichkeiten bei uns mitzumachen bzw. uns zu unterst\u00fctzen. Sie k\u00f6nnen bei uns Informationen abonnieren uns mit einer Spende unterst\u00fctzen uns eine Mitteilung schicken sich in unseren E-Mail &hellip; Mitmachen weiterlesen &rarr;\" \/>\n<meta property=\"og:url\" content=\"https:\/\/mering.info\/?page_id=27\" \/>\n<meta property=\"og:site_name\" content=\"Nachhaltiges Mering\" \/>\n<meta property=\"article:modified_time\" content=\"2022-04-30T19:50:26+00:00\" \/>\n<meta name=\"twitter:card\" content=\"summary_large_image\" \/>\n<script type=\"application\/ld+json\" class=\"yoast-schema-graph\">{\"@context\":\"https:\\\/\\\/schema.org\",\"@graph\":[{\"@type\":\"WebPage\",\"@id\":\"https:\\\/\\\/mering.info\\\/?page_id=27\",\"url\":\"https:\\\/\\\/mering.info\\\/?page_id=27\",\"name\":\"Mitmachen - Nachhaltiges Mering\",\"isPartOf\":{\"@id\":\"https:\\\/\\\/mering.info\\\/#website\"},\"datePublished\":\"2015-12-21T13:58:28+00:00\",\"dateModified\":\"2022-04-30T19:50:26+00:00\",\"breadcrumb\":{\"@id\":\"https:\\\/\\\/mering.info\\\/?page_id=27#breadcrumb\"},\"inLanguage\":\"de\",\"potentialAction\":[{\"@type\":\"ReadAction\",\"target\":[\"https:\\\/\\\/mering.info\\\/?page_id=27\"]}]},{\"@type\":\"BreadcrumbList\",\"@id\":\"https:\\\/\\\/mering.info\\\/?page_id=27#breadcrumb\",\"itemListElement\":[{\"@type\":\"ListItem\",\"position\":1,\"name\":\"Startseite\",\"item\":\"https:\\\/\\\/mering.info\\\/\"},{\"@type\":\"ListItem\",\"position\":2,\"name\":\"Mitmachen\"}]},{\"@type\":\"WebSite\",\"@id\":\"https:\\\/\\\/mering.info\\\/#website\",\"url\":\"https:\\\/\\\/mering.info\\\/\",\"name\":\"Nachhaltiges Mering\",\"description\":\"Zukunftsf\u00e4higes Mering\",\"potentialAction\":[{\"@type\":\"SearchAction\",\"target\":{\"@type\":\"EntryPoint\",\"urlTemplate\":\"https:\\\/\\\/mering.info\\\/?s={search_term_string}\"},\"query-input\":{\"@type\":\"PropertyValueSpecification\",\"valueRequired\":true,\"valueName\":\"search_term_string\"}}],\"inLanguage\":\"de\"}]}<\/script>\n<!-- \/ Yoast SEO plugin. -->","yoast_head_json":{"title":"Mitmachen - Nachhaltiges Mering","robots":{"index":"index","follow":"follow","max-snippet":"max-snippet:-1","max-image-preview":"max-image-preview:large","max-video-preview":"max-video-preview:-1"},"canonical":"https:\/\/mering.info\/?page_id=27","og_locale":"de_DE","og_type":"article","og_title":"Mitmachen - Nachhaltiges Mering","og_description":"Es gibt viele M\u00f6glichkeiten bei uns mitzumachen bzw. uns zu unterst\u00fctzen. Sie k\u00f6nnen bei uns Informationen abonnieren uns mit einer Spende unterst\u00fctzen uns eine Mitteilung schicken sich in unseren E-Mail &hellip; Mitmachen weiterlesen &rarr;","og_url":"https:\/\/mering.info\/?page_id=27","og_site_name":"Nachhaltiges Mering","article_modified_time":"2022-04-30T19:50:26+00:00","twitter_card":"summary_large_image","schema":{"@context":"https:\/\/schema.org","@graph":[{"@type":"WebPage","@id":"https:\/\/mering.info\/?page_id=27","url":"https:\/\/mering.info\/?page_id=27","name":"Mitmachen - Nachhaltiges Mering","isPartOf":{"@id":"https:\/\/mering.info\/#website"},"datePublished":"2015-12-21T13:58:28+00:00","dateModified":"2022-04-30T19:50:26+00:00","breadcrumb":{"@id":"https:\/\/mering.info\/?page_id=27#breadcrumb"},"inLanguage":"de","potentialAction":[{"@type":"ReadAction","target":["https:\/\/mering.info\/?page_id=27"]}]},{"@type":"BreadcrumbList","@id":"https:\/\/mering.info\/?page_id=27#breadcrumb","itemListElement":[{"@type":"ListItem","position":1,"name":"Startseite","item":"https:\/\/mering.info\/"},{"@type":"ListItem","position":2,"name":"Mitmachen"}]},{"@type":"WebSite","@id":"https:\/\/mering.info\/#website","url":"https:\/\/mering.info\/","name":"Nachhaltiges Mering","description":"Zukunftsf\u00e4higes Mering","potentialAction":[{"@type":"SearchAction","target":{"@type":"EntryPoint","urlTemplate":"https:\/\/mering.info\/?s={search_term_string}"},"query-input":{"@type":"PropertyValueSpecification","valueRequired":true,"valueName":"search_term_string"}}],"inLanguage":"de"}]}},"jetpack_sharing_enabled":true,"_links":{"self":[{"href":"https:\/\/mering.info\/index.php?rest_route=\/wp\/v2\/pages\/27","targetHints":{"allow":["GET"]}}],"collection":[{"href":"https:\/\/mering.info\/index.php?rest_route=\/wp\/v2\/pages"}],"about":[{"href":"https:\/\/mering.info\/index.php?rest_route=\/wp\/v2\/types\/page"}],"author":[{"embeddable":true,"href":"https:\/\/mering.info\/index.php?rest_route=\/wp\/v2\/users\/2"}],"replies":[{"embeddable":true,"href":"https:\/\/mering.info\/index.php?rest_route=%2Fwp%2Fv2%2Fcomments&post=27"}],"version-history":[{"count":9,"href":"https:\/\/mering.info\/index.php?rest_route=\/wp\/v2\/pages\/27\/revisions"}],"predecessor-version":[{"id":4632,"href":"https:\/\/mering.info\/index.php?rest_route=\/wp\/v2\/pages\/27\/revisions\/4632"}],"wp:attachment":[{"href":"https:\/\/mering.info\/index.php?rest_route=%2Fwp%2Fv2%2Fmedia&parent=27"}],"curies":[{"name":"wp","href":"https:\/\/api.w.org\/{rel}","templated":true}]}}