{"id":31,"date":"2015-12-21T15:05:30","date_gmt":"2015-12-21T14:05:30","guid":{"rendered":"http:\/\/mering.info\/?page_id=31"},"modified":"2021-12-06T20:42:52","modified_gmt":"2021-12-06T19:42:52","slug":"impressum","status":"publish","type":"page","link":"https:\/\/mering.info\/?page_id=31","title":{"rendered":"Impressum"},"content":{"rendered":"<div class=\"entry-content\">\n<div id=\"post-2\">\n<div>\n<p><strong>Postanschrift<\/strong><\/p>\n<p>Michael Dudella<br \/>\nMarienstra\u00dfe 17<br \/>\n86415 Mering<\/p>\n<hr \/>\n<p><strong>Verantwortlich f\u00fcr dieses Angebot nach Paragraph 5 TMG:<br \/>\n<\/strong>Michael Dudella<br \/>\nMarienstra\u00dfe 17<br \/>\n86415 Mering<br \/>\nTel. 0170 655 96 30<br \/>\n<a href=\"mailto:info@mering.info\">E-Mail<\/a><\/p>\n<hr \/>\n<p><strong>Websitegestaltung<\/strong><br \/>\nTobias von Thienen<br \/>\nAm Mitterfeld 1<br \/>\n86415 Mering<br \/>\n<a href=\"mailto:webmaster@mering.info\">E-Mail<\/a><\/p>\n<p>Content Management System: WordPress<br \/>\nHoster: Strato AG<\/p>\n<h5><strong>Datenschutzerkl\u00e4rung<\/strong><\/h5>\n<p>Wir wissen, dass Sie dem Thema Datenschutz gro\u00dfe Bedeutung beimessen. Deshalb ist uns der Schutz Ihrer pers\u00f6nlichen Daten ein wichtiges Anliegen. Details finden Sie in unserer <a href=\"https:\/\/mering.info\/?page_id=2230\"><strong>Datenschutzerkl\u00e4rung<\/strong><\/a>.<\/p>\n<h5><strong>Kommentar- \/ Blogfunktion<\/strong><\/h5>\n<p>Kommentare mit rassistischen, beleidigendem oder anst\u00f6\u00dfigem Inhalt werden von den Adminstratoren zeitnah entfernt. Mehr zu diesem Thema in unserer <a href=\"https:\/\/mering.info\/?page_id=34\"><strong>Hilfe<\/strong><\/a> Seite.<\/p>\n<h5>Urheberrecht<\/h5>\n<p>Die durch die Seitenbetreiber erstellten Inhalte und Werke auf diesen\u00a0 Seiten unterliegen dem deutschen Urheberrecht. Die Vervielf\u00e4ltigung,\u00a0 Bearbeitung, Verbreitung und jede Art der Verwertung au\u00dferhalb der\u00a0 Grenzen des Urheberrechtes bed\u00fcrfen der schriftlichen Zustimmung des\u00a0 jeweiligen Autors bzw. Erstellers. Downloads und Kopien dieser Seite\u00a0 sind nur f\u00fcr den privaten, nicht kommerziellen Gebrauch gestattet.\u00a0 Soweit die Inhalte auf dieser Seite nicht vom Betreiber erstellt wurden, werden die Urheberrechte Dritter beachtet. Insbesondere werden Inhalte\u00a0 Dritter als solche gekennzeichnet. Sollten Sie trotzdem auf eine\u00a0 Urheberrechtsverletzung aufmerksam werden, bitten wir um einen\u00a0 entsprechenden Hinweis. Bei Bekanntwerden von Rechtsverletzungen werden\u00a0 wir derartige Inhalte umgehend entfernen.<\/p>\n<p>Teile dieses Website Impressums wurden erstellt durch <a href=\"http:\/\/www.impressum-generator.de\" target=\"_blank\" rel=\"noopener\">impressum-generator.de<\/a> von Franziska Hasselbach.<\/p>\n<\/div>\n<\/div>\n<\/div>\n","protected":false},"excerpt":{"rendered":"<p>Postanschrift Michael Dudella Marienstra\u00dfe 17 86415 Mering Verantwortlich f\u00fcr dieses Angebot nach Paragraph 5 TMG: Michael Dudella Marienstra\u00dfe 17 86415 Mering Tel. 0170 655 96 30 E-Mail Websitegestaltung Tobias von &hellip; <a href=\"https:\/\/mering.info\/?page_id=31\" class=\"more-link\"><span class=\"screen-reader-text\">Impressum<\/span> weiterlesen <span class=\"meta-nav\">&rarr;<\/span><\/a><\/p>\n","protected":false},"author":8,"featured_media":0,"parent":0,"menu_order":0,"comment_status":"closed","ping_status":"closed","template":"","meta":{"jetpack_post_was_ever_published":false,"footnotes":""},"class_list":["post-31","page","type-page","status-publish","hentry"],"yoast_head":"<!-- This site is optimized with the Yoast SEO plugin v27.5 - https:\/\/yoast.com\/product\/yoast-seo-wordpress\/ -->\n<title>Impressum - Nachhaltiges Mering<\/title>\n<meta name=\"robots\" content=\"index, follow, max-snippet:-1, max-image-preview:large, max-video-preview:-1\" \/>\n<link rel=\"canonical\" href=\"https:\/\/mering.info\/?page_id=31\" \/>\n<meta property=\"og:locale\" content=\"de_DE\" \/>\n<meta property=\"og:type\" content=\"article\" \/>\n<meta property=\"og:title\" content=\"Impressum - Nachhaltiges Mering\" \/>\n<meta property=\"og:description\" content=\"Postanschrift Michael Dudella Marienstra\u00dfe 17 86415 Mering Verantwortlich f\u00fcr dieses Angebot nach Paragraph 5 TMG: Michael Dudella Marienstra\u00dfe 17 86415 Mering Tel. 0170 655 96 30 E-Mail Websitegestaltung Tobias von &hellip; Impressum weiterlesen &rarr;\" \/>\n<meta property=\"og:url\" content=\"https:\/\/mering.info\/?page_id=31\" \/>\n<meta property=\"og:site_name\" content=\"Nachhaltiges Mering\" \/>\n<meta property=\"article:modified_time\" content=\"2021-12-06T19:42:52+00:00\" \/>\n<meta name=\"twitter:card\" content=\"summary_large_image\" \/>\n<meta name=\"twitter:label1\" content=\"Gesch\u00e4tzte Lesezeit\" \/>\n\t<meta name=\"twitter:data1\" content=\"1\u00a0Minute\" \/>\n<script type=\"application\/ld+json\" class=\"yoast-schema-graph\">{\"@context\":\"https:\\\/\\\/schema.org\",\"@graph\":[{\"@type\":\"WebPage\",\"@id\":\"https:\\\/\\\/mering.info\\\/?page_id=31\",\"url\":\"https:\\\/\\\/mering.info\\\/?page_id=31\",\"name\":\"Impressum - Nachhaltiges Mering\",\"isPartOf\":{\"@id\":\"https:\\\/\\\/mering.info\\\/#website\"},\"datePublished\":\"2015-12-21T14:05:30+00:00\",\"dateModified\":\"2021-12-06T19:42:52+00:00\",\"breadcrumb\":{\"@id\":\"https:\\\/\\\/mering.info\\\/?page_id=31#breadcrumb\"},\"inLanguage\":\"de\",\"potentialAction\":[{\"@type\":\"ReadAction\",\"target\":[\"https:\\\/\\\/mering.info\\\/?page_id=31\"]}]},{\"@type\":\"BreadcrumbList\",\"@id\":\"https:\\\/\\\/mering.info\\\/?page_id=31#breadcrumb\",\"itemListElement\":[{\"@type\":\"ListItem\",\"position\":1,\"name\":\"Startseite\",\"item\":\"https:\\\/\\\/mering.info\\\/\"},{\"@type\":\"ListItem\",\"position\":2,\"name\":\"Impressum\"}]},{\"@type\":\"WebSite\",\"@id\":\"https:\\\/\\\/mering.info\\\/#website\",\"url\":\"https:\\\/\\\/mering.info\\\/\",\"name\":\"Nachhaltiges Mering\",\"description\":\"Zukunftsf\u00e4higes Mering\",\"potentialAction\":[{\"@type\":\"SearchAction\",\"target\":{\"@type\":\"EntryPoint\",\"urlTemplate\":\"https:\\\/\\\/mering.info\\\/?s={search_term_string}\"},\"query-input\":{\"@type\":\"PropertyValueSpecification\",\"valueRequired\":true,\"valueName\":\"search_term_string\"}}],\"inLanguage\":\"de\"}]}<\/script>\n<!-- \/ Yoast SEO plugin. -->","yoast_head_json":{"title":"Impressum - Nachhaltiges Mering","robots":{"index":"index","follow":"follow","max-snippet":"max-snippet:-1","max-image-preview":"max-image-preview:large","max-video-preview":"max-video-preview:-1"},"canonical":"https:\/\/mering.info\/?page_id=31","og_locale":"de_DE","og_type":"article","og_title":"Impressum - Nachhaltiges Mering","og_description":"Postanschrift Michael Dudella Marienstra\u00dfe 17 86415 Mering Verantwortlich f\u00fcr dieses Angebot nach Paragraph 5 TMG: Michael Dudella Marienstra\u00dfe 17 86415 Mering Tel. 0170 655 96 30 E-Mail Websitegestaltung Tobias von &hellip; Impressum weiterlesen &rarr;","og_url":"https:\/\/mering.info\/?page_id=31","og_site_name":"Nachhaltiges Mering","article_modified_time":"2021-12-06T19:42:52+00:00","twitter_card":"summary_large_image","twitter_misc":{"Gesch\u00e4tzte Lesezeit":"1\u00a0Minute"},"schema":{"@context":"https:\/\/schema.org","@graph":[{"@type":"WebPage","@id":"https:\/\/mering.info\/?page_id=31","url":"https:\/\/mering.info\/?page_id=31","name":"Impressum - Nachhaltiges Mering","isPartOf":{"@id":"https:\/\/mering.info\/#website"},"datePublished":"2015-12-21T14:05:30+00:00","dateModified":"2021-12-06T19:42:52+00:00","breadcrumb":{"@id":"https:\/\/mering.info\/?page_id=31#breadcrumb"},"inLanguage":"de","potentialAction":[{"@type":"ReadAction","target":["https:\/\/mering.info\/?page_id=31"]}]},{"@type":"BreadcrumbList","@id":"https:\/\/mering.info\/?page_id=31#breadcrumb","itemListElement":[{"@type":"ListItem","position":1,"name":"Startseite","item":"https:\/\/mering.info\/"},{"@type":"ListItem","position":2,"name":"Impressum"}]},{"@type":"WebSite","@id":"https:\/\/mering.info\/#website","url":"https:\/\/mering.info\/","name":"Nachhaltiges Mering","description":"Zukunftsf\u00e4higes Mering","potentialAction":[{"@type":"SearchAction","target":{"@type":"EntryPoint","urlTemplate":"https:\/\/mering.info\/?s={search_term_string}"},"query-input":{"@type":"PropertyValueSpecification","valueRequired":true,"valueName":"search_term_string"}}],"inLanguage":"de"}]}},"jetpack_sharing_enabled":true,"_links":{"self":[{"href":"https:\/\/mering.info\/index.php?rest_route=\/wp\/v2\/pages\/31","targetHints":{"allow":["GET"]}}],"collection":[{"href":"https:\/\/mering.info\/index.php?rest_route=\/wp\/v2\/pages"}],"about":[{"href":"https:\/\/mering.info\/index.php?rest_route=\/wp\/v2\/types\/page"}],"author":[{"embeddable":true,"href":"https:\/\/mering.info\/index.php?rest_route=\/wp\/v2\/users\/8"}],"replies":[{"embeddable":true,"href":"https:\/\/mering.info\/index.php?rest_route=%2Fwp%2Fv2%2Fcomments&post=31"}],"version-history":[{"count":14,"href":"https:\/\/mering.info\/index.php?rest_route=\/wp\/v2\/pages\/31\/revisions"}],"predecessor-version":[{"id":4016,"href":"https:\/\/mering.info\/index.php?rest_route=\/wp\/v2\/pages\/31\/revisions\/4016"}],"wp:attachment":[{"href":"https:\/\/mering.info\/index.php?rest_route=%2Fwp%2Fv2%2Fmedia&parent=31"}],"curies":[{"name":"wp","href":"https:\/\/api.w.org\/{rel}","templated":true}]}}