{"id":34,"date":"2015-12-21T15:08:29","date_gmt":"2015-12-21T14:08:29","guid":{"rendered":"http:\/\/mering.info\/?page_id=34"},"modified":"2018-05-16T20:54:24","modified_gmt":"2018-05-16T18:54:24","slug":"hilfe","status":"publish","type":"page","link":"https:\/\/mering.info\/?page_id=34","title":{"rendered":"Hilfe"},"content":{"rendered":"<p>Wir bieten auf diesen Seiten umfangreiche Informationen an. Einerseits\u00a0 m\u00f6chten wir damit einerseits Hintergrundinformationen zu unserem Wirken bereitstellen, andererseits haben Sie hier Gelegenheit mit uns zu diskutieren indem Sie Beitr\u00e4ge kommentieren (Blog Funktionalit\u00e4t).<\/p>\n<p>Hier ein \u00dcberblick \u00fcber die Funktionen:<\/p>\n<p><img fetchpriority=\"high\" decoding=\"async\" class=\"alignnone size-full wp-image-1635\" src=\"https:\/\/mering.info\/wp-content\/uploads\/2015\/12\/Hilfe-\u00dcbersicht-2017.jpg\" alt=\"\" width=\"901\" height=\"747\" srcset=\"https:\/\/mering.info\/wp-content\/uploads\/2015\/12\/Hilfe-\u00dcbersicht-2017.jpg 901w, https:\/\/mering.info\/wp-content\/uploads\/2015\/12\/Hilfe-\u00dcbersicht-2017-300x249.jpg 300w, https:\/\/mering.info\/wp-content\/uploads\/2015\/12\/Hilfe-\u00dcbersicht-2017-768x637.jpg 768w\" sizes=\"(max-width: 901px) 100vw, 901px\" \/><\/p>\n<ul>\n<li><strong>Header<\/strong> \u2013 dient zur Information<\/li>\n<li><strong>Men\u00fcleiste<\/strong> \u2013 enth\u00e4lt statische Informationen (siehe unten)<\/li>\n<li><strong>Linke Seitenleiste<\/strong> \u2013 zus\u00e4tzliche Funktionen<\/li>\n<li><strong>Direktzugriffsbereich<\/strong> &#8211; Wichtige Informationen zum Direktzugriff (nur unter &#8218;Aktuelles&#8216; verf\u00fcgbar)<\/li>\n<li><strong>Rechte Seitenleiste<\/strong> \u2013 zus\u00e4tzliche Funktionen<\/li>\n<li><strong>Inhaltsbereich<\/strong> \u2013 die eigentlichen \/ dynamischen Informationen.<\/li>\n<li><strong>Footer<\/strong> &#8211; der Bereich ganz unten mit wichtigen Links<\/li>\n<\/ul>\n<h3>Linke Seitenleiste<\/h3>\n<p>Hier stehen folgende Informationen zur Verf\u00fcgung:<\/p>\n<ul>\n<li><strong>Angebote<\/strong> &#8211; auflisten von Angeboten nach Kategorien.<\/li>\n<li><strong>Attribute<\/strong> &#8211; auflisten von Angeboten nach Attributen.<\/li>\n<li><strong>Neueste Beitr\u00e4ge<\/strong> \u2013 die neuesten Beitr\u00e4ge.<\/li>\n<li><strong>Neueste Kommentare<\/strong> \u2013 die neuesten Kommentare.<\/li>\n<li><strong>Diverses<\/strong> \u2013 hier k\u00f6nnen Sie RSS Feeds konfigurieren.<\/li>\n<\/ul>\n<p>Hinweis: Die linke Seitenleiste ist auf mobilen Ger\u00e4ten ganz unten angeordnet.<\/p>\n<h3>Rechte Seitenleiste<\/h3>\n<p>Hier gibt es folgende Funktionalit\u00e4ten:<\/p>\n<ul>\n<li><strong>Anstehende Veranstaltungen<\/strong> &#8211; die n\u00e4chsten 5 Veranstaltungen<\/li>\n<li><strong>Kalender<\/strong> \u2013 Tage, zu denen Informationen existieren sind markiert. Sie k\u00f6nnen hier monatsweise bl\u00e4ttern.<\/li>\n<li><strong>Archiv<\/strong> \u2013 damit haben Sie eine einfache M\u00f6glichkeit, auf fr\u00fchere Monate zu positionieren.<\/li>\n<li><strong>Kategorien<\/strong> \u2013 wenn Sie themenbezogene Information suchen, k\u00f6nnen Sie eine Kategorie ausw\u00e4hlen.<\/li>\n<li><strong>Schlagw\u00f6rter<\/strong> \u2013 erlaubt die Seiten nach definierten Stichworten zu durchsuchen.<\/li>\n<\/ul>\n<h3>Men\u00fcleiste<\/h3>\n<p>In den Men\u00fcs sind statische Informationen hinterlegt:<\/p>\n<ul>\n<li><strong>Aktuelles<\/strong> \u2013 der Bereich mit den Beitr\u00e4gen (die neuesten stehen oben).<\/li>\n<li><strong>Angebote<\/strong> &#8211; Ein \u00dcberblick \u00fcber die von uns empfohlenen Angebote.<\/li>\n<li><strong>Veranstaltungen<\/strong> &#8211; unsere Veranstaltungen<\/li>\n<li><strong>Information<\/strong> \u2013 hier finden Sie wichtige Informationen.<\/li>\n<li><strong>Mitmachen<\/strong> \u2013 eine Auflistung der M\u00f6glichkeiten, wie Sie bei uns mitmachen k\u00f6nnen.<\/li>\n<li><strong>Facebook<\/strong> &#8211; ein direktes Link auf unsere Facebook Seite.<\/li>\n<li><strong>Wichtiges <\/strong>&#8211; organisatorische Informationen wie das Impressum, die Datenschutzerkl\u00e4rung, diese Hilfeseite sowie die M\u00f6glichkeit zur Kontaktaufnahme.<\/li>\n<li><strong>Suche<\/strong> \u2013 ein Lupensymbol weist auf die Suchfunktion hin.<\/li>\n<\/ul>\n<h3>Wer kann Artikel bzw. Kommentare kommentieren?<\/h3>\n<p>Jeder kann \u00fcber die Kommentar-Funktion seine Meinung bzw. eigene Ideen zu Artikeln bzw. Kommentaren einbringen.<\/p>\n<p>Dazu ist keine Anmeldung erforderlich. Lediglich der Name und eine E-Mail-Adresse m\u00fcssen angegeben werden. Da wir hier transparent arbeiten (d.h. unsere Namen sind klar ersichtlich) w\u00fcnschen wir uns, dass auch alle anderen sich hier mit ihren realen Namen und keinen Alias-Namen einbringen.<\/p>\n<p>Um einen Kommentar zu verfassen, klicken Sie einfach auf \u201eHinterlasse eine Antwort\u201c oberhalb des Beitrags (wenn noch kein Kommentar existiert). Falls mindestens ein Kommentar existiert, wird dies durch \u201e\u2026 Antworten\u201c angezeigt. Ein Klick darauf zeigt den Beitrag sowie die Kommentare. Zu beidem k\u00f6nnen nun wiederum Kommentare hinterlegt werden.<\/p>\n<p>Zur Kommentarfunktion sowie zur M\u00f6glichkeit Folgekommentare oder Beitr\u00e4ge zu abonnieren und diese wieder abzubestellen gibt es weitere Informationen in unserer <a href=\"https:\/\/mering.info\/?page_id=2230\"><strong>Datenschutzerkl\u00e4rung<\/strong><\/a>.<\/p>\n<h3>Warum werden Kommentare ge\u00e4ndert oder gel\u00f6scht?<\/h3>\n<p>Kommentare die rassistische, beleidigende oder anst\u00f6\u00dfige Inhalte beinhalten, k\u00f6nnen wir nicht dulden.<\/p>\n<p>Zu jedem erstellten oder ge\u00e4nderten Kommentar erhalten wir eine Info-Mail. Wir schauen uns die Kommentare zeitnah an und behalten uns vor, Kommentare, die gegen die oben angegebenen Prinzipien versto\u00dfen, zu \u00e4ndern oder zu l\u00f6schen.<\/p>\n<p>Die E-Mail-Adresse ist notwendig, damit wir in Zweifelsf\u00e4llen R\u00fcckfragen an den Autor stellen k\u00f6nnen. Ist die E-Mail-Adresse nicht korrekt (d.h. die Mail kam zur\u00fcck), wird der Kommentar in jedem Fall gel\u00f6scht.<\/p>\n","protected":false},"excerpt":{"rendered":"<p>Wir bieten auf diesen Seiten umfangreiche Informationen an. Einerseits\u00a0 m\u00f6chten wir damit einerseits Hintergrundinformationen zu unserem Wirken bereitstellen, andererseits haben Sie hier Gelegenheit mit uns zu diskutieren indem Sie Beitr\u00e4ge &hellip; <a href=\"https:\/\/mering.info\/?page_id=34\" class=\"more-link\"><span class=\"screen-reader-text\">Hilfe<\/span> weiterlesen <span class=\"meta-nav\">&rarr;<\/span><\/a><\/p>\n","protected":false},"author":2,"featured_media":0,"parent":0,"menu_order":0,"comment_status":"closed","ping_status":"closed","template":"","meta":{"jetpack_post_was_ever_published":false,"footnotes":""},"class_list":["post-34","page","type-page","status-publish","hentry"],"yoast_head":"<!-- This site is optimized with the Yoast SEO plugin v27.5 - https:\/\/yoast.com\/product\/yoast-seo-wordpress\/ -->\n<title>Hilfe - Nachhaltiges Mering<\/title>\n<meta name=\"robots\" content=\"index, follow, max-snippet:-1, max-image-preview:large, max-video-preview:-1\" \/>\n<link rel=\"canonical\" href=\"https:\/\/mering.info\/?page_id=34\" \/>\n<meta property=\"og:locale\" content=\"de_DE\" \/>\n<meta property=\"og:type\" content=\"article\" \/>\n<meta property=\"og:title\" content=\"Hilfe - Nachhaltiges Mering\" \/>\n<meta property=\"og:description\" content=\"Wir bieten auf diesen Seiten umfangreiche Informationen an. Einerseits\u00a0 m\u00f6chten wir damit einerseits Hintergrundinformationen zu unserem Wirken bereitstellen, andererseits haben Sie hier Gelegenheit mit uns zu diskutieren indem Sie Beitr\u00e4ge &hellip; Hilfe weiterlesen &rarr;\" \/>\n<meta property=\"og:url\" content=\"https:\/\/mering.info\/?page_id=34\" \/>\n<meta property=\"og:site_name\" content=\"Nachhaltiges Mering\" \/>\n<meta property=\"article:modified_time\" content=\"2018-05-16T18:54:24+00:00\" \/>\n<meta property=\"og:image\" content=\"http:\/\/mering.info\/wp-content\/uploads\/2015\/12\/Hilfe-\u00dcbersicht-2017.jpg\" \/>\n<meta name=\"twitter:card\" content=\"summary_large_image\" \/>\n<meta name=\"twitter:label1\" content=\"Gesch\u00e4tzte Lesezeit\" \/>\n\t<meta name=\"twitter:data1\" content=\"3\u00a0Minuten\" \/>\n<script type=\"application\/ld+json\" class=\"yoast-schema-graph\">{\"@context\":\"https:\\\/\\\/schema.org\",\"@graph\":[{\"@type\":\"WebPage\",\"@id\":\"https:\\\/\\\/mering.info\\\/?page_id=34\",\"url\":\"https:\\\/\\\/mering.info\\\/?page_id=34\",\"name\":\"Hilfe - Nachhaltiges Mering\",\"isPartOf\":{\"@id\":\"https:\\\/\\\/mering.info\\\/#website\"},\"datePublished\":\"2015-12-21T14:08:29+00:00\",\"dateModified\":\"2018-05-16T18:54:24+00:00\",\"breadcrumb\":{\"@id\":\"https:\\\/\\\/mering.info\\\/?page_id=34#breadcrumb\"},\"inLanguage\":\"de\",\"potentialAction\":[{\"@type\":\"ReadAction\",\"target\":[\"https:\\\/\\\/mering.info\\\/?page_id=34\"]}]},{\"@type\":\"BreadcrumbList\",\"@id\":\"https:\\\/\\\/mering.info\\\/?page_id=34#breadcrumb\",\"itemListElement\":[{\"@type\":\"ListItem\",\"position\":1,\"name\":\"Startseite\",\"item\":\"https:\\\/\\\/mering.info\\\/\"},{\"@type\":\"ListItem\",\"position\":2,\"name\":\"Hilfe\"}]},{\"@type\":\"WebSite\",\"@id\":\"https:\\\/\\\/mering.info\\\/#website\",\"url\":\"https:\\\/\\\/mering.info\\\/\",\"name\":\"Nachhaltiges Mering\",\"description\":\"Zukunftsf\u00e4higes Mering\",\"potentialAction\":[{\"@type\":\"SearchAction\",\"target\":{\"@type\":\"EntryPoint\",\"urlTemplate\":\"https:\\\/\\\/mering.info\\\/?s={search_term_string}\"},\"query-input\":{\"@type\":\"PropertyValueSpecification\",\"valueRequired\":true,\"valueName\":\"search_term_string\"}}],\"inLanguage\":\"de\"}]}<\/script>\n<!-- \/ Yoast SEO plugin. -->","yoast_head_json":{"title":"Hilfe - Nachhaltiges Mering","robots":{"index":"index","follow":"follow","max-snippet":"max-snippet:-1","max-image-preview":"max-image-preview:large","max-video-preview":"max-video-preview:-1"},"canonical":"https:\/\/mering.info\/?page_id=34","og_locale":"de_DE","og_type":"article","og_title":"Hilfe - Nachhaltiges Mering","og_description":"Wir bieten auf diesen Seiten umfangreiche Informationen an. Einerseits\u00a0 m\u00f6chten wir damit einerseits Hintergrundinformationen zu unserem Wirken bereitstellen, andererseits haben Sie hier Gelegenheit mit uns zu diskutieren indem Sie Beitr\u00e4ge &hellip; Hilfe weiterlesen &rarr;","og_url":"https:\/\/mering.info\/?page_id=34","og_site_name":"Nachhaltiges Mering","article_modified_time":"2018-05-16T18:54:24+00:00","og_image":[{"url":"http:\/\/mering.info\/wp-content\/uploads\/2015\/12\/Hilfe-\u00dcbersicht-2017.jpg","type":"","width":"","height":""}],"twitter_card":"summary_large_image","twitter_misc":{"Gesch\u00e4tzte Lesezeit":"3\u00a0Minuten"},"schema":{"@context":"https:\/\/schema.org","@graph":[{"@type":"WebPage","@id":"https:\/\/mering.info\/?page_id=34","url":"https:\/\/mering.info\/?page_id=34","name":"Hilfe - Nachhaltiges Mering","isPartOf":{"@id":"https:\/\/mering.info\/#website"},"datePublished":"2015-12-21T14:08:29+00:00","dateModified":"2018-05-16T18:54:24+00:00","breadcrumb":{"@id":"https:\/\/mering.info\/?page_id=34#breadcrumb"},"inLanguage":"de","potentialAction":[{"@type":"ReadAction","target":["https:\/\/mering.info\/?page_id=34"]}]},{"@type":"BreadcrumbList","@id":"https:\/\/mering.info\/?page_id=34#breadcrumb","itemListElement":[{"@type":"ListItem","position":1,"name":"Startseite","item":"https:\/\/mering.info\/"},{"@type":"ListItem","position":2,"name":"Hilfe"}]},{"@type":"WebSite","@id":"https:\/\/mering.info\/#website","url":"https:\/\/mering.info\/","name":"Nachhaltiges Mering","description":"Zukunftsf\u00e4higes Mering","potentialAction":[{"@type":"SearchAction","target":{"@type":"EntryPoint","urlTemplate":"https:\/\/mering.info\/?s={search_term_string}"},"query-input":{"@type":"PropertyValueSpecification","valueRequired":true,"valueName":"search_term_string"}}],"inLanguage":"de"}]}},"jetpack_sharing_enabled":true,"_links":{"self":[{"href":"https:\/\/mering.info\/index.php?rest_route=\/wp\/v2\/pages\/34","targetHints":{"allow":["GET"]}}],"collection":[{"href":"https:\/\/mering.info\/index.php?rest_route=\/wp\/v2\/pages"}],"about":[{"href":"https:\/\/mering.info\/index.php?rest_route=\/wp\/v2\/types\/page"}],"author":[{"embeddable":true,"href":"https:\/\/mering.info\/index.php?rest_route=\/wp\/v2\/users\/2"}],"replies":[{"embeddable":true,"href":"https:\/\/mering.info\/index.php?rest_route=%2Fwp%2Fv2%2Fcomments&post=34"}],"version-history":[{"count":14,"href":"https:\/\/mering.info\/index.php?rest_route=\/wp\/v2\/pages\/34\/revisions"}],"predecessor-version":[{"id":2247,"href":"https:\/\/mering.info\/index.php?rest_route=\/wp\/v2\/pages\/34\/revisions\/2247"}],"wp:attachment":[{"href":"https:\/\/mering.info\/index.php?rest_route=%2Fwp%2Fv2%2Fmedia&parent=34"}],"curies":[{"name":"wp","href":"https:\/\/api.w.org\/{rel}","templated":true}]}}