{"id":3768,"date":"2021-11-28T23:09:03","date_gmt":"2021-11-28T22:09:03","guid":{"rendered":"https:\/\/mering.info\/?page_id=3768"},"modified":"2021-12-15T21:50:36","modified_gmt":"2021-12-15T20:50:36","slug":"wer-wir-sind","status":"publish","type":"page","link":"https:\/\/mering.info\/?page_id=3768","title":{"rendered":"Wer wir sind"},"content":{"rendered":"\t\t<div data-elementor-type=\"wp-page\" data-elementor-id=\"3768\" class=\"elementor elementor-3768\">\n\t\t\t\t\t\t<section class=\"elementor-section elementor-top-section elementor-element elementor-element-2e47b0c elementor-section-boxed elementor-section-height-default elementor-section-height-default\" data-id=\"2e47b0c\" data-element_type=\"section\" data-e-type=\"section\">\n\t\t\t\t\t\t<div class=\"elementor-container elementor-column-gap-default\">\n\t\t\t\t\t<div class=\"elementor-column elementor-col-100 elementor-top-column elementor-element elementor-element-4e115bf\" data-id=\"4e115bf\" data-element_type=\"column\" data-e-type=\"column\">\n\t\t\t<div class=\"elementor-widget-wrap elementor-element-populated\">\n\t\t\t\t\t\t<div class=\"elementor-element elementor-element-7d9f9ec elementor-widget elementor-widget-text-editor\" data-id=\"7d9f9ec\" data-element_type=\"widget\" data-e-type=\"widget\" data-widget_type=\"text-editor.default\">\n\t\t\t\t<div class=\"elementor-widget-container\">\n\t\t\t\t\t\t\t\t\t<p>Wir leben bereits plastikm\u00fcllreduzierter, geben gerne unsere Erfahrungen, Tipps und Empfehlungen weiter und freuen uns auf den Austausch in unserem plastikfreien Stammtisch.<\/p>\t\t\t\t\t\t\t\t<\/div>\n\t\t\t\t<\/div>\n\t\t\t\t\t<\/div>\n\t\t<\/div>\n\t\t\t\t\t<\/div>\n\t\t<\/section>\n\t\t\t\t<section class=\"elementor-section elementor-top-section elementor-element elementor-element-a0a26c9 elementor-section-boxed elementor-section-height-default elementor-section-height-default\" data-id=\"a0a26c9\" data-element_type=\"section\" data-e-type=\"section\">\n\t\t\t\t\t\t<div class=\"elementor-container elementor-column-gap-default\">\n\t\t\t\t\t<div class=\"elementor-column elementor-col-100 elementor-top-column elementor-element elementor-element-5a98941\" data-id=\"5a98941\" data-element_type=\"column\" data-e-type=\"column\">\n\t\t\t<div class=\"elementor-widget-wrap elementor-element-populated\">\n\t\t\t\t\t\t<div class=\"elementor-element elementor-element-294081f elementor-widget elementor-widget-heading\" data-id=\"294081f\" data-element_type=\"widget\" data-e-type=\"widget\" data-widget_type=\"heading.default\">\n\t\t\t\t<div class=\"elementor-widget-container\">\n\t\t\t\t\t<h2 class=\"elementor-heading-title elementor-size-default\">Valerie Klatte-Asselmeyer<\/h2>\t\t\t\t<\/div>\n\t\t\t\t<\/div>\n\t\t\t\t\t<\/div>\n\t\t<\/div>\n\t\t\t\t\t<\/div>\n\t\t<\/section>\n\t\t\t\t<section class=\"elementor-section elementor-top-section elementor-element elementor-element-952f618 elementor-section-boxed elementor-section-height-default elementor-section-height-default\" data-id=\"952f618\" data-element_type=\"section\" data-e-type=\"section\">\n\t\t\t\t\t\t<div class=\"elementor-container elementor-column-gap-default\">\n\t\t\t\t\t<div class=\"elementor-column elementor-col-50 elementor-top-column elementor-element elementor-element-757bd0f\" data-id=\"757bd0f\" data-element_type=\"column\" data-e-type=\"column\">\n\t\t\t<div class=\"elementor-widget-wrap elementor-element-populated\">\n\t\t\t\t\t\t<div class=\"elementor-element elementor-element-03361ca elementor-widget elementor-widget-image\" data-id=\"03361ca\" data-element_type=\"widget\" data-e-type=\"widget\" data-widget_type=\"image.default\">\n\t\t\t\t<div class=\"elementor-widget-container\">\n\t\t\t\t\t\t\t\t\t\t\t\t\t\t\t<img fetchpriority=\"high\" decoding=\"async\" width=\"474\" height=\"632\" src=\"https:\/\/mering.info\/wp-content\/uploads\/2021\/12\/Valerie-Klatte-Asselmeyer-sw_tiny.jpg\" class=\"attachment-large size-large wp-image-4008\" alt=\"Valerie Klatte-Asselmeyer\" srcset=\"https:\/\/mering.info\/wp-content\/uploads\/2021\/12\/Valerie-Klatte-Asselmeyer-sw_tiny.jpg 709w, https:\/\/mering.info\/wp-content\/uploads\/2021\/12\/Valerie-Klatte-Asselmeyer-sw_tiny-225x300.jpg 225w\" sizes=\"(max-width: 474px) 100vw, 474px\" \/>\t\t\t\t\t\t\t\t\t\t\t\t\t\t\t<\/div>\n\t\t\t\t<\/div>\n\t\t\t\t\t<\/div>\n\t\t<\/div>\n\t\t\t\t<div class=\"elementor-column elementor-col-50 elementor-top-column elementor-element elementor-element-066b7e4\" data-id=\"066b7e4\" data-element_type=\"column\" data-e-type=\"column\">\n\t\t\t<div class=\"elementor-widget-wrap elementor-element-populated\">\n\t\t\t\t\t\t<div class=\"elementor-element elementor-element-c20c370 elementor-widget elementor-widget-text-editor\" data-id=\"c20c370\" data-element_type=\"widget\" data-e-type=\"widget\" data-widget_type=\"text-editor.default\">\n\t\t\t\t<div class=\"elementor-widget-container\">\n\t\t\t\t\t\t\t\t\t<p>Vieles geht gemeinsam leichter. Wenn man sich austauschen kann, neue Ideen bekommt oder jemandem helfen kann \u2013 das macht f\u00fcr mich ganz viel Spa\u00df am Ausprobieren von neuen Dingen aus. Und es gibt da drau\u00dfen so viele tolle Ideen!<\/p>\t\t\t\t\t\t\t\t<\/div>\n\t\t\t\t<\/div>\n\t\t\t\t\t<\/div>\n\t\t<\/div>\n\t\t\t\t\t<\/div>\n\t\t<\/section>\n\t\t\t\t<section class=\"elementor-section elementor-top-section elementor-element elementor-element-1d8a15f elementor-section-boxed elementor-section-height-default elementor-section-height-default\" data-id=\"1d8a15f\" data-element_type=\"section\" data-e-type=\"section\">\n\t\t\t\t\t\t<div class=\"elementor-container elementor-column-gap-default\">\n\t\t\t\t\t<div class=\"elementor-column elementor-col-100 elementor-top-column elementor-element elementor-element-8929460\" data-id=\"8929460\" data-element_type=\"column\" data-e-type=\"column\">\n\t\t\t<div class=\"elementor-widget-wrap elementor-element-populated\">\n\t\t\t\t\t\t<div class=\"elementor-element elementor-element-6c98360 elementor-widget elementor-widget-text-editor\" data-id=\"6c98360\" data-element_type=\"widget\" data-e-type=\"widget\" data-widget_type=\"text-editor.default\">\n\t\t\t\t<div class=\"elementor-widget-container\">\n\t\t\t\t\t\t\t\t\t<p>Meine Familie und ich stehen noch am Anfang der Plastikfrei-Reise, aber die ersten Schritte haben wir getan und es f\u00fchlt sich richtig und gut an. Deshalb freue ich mich schon sehr auf unseren plastikfreien Stammtisch.<\/p><p>Ich bin 41 Jahre alt und Mutter von zwei kleinen S\u00f6hnen. Zudem bin ich Ehefrau, Biologin, Hundebesitzerin, B\u00fccherwurm, Naturp\u00e4dagogin, Bastlerin und Zeichnerin. Mein Motto w\u00e4re wohl: \u201eDas kann man doch sicher auch selber machen?!&#8220;<\/p>\t\t\t\t\t\t\t\t<\/div>\n\t\t\t\t<\/div>\n\t\t\t\t\t<\/div>\n\t\t<\/div>\n\t\t\t\t\t<\/div>\n\t\t<\/section>\n\t\t\t\t<section class=\"elementor-section elementor-top-section elementor-element elementor-element-18a9c76 elementor-section-boxed elementor-section-height-default elementor-section-height-default\" data-id=\"18a9c76\" data-element_type=\"section\" data-e-type=\"section\">\n\t\t\t\t\t\t<div class=\"elementor-container elementor-column-gap-default\">\n\t\t\t\t\t<div class=\"elementor-column elementor-col-100 elementor-top-column elementor-element elementor-element-76c161b\" data-id=\"76c161b\" data-element_type=\"column\" data-e-type=\"column\">\n\t\t\t<div class=\"elementor-widget-wrap elementor-element-populated\">\n\t\t\t\t\t\t<div class=\"elementor-element elementor-element-1c344cd elementor-widget elementor-widget-heading\" data-id=\"1c344cd\" data-element_type=\"widget\" data-e-type=\"widget\" data-widget_type=\"heading.default\">\n\t\t\t\t<div class=\"elementor-widget-container\">\n\t\t\t\t\t<h2 class=\"elementor-heading-title elementor-size-default\">Sarah Kohlberger<\/h2>\t\t\t\t<\/div>\n\t\t\t\t<\/div>\n\t\t\t\t\t<\/div>\n\t\t<\/div>\n\t\t\t\t\t<\/div>\n\t\t<\/section>\n\t\t\t\t<section class=\"elementor-section elementor-top-section elementor-element elementor-element-25573ef elementor-section-boxed elementor-section-height-default elementor-section-height-default\" data-id=\"25573ef\" data-element_type=\"section\" data-e-type=\"section\">\n\t\t\t\t\t\t<div class=\"elementor-container elementor-column-gap-default\">\n\t\t\t\t\t<div class=\"elementor-column elementor-col-100 elementor-top-column elementor-element elementor-element-c75690c\" data-id=\"c75690c\" data-element_type=\"column\" data-e-type=\"column\">\n\t\t\t<div class=\"elementor-widget-wrap elementor-element-populated\">\n\t\t\t\t\t\t<section class=\"elementor-section elementor-inner-section elementor-element elementor-element-2c581e1 elementor-section-boxed elementor-section-height-default elementor-section-height-default\" data-id=\"2c581e1\" data-element_type=\"section\" data-e-type=\"section\">\n\t\t\t\t\t\t<div class=\"elementor-container elementor-column-gap-default\">\n\t\t\t\t\t<div class=\"elementor-column elementor-col-50 elementor-inner-column elementor-element elementor-element-c80c07c\" data-id=\"c80c07c\" data-element_type=\"column\" data-e-type=\"column\">\n\t\t\t<div class=\"elementor-widget-wrap elementor-element-populated\">\n\t\t\t\t\t\t<div class=\"elementor-element elementor-element-c1e1491 elementor-widget elementor-widget-image\" data-id=\"c1e1491\" data-element_type=\"widget\" data-e-type=\"widget\" data-widget_type=\"image.default\">\n\t\t\t\t<div class=\"elementor-widget-container\">\n\t\t\t\t\t\t\t\t\t\t\t\t\t\t\t<img decoding=\"async\" width=\"474\" height=\"611\" src=\"https:\/\/mering.info\/wp-content\/uploads\/2021\/01\/Sarah_verkleinert.jpg\" class=\"attachment-large size-large wp-image-3353\" alt=\"\" srcset=\"https:\/\/mering.info\/wp-content\/uploads\/2021\/01\/Sarah_verkleinert.jpg 700w, https:\/\/mering.info\/wp-content\/uploads\/2021\/01\/Sarah_verkleinert-233x300.jpg 233w\" sizes=\"(max-width: 474px) 100vw, 474px\" \/>\t\t\t\t\t\t\t\t\t\t\t\t\t\t\t<\/div>\n\t\t\t\t<\/div>\n\t\t\t\t\t<\/div>\n\t\t<\/div>\n\t\t\t\t<div class=\"elementor-column elementor-col-50 elementor-inner-column elementor-element elementor-element-b0f2dab\" data-id=\"b0f2dab\" data-element_type=\"column\" data-e-type=\"column\">\n\t\t\t<div class=\"elementor-widget-wrap elementor-element-populated\">\n\t\t\t\t\t\t<div class=\"elementor-element elementor-element-0397b93 elementor-widget elementor-widget-text-editor\" data-id=\"0397b93\" data-element_type=\"widget\" data-e-type=\"widget\" data-widget_type=\"text-editor.default\">\n\t\t\t\t<div class=\"elementor-widget-container\">\n\t\t\t\t\t\t\t\t\t<p>Ich setze mich seit April 2020 mit der Zero-Waste-Bewegung auseinander und versuche generell, wenig M\u00fcll zu produzieren. Ich lebe plastikm\u00fcllreduziert und freue mich \u00fcber jede M\u00f6glichkeit, mich mit anderen dar\u00fcber auszutauschen.<\/p>\t\t\t\t\t\t\t\t<\/div>\n\t\t\t\t<\/div>\n\t\t\t\t\t<\/div>\n\t\t<\/div>\n\t\t\t\t\t<\/div>\n\t\t<\/section>\n\t\t\t\t\t<\/div>\n\t\t<\/div>\n\t\t\t\t\t<\/div>\n\t\t<\/section>\n\t\t\t\t<section class=\"elementor-section elementor-top-section elementor-element elementor-element-befacf8 elementor-section-boxed elementor-section-height-default elementor-section-height-default\" data-id=\"befacf8\" data-element_type=\"section\" data-e-type=\"section\">\n\t\t\t\t\t\t<div class=\"elementor-container elementor-column-gap-default\">\n\t\t\t\t\t<div class=\"elementor-column elementor-col-100 elementor-top-column elementor-element elementor-element-33d16a4\" data-id=\"33d16a4\" data-element_type=\"column\" data-e-type=\"column\">\n\t\t\t<div class=\"elementor-widget-wrap elementor-element-populated\">\n\t\t\t\t\t\t<div class=\"elementor-element elementor-element-3a930a6 elementor-widget elementor-widget-text-editor\" data-id=\"3a930a6\" data-element_type=\"widget\" data-e-type=\"widget\" data-widget_type=\"text-editor.default\">\n\t\t\t\t<div class=\"elementor-widget-container\">\n\t\t\t\t\t\t\t\t\t<p>Den Umstieg sehe ich als langen Prozess, daher habe ich noch viele Stellen, an denen ich schrauben kann, und bin gespannt auf unseren plastikfreien Austausch und neue Ideen und Inspirationen f\u00fcr die n\u00e4chsten nachhaltigen Schritte.<\/p><p>Ich bin 27 Jahre und lebe seit 1996 mit ein paar Unterbrechungen in Mering. Neben dem Zero-Waste-Lifestyle schl\u00e4gt mein Herz f\u00fcrs N\u00e4hen und f\u00fcr meinen Job: Ich arbeite als Webproducerin in Merching.<\/p>\t\t\t\t\t\t\t\t<\/div>\n\t\t\t\t<\/div>\n\t\t\t\t\t<\/div>\n\t\t<\/div>\n\t\t\t\t\t<\/div>\n\t\t<\/section>\n\t\t\t\t<section class=\"elementor-section elementor-top-section elementor-element elementor-element-214b86b elementor-section-boxed elementor-section-height-default elementor-section-height-default\" data-id=\"214b86b\" data-element_type=\"section\" data-e-type=\"section\">\n\t\t\t\t\t\t<div class=\"elementor-container elementor-column-gap-default\">\n\t\t\t\t\t<div class=\"elementor-column elementor-col-100 elementor-top-column elementor-element elementor-element-3cc1a33\" data-id=\"3cc1a33\" data-element_type=\"column\" data-e-type=\"column\">\n\t\t\t<div class=\"elementor-widget-wrap elementor-element-populated\">\n\t\t\t\t\t\t<div class=\"elementor-element elementor-element-4053da8 elementor-widget elementor-widget-spacer\" data-id=\"4053da8\" data-element_type=\"widget\" data-e-type=\"widget\" data-widget_type=\"spacer.default\">\n\t\t\t\t<div class=\"elementor-widget-container\">\n\t\t\t\t\t\t\t<div class=\"elementor-spacer\">\n\t\t\t<div class=\"elementor-spacer-inner\"><\/div>\n\t\t<\/div>\n\t\t\t\t\t\t<\/div>\n\t\t\t\t<\/div>\n\t\t\t\t\t<\/div>\n\t\t<\/div>\n\t\t\t\t\t<\/div>\n\t\t<\/section>\n\t\t\t\t<\/div>\n\t\t","protected":false},"excerpt":{"rendered":"<p>Wir leben bereits plastikm\u00fcllreduzierter, geben gerne unsere Erfahrungen, Tipps und Empfehlungen weiter und freuen uns auf den Austausch in unserem plastikfreien Stammtisch. Valerie Klatte-Asselmeyer Vieles geht gemeinsam leichter. Wenn man &hellip; <a href=\"https:\/\/mering.info\/?page_id=3768\" class=\"more-link\"><span class=\"screen-reader-text\">Wer wir sind<\/span> weiterlesen <span class=\"meta-nav\">&rarr;<\/span><\/a><\/p>\n","protected":false},"author":12,"featured_media":0,"parent":0,"menu_order":0,"comment_status":"closed","ping_status":"closed","template":"","meta":{"jetpack_post_was_ever_published":false,"footnotes":""},"class_list":["post-3768","page","type-page","status-publish","hentry"],"yoast_head":"<!-- This site is optimized with the Yoast SEO plugin v27.5 - https:\/\/yoast.com\/product\/yoast-seo-wordpress\/ -->\n<title>Wer wir sind - Nachhaltiges Mering<\/title>\n<meta name=\"description\" content=\"Wir leben schon l\u00e4nger plastikm\u00fcllreduziert und geben gerne unsere Erfahrungen, Tipps und Empfehlungen weiter.\" \/>\n<meta name=\"robots\" content=\"index, follow, max-snippet:-1, max-image-preview:large, max-video-preview:-1\" \/>\n<link rel=\"canonical\" href=\"https:\/\/mering.info\/?page_id=3768\" \/>\n<meta property=\"og:locale\" content=\"de_DE\" \/>\n<meta property=\"og:type\" content=\"article\" \/>\n<meta property=\"og:title\" content=\"Wer wir sind - Nachhaltiges Mering\" \/>\n<meta property=\"og:description\" content=\"Wir leben schon l\u00e4nger plastikm\u00fcllreduziert und geben gerne unsere Erfahrungen, Tipps und Empfehlungen weiter.\" \/>\n<meta property=\"og:url\" content=\"https:\/\/mering.info\/?page_id=3768\" \/>\n<meta property=\"og:site_name\" content=\"Nachhaltiges Mering\" \/>\n<meta property=\"article:modified_time\" content=\"2021-12-15T20:50:36+00:00\" \/>\n<meta property=\"og:image\" content=\"https:\/\/mering.info\/wp-content\/uploads\/2021\/12\/Valerie-Klatte-Asselmeyer-sw_tiny.jpg\" \/>\n<meta name=\"twitter:card\" content=\"summary_large_image\" \/>\n<meta name=\"twitter:label1\" content=\"Gesch\u00e4tzte Lesezeit\" \/>\n\t<meta name=\"twitter:data1\" content=\"2\u00a0Minuten\" \/>\n<script type=\"application\/ld+json\" class=\"yoast-schema-graph\">{\"@context\":\"https:\\\/\\\/schema.org\",\"@graph\":[{\"@type\":\"WebPage\",\"@id\":\"https:\\\/\\\/mering.info\\\/?page_id=3768\",\"url\":\"https:\\\/\\\/mering.info\\\/?page_id=3768\",\"name\":\"Wer wir sind - Nachhaltiges Mering\",\"isPartOf\":{\"@id\":\"https:\\\/\\\/mering.info\\\/#website\"},\"primaryImageOfPage\":{\"@id\":\"https:\\\/\\\/mering.info\\\/?page_id=3768#primaryimage\"},\"image\":{\"@id\":\"https:\\\/\\\/mering.info\\\/?page_id=3768#primaryimage\"},\"thumbnailUrl\":\"https:\\\/\\\/mering.info\\\/wp-content\\\/uploads\\\/2021\\\/12\\\/Valerie-Klatte-Asselmeyer-sw_tiny.jpg\",\"datePublished\":\"2021-11-28T22:09:03+00:00\",\"dateModified\":\"2021-12-15T20:50:36+00:00\",\"description\":\"Wir leben schon l\u00e4nger plastikm\u00fcllreduziert und geben gerne unsere Erfahrungen, Tipps und Empfehlungen weiter.\",\"breadcrumb\":{\"@id\":\"https:\\\/\\\/mering.info\\\/?page_id=3768#breadcrumb\"},\"inLanguage\":\"de\",\"potentialAction\":[{\"@type\":\"ReadAction\",\"target\":[\"https:\\\/\\\/mering.info\\\/?page_id=3768\"]}]},{\"@type\":\"ImageObject\",\"inLanguage\":\"de\",\"@id\":\"https:\\\/\\\/mering.info\\\/?page_id=3768#primaryimage\",\"url\":\"https:\\\/\\\/mering.info\\\/wp-content\\\/uploads\\\/2021\\\/12\\\/Valerie-Klatte-Asselmeyer-sw_tiny.jpg\",\"contentUrl\":\"https:\\\/\\\/mering.info\\\/wp-content\\\/uploads\\\/2021\\\/12\\\/Valerie-Klatte-Asselmeyer-sw_tiny.jpg\",\"width\":709,\"height\":945,\"caption\":\"Valerie Klatte-Asselmeyer\"},{\"@type\":\"BreadcrumbList\",\"@id\":\"https:\\\/\\\/mering.info\\\/?page_id=3768#breadcrumb\",\"itemListElement\":[{\"@type\":\"ListItem\",\"position\":1,\"name\":\"Startseite\",\"item\":\"https:\\\/\\\/mering.info\\\/\"},{\"@type\":\"ListItem\",\"position\":2,\"name\":\"Wer wir sind\"}]},{\"@type\":\"WebSite\",\"@id\":\"https:\\\/\\\/mering.info\\\/#website\",\"url\":\"https:\\\/\\\/mering.info\\\/\",\"name\":\"Nachhaltiges Mering\",\"description\":\"Zukunftsf\u00e4higes Mering\",\"potentialAction\":[{\"@type\":\"SearchAction\",\"target\":{\"@type\":\"EntryPoint\",\"urlTemplate\":\"https:\\\/\\\/mering.info\\\/?s={search_term_string}\"},\"query-input\":{\"@type\":\"PropertyValueSpecification\",\"valueRequired\":true,\"valueName\":\"search_term_string\"}}],\"inLanguage\":\"de\"}]}<\/script>\n<!-- \/ Yoast SEO plugin. -->","yoast_head_json":{"title":"Wer wir sind - Nachhaltiges Mering","description":"Wir leben schon l\u00e4nger plastikm\u00fcllreduziert und geben gerne unsere Erfahrungen, Tipps und Empfehlungen weiter.","robots":{"index":"index","follow":"follow","max-snippet":"max-snippet:-1","max-image-preview":"max-image-preview:large","max-video-preview":"max-video-preview:-1"},"canonical":"https:\/\/mering.info\/?page_id=3768","og_locale":"de_DE","og_type":"article","og_title":"Wer wir sind - Nachhaltiges Mering","og_description":"Wir leben schon l\u00e4nger plastikm\u00fcllreduziert und geben gerne unsere Erfahrungen, Tipps und Empfehlungen weiter.","og_url":"https:\/\/mering.info\/?page_id=3768","og_site_name":"Nachhaltiges Mering","article_modified_time":"2021-12-15T20:50:36+00:00","og_image":[{"url":"https:\/\/mering.info\/wp-content\/uploads\/2021\/12\/Valerie-Klatte-Asselmeyer-sw_tiny.jpg","type":"","width":"","height":""}],"twitter_card":"summary_large_image","twitter_misc":{"Gesch\u00e4tzte Lesezeit":"2\u00a0Minuten"},"schema":{"@context":"https:\/\/schema.org","@graph":[{"@type":"WebPage","@id":"https:\/\/mering.info\/?page_id=3768","url":"https:\/\/mering.info\/?page_id=3768","name":"Wer wir sind - Nachhaltiges Mering","isPartOf":{"@id":"https:\/\/mering.info\/#website"},"primaryImageOfPage":{"@id":"https:\/\/mering.info\/?page_id=3768#primaryimage"},"image":{"@id":"https:\/\/mering.info\/?page_id=3768#primaryimage"},"thumbnailUrl":"https:\/\/mering.info\/wp-content\/uploads\/2021\/12\/Valerie-Klatte-Asselmeyer-sw_tiny.jpg","datePublished":"2021-11-28T22:09:03+00:00","dateModified":"2021-12-15T20:50:36+00:00","description":"Wir leben schon l\u00e4nger plastikm\u00fcllreduziert und geben gerne unsere Erfahrungen, Tipps und Empfehlungen weiter.","breadcrumb":{"@id":"https:\/\/mering.info\/?page_id=3768#breadcrumb"},"inLanguage":"de","potentialAction":[{"@type":"ReadAction","target":["https:\/\/mering.info\/?page_id=3768"]}]},{"@type":"ImageObject","inLanguage":"de","@id":"https:\/\/mering.info\/?page_id=3768#primaryimage","url":"https:\/\/mering.info\/wp-content\/uploads\/2021\/12\/Valerie-Klatte-Asselmeyer-sw_tiny.jpg","contentUrl":"https:\/\/mering.info\/wp-content\/uploads\/2021\/12\/Valerie-Klatte-Asselmeyer-sw_tiny.jpg","width":709,"height":945,"caption":"Valerie Klatte-Asselmeyer"},{"@type":"BreadcrumbList","@id":"https:\/\/mering.info\/?page_id=3768#breadcrumb","itemListElement":[{"@type":"ListItem","position":1,"name":"Startseite","item":"https:\/\/mering.info\/"},{"@type":"ListItem","position":2,"name":"Wer wir sind"}]},{"@type":"WebSite","@id":"https:\/\/mering.info\/#website","url":"https:\/\/mering.info\/","name":"Nachhaltiges Mering","description":"Zukunftsf\u00e4higes Mering","potentialAction":[{"@type":"SearchAction","target":{"@type":"EntryPoint","urlTemplate":"https:\/\/mering.info\/?s={search_term_string}"},"query-input":{"@type":"PropertyValueSpecification","valueRequired":true,"valueName":"search_term_string"}}],"inLanguage":"de"}]}},"jetpack_sharing_enabled":true,"_links":{"self":[{"href":"https:\/\/mering.info\/index.php?rest_route=\/wp\/v2\/pages\/3768","targetHints":{"allow":["GET"]}}],"collection":[{"href":"https:\/\/mering.info\/index.php?rest_route=\/wp\/v2\/pages"}],"about":[{"href":"https:\/\/mering.info\/index.php?rest_route=\/wp\/v2\/types\/page"}],"author":[{"embeddable":true,"href":"https:\/\/mering.info\/index.php?rest_route=\/wp\/v2\/users\/12"}],"replies":[{"embeddable":true,"href":"https:\/\/mering.info\/index.php?rest_route=%2Fwp%2Fv2%2Fcomments&post=3768"}],"version-history":[{"count":23,"href":"https:\/\/mering.info\/index.php?rest_route=\/wp\/v2\/pages\/3768\/revisions"}],"predecessor-version":[{"id":4085,"href":"https:\/\/mering.info\/index.php?rest_route=\/wp\/v2\/pages\/3768\/revisions\/4085"}],"wp:attachment":[{"href":"https:\/\/mering.info\/index.php?rest_route=%2Fwp%2Fv2%2Fmedia&parent=3768"}],"curies":[{"name":"wp","href":"https:\/\/api.w.org\/{rel}","templated":true}]}}