{"id":3876,"date":"2022-10-02T14:30:04","date_gmt":"2022-10-02T12:30:04","guid":{"rendered":"https:\/\/mering.info\/?page_id=3876"},"modified":"2022-10-03T14:51:56","modified_gmt":"2022-10-03T12:51:56","slug":"zukunftskino","status":"publish","type":"page","link":"https:\/\/mering.info\/?page_id=3876","title":{"rendered":"ZukunftsKino"},"content":{"rendered":"\t\t<div data-elementor-type=\"wp-page\" data-elementor-id=\"3876\" class=\"elementor elementor-3876\">\n\t\t\t\t\t\t<section class=\"elementor-section elementor-top-section elementor-element elementor-element-a97085f elementor-section-boxed elementor-section-height-default elementor-section-height-default\" data-id=\"a97085f\" data-element_type=\"section\" data-e-type=\"section\">\n\t\t\t\t\t\t<div class=\"elementor-container elementor-column-gap-default\">\n\t\t\t\t\t<div class=\"elementor-column elementor-col-100 elementor-top-column elementor-element elementor-element-5fbdd0f\" data-id=\"5fbdd0f\" data-element_type=\"column\" data-e-type=\"column\">\n\t\t\t<div class=\"elementor-widget-wrap elementor-element-populated\">\n\t\t\t\t\t\t<div class=\"elementor-element elementor-element-7b25518 elementor-widget elementor-widget-text-editor\" data-id=\"7b25518\" data-element_type=\"widget\" data-e-type=\"widget\" data-widget_type=\"text-editor.default\">\n\t\t\t\t<div class=\"elementor-widget-container\">\n\t\t\t\t\t\t\t\t\t<p>Unser ZukunftsKino findet seit 2016 etwa zweimal j\u00e4hrlich statt. Es hat sich inzwischen zu einer festen Gr\u00f6\u00dfe im Bereich der Information und des Kulturlebens entwickelt.<\/p><p>Die Filme handeln von aktuellen Problemen unserer Zeit, wie die Verschmutzung der Meere, Bodenversiegelung oder Insektensterben. Aber wir zeigen auch Filme, die viel Positives zeigen und zum Nachahmen anregen, beispielsweise \u00fcber gesunde B\u00f6den in der Landwirtschaft, regionales Wirtschaften, Leben im Einklang mit der Natur, \u201efairer\u201c Umgang mit Geld etc.<\/p><p>Die hochwertigen Filme stammen\u00a0 unter anderem vom Bayerischen Rundfunk, von weltweit agierenden Umweltorganisationen oder von regionalen Filmemachern, aber auch aus einer \u00f6kologischen Filmreihe des international vielfach ausgezeichneten Regisseurs Bertram Verhaag.<\/p><p>Mit den gezeigten Filmen wollen wir die Menschen sensibilisieren und ihnen auch Mut machen. Wichtig sind uns die offenen Diskussionen mit dem Publikum nach den Filmbeitr\u00e4gen sowie die Kurzvortr\u00e4ge der Referenten zum Thema. Es ergeben sich daraus viele wertvolle Gespr\u00e4che und Kontakte.<\/p>\t\t\t\t\t\t\t\t<\/div>\n\t\t\t\t<\/div>\n\t\t\t\t\t<\/div>\n\t\t<\/div>\n\t\t\t\t\t<\/div>\n\t\t<\/section>\n\t\t\t\t<section class=\"elementor-section elementor-top-section elementor-element elementor-element-c590b22 elementor-section-boxed elementor-section-height-default elementor-section-height-default\" data-id=\"c590b22\" data-element_type=\"section\" data-e-type=\"section\">\n\t\t\t\t\t\t<div class=\"elementor-container elementor-column-gap-default\">\n\t\t\t\t\t<div class=\"elementor-column elementor-col-100 elementor-top-column elementor-element elementor-element-60a6a88\" data-id=\"60a6a88\" data-element_type=\"column\" data-e-type=\"column\">\n\t\t\t<div class=\"elementor-widget-wrap elementor-element-populated\">\n\t\t\t\t\t\t<div class=\"elementor-element elementor-element-a704a9f elementor-widget elementor-widget-heading\" data-id=\"a704a9f\" data-element_type=\"widget\" data-e-type=\"widget\" data-widget_type=\"heading.default\">\n\t\t\t\t<div class=\"elementor-widget-container\">\n\t\t\t\t\t<h2 class=\"elementor-heading-title elementor-size-default\">Wir zeigten bereits:<\/h2>\t\t\t\t<\/div>\n\t\t\t\t<\/div>\n\t\t\t\t\t<\/div>\n\t\t<\/div>\n\t\t\t\t\t<\/div>\n\t\t<\/section>\n\t\t\t\t<section class=\"elementor-section elementor-top-section elementor-element elementor-element-a16dd1f elementor-section-boxed elementor-section-height-default elementor-section-height-default\" data-id=\"a16dd1f\" data-element_type=\"section\" data-e-type=\"section\">\n\t\t\t\t\t\t<div class=\"elementor-container elementor-column-gap-default\">\n\t\t\t\t\t<div class=\"elementor-column elementor-col-100 elementor-top-column elementor-element elementor-element-ee0bb35\" data-id=\"ee0bb35\" data-element_type=\"column\" data-e-type=\"column\">\n\t\t\t<div class=\"elementor-widget-wrap elementor-element-populated\">\n\t\t\t\t\t\t<div class=\"elementor-element elementor-element-4c9f267 elementor-widget elementor-widget-text-editor\" data-id=\"4c9f267\" data-element_type=\"widget\" data-e-type=\"widget\" data-widget_type=\"text-editor.default\">\n\t\t\t\t<div class=\"elementor-widget-container\">\n\t\t\t\t\t\t\t\t\t<ul><li><a href=\"\/?p=960\">&#8222;Der Agrar Rebell \u2013 Permakultur in den Salzburger Alpen&#8220;<\/a> (16.11.2016)<\/li><li><a href=\"\/?p=1174\">&#8222;Fluch der Meere \u2013 Plastik&#8220;<\/a> (08.02.2017)<\/li><li><a href=\"\/?p=1995\">&#8222;Der Landh\u00e4ndler&#8220;<\/a> (25.10.2017)<\/li><li><a href=\"\/?p=2160\">&#8222;Bayern, Boden und Beton&#8220;<\/a> (14.03.2018)<\/li><li><a href=\"\/?tribe_events=zukunftskino-der-bauer-mit-den-regenwuermern\">&#8222;Der Bauer mit den Regenw\u00fcrmern&#8220;<\/a> (17.10.2018)<\/li><li><a href=\"\/?p=2542\">&#8222;Bienen in 3D&#8220;<\/a> (30.01.2019)<\/li><li><a href=\"\/?p=2967\">&#8222;Too BIG to tell&#8220;<\/a> (23.10.2019)<\/li><li><a href=\"\/?tribe_events=zukunftskino-mering-wird-fair-fairtrade-town-mering\">&#8222;Mering wird fair! (\u201eFairtrade-Town Mering\u201c)&#8220;<\/a> (23.06.2021)<\/li><\/ul><p>Mit Besucherzahlen zwischen 70 und 150 Personen ist unser ZukunftsKino ein gro\u00dfer Erfolg, der uns best\u00e4rkt, dieses Format weiterzuf\u00fchren.<\/p>\t\t\t\t\t\t\t\t<\/div>\n\t\t\t\t<\/div>\n\t\t\t\t\t<\/div>\n\t\t<\/div>\n\t\t\t\t\t<\/div>\n\t\t<\/section>\n\t\t\t\t<\/div>\n\t\t","protected":false},"excerpt":{"rendered":"<p>Unser ZukunftsKino findet seit 2016 etwa zweimal j\u00e4hrlich statt. Es hat sich inzwischen zu einer festen Gr\u00f6\u00dfe im Bereich der Information und des Kulturlebens entwickelt. Die Filme handeln von aktuellen &hellip; <a href=\"https:\/\/mering.info\/?page_id=3876\" class=\"more-link\"><span class=\"screen-reader-text\">ZukunftsKino<\/span> weiterlesen <span class=\"meta-nav\">&rarr;<\/span><\/a><\/p>\n","protected":false},"author":12,"featured_media":0,"parent":0,"menu_order":0,"comment_status":"closed","ping_status":"closed","template":"","meta":{"jetpack_post_was_ever_published":false,"footnotes":""},"class_list":["post-3876","page","type-page","status-publish","hentry"],"yoast_head":"<!-- This site is optimized with the Yoast SEO plugin v27.5 - https:\/\/yoast.com\/product\/yoast-seo-wordpress\/ -->\n<title>ZukunftsKino - Nachhaltiges Mering<\/title>\n<meta name=\"description\" content=\"Unser ZukunftsKino findet j\u00e4hrlich statt. Es hat sich zu einer festen Gr\u00f6\u00dfe im Bereich der Information und des Kulturlebens entwickelt.\" \/>\n<meta name=\"robots\" content=\"index, follow, max-snippet:-1, max-image-preview:large, max-video-preview:-1\" \/>\n<link rel=\"canonical\" href=\"https:\/\/mering.info\/?page_id=3876\" \/>\n<meta property=\"og:locale\" content=\"de_DE\" \/>\n<meta property=\"og:type\" content=\"article\" \/>\n<meta property=\"og:title\" content=\"ZukunftsKino - Nachhaltiges Mering\" \/>\n<meta property=\"og:description\" content=\"Unser ZukunftsKino findet j\u00e4hrlich statt. Es hat sich zu einer festen Gr\u00f6\u00dfe im Bereich der Information und des Kulturlebens entwickelt.\" \/>\n<meta property=\"og:url\" content=\"https:\/\/mering.info\/?page_id=3876\" \/>\n<meta property=\"og:site_name\" content=\"Nachhaltiges Mering\" \/>\n<meta property=\"article:modified_time\" content=\"2022-10-03T12:51:56+00:00\" \/>\n<meta name=\"twitter:card\" content=\"summary_large_image\" \/>\n<meta name=\"twitter:label1\" content=\"Gesch\u00e4tzte Lesezeit\" \/>\n\t<meta name=\"twitter:data1\" content=\"2\u00a0Minuten\" \/>\n<script type=\"application\/ld+json\" class=\"yoast-schema-graph\">{\"@context\":\"https:\\\/\\\/schema.org\",\"@graph\":[{\"@type\":\"WebPage\",\"@id\":\"https:\\\/\\\/mering.info\\\/?page_id=3876\",\"url\":\"https:\\\/\\\/mering.info\\\/?page_id=3876\",\"name\":\"ZukunftsKino - Nachhaltiges Mering\",\"isPartOf\":{\"@id\":\"https:\\\/\\\/mering.info\\\/#website\"},\"datePublished\":\"2022-10-02T12:30:04+00:00\",\"dateModified\":\"2022-10-03T12:51:56+00:00\",\"description\":\"Unser ZukunftsKino findet j\u00e4hrlich statt. Es hat sich zu einer festen Gr\u00f6\u00dfe im Bereich der Information und des Kulturlebens entwickelt.\",\"breadcrumb\":{\"@id\":\"https:\\\/\\\/mering.info\\\/?page_id=3876#breadcrumb\"},\"inLanguage\":\"de\",\"potentialAction\":[{\"@type\":\"ReadAction\",\"target\":[\"https:\\\/\\\/mering.info\\\/?page_id=3876\"]}]},{\"@type\":\"BreadcrumbList\",\"@id\":\"https:\\\/\\\/mering.info\\\/?page_id=3876#breadcrumb\",\"itemListElement\":[{\"@type\":\"ListItem\",\"position\":1,\"name\":\"Startseite\",\"item\":\"https:\\\/\\\/mering.info\\\/\"},{\"@type\":\"ListItem\",\"position\":2,\"name\":\"ZukunftsKino\"}]},{\"@type\":\"WebSite\",\"@id\":\"https:\\\/\\\/mering.info\\\/#website\",\"url\":\"https:\\\/\\\/mering.info\\\/\",\"name\":\"Nachhaltiges Mering\",\"description\":\"Zukunftsf\u00e4higes Mering\",\"potentialAction\":[{\"@type\":\"SearchAction\",\"target\":{\"@type\":\"EntryPoint\",\"urlTemplate\":\"https:\\\/\\\/mering.info\\\/?s={search_term_string}\"},\"query-input\":{\"@type\":\"PropertyValueSpecification\",\"valueRequired\":true,\"valueName\":\"search_term_string\"}}],\"inLanguage\":\"de\"}]}<\/script>\n<!-- \/ Yoast SEO plugin. -->","yoast_head_json":{"title":"ZukunftsKino - Nachhaltiges Mering","description":"Unser ZukunftsKino findet j\u00e4hrlich statt. Es hat sich zu einer festen Gr\u00f6\u00dfe im Bereich der Information und des Kulturlebens entwickelt.","robots":{"index":"index","follow":"follow","max-snippet":"max-snippet:-1","max-image-preview":"max-image-preview:large","max-video-preview":"max-video-preview:-1"},"canonical":"https:\/\/mering.info\/?page_id=3876","og_locale":"de_DE","og_type":"article","og_title":"ZukunftsKino - Nachhaltiges Mering","og_description":"Unser ZukunftsKino findet j\u00e4hrlich statt. Es hat sich zu einer festen Gr\u00f6\u00dfe im Bereich der Information und des Kulturlebens entwickelt.","og_url":"https:\/\/mering.info\/?page_id=3876","og_site_name":"Nachhaltiges Mering","article_modified_time":"2022-10-03T12:51:56+00:00","twitter_card":"summary_large_image","twitter_misc":{"Gesch\u00e4tzte Lesezeit":"2\u00a0Minuten"},"schema":{"@context":"https:\/\/schema.org","@graph":[{"@type":"WebPage","@id":"https:\/\/mering.info\/?page_id=3876","url":"https:\/\/mering.info\/?page_id=3876","name":"ZukunftsKino - Nachhaltiges Mering","isPartOf":{"@id":"https:\/\/mering.info\/#website"},"datePublished":"2022-10-02T12:30:04+00:00","dateModified":"2022-10-03T12:51:56+00:00","description":"Unser ZukunftsKino findet j\u00e4hrlich statt. Es hat sich zu einer festen Gr\u00f6\u00dfe im Bereich der Information und des Kulturlebens entwickelt.","breadcrumb":{"@id":"https:\/\/mering.info\/?page_id=3876#breadcrumb"},"inLanguage":"de","potentialAction":[{"@type":"ReadAction","target":["https:\/\/mering.info\/?page_id=3876"]}]},{"@type":"BreadcrumbList","@id":"https:\/\/mering.info\/?page_id=3876#breadcrumb","itemListElement":[{"@type":"ListItem","position":1,"name":"Startseite","item":"https:\/\/mering.info\/"},{"@type":"ListItem","position":2,"name":"ZukunftsKino"}]},{"@type":"WebSite","@id":"https:\/\/mering.info\/#website","url":"https:\/\/mering.info\/","name":"Nachhaltiges Mering","description":"Zukunftsf\u00e4higes Mering","potentialAction":[{"@type":"SearchAction","target":{"@type":"EntryPoint","urlTemplate":"https:\/\/mering.info\/?s={search_term_string}"},"query-input":{"@type":"PropertyValueSpecification","valueRequired":true,"valueName":"search_term_string"}}],"inLanguage":"de"}]}},"jetpack_sharing_enabled":true,"_links":{"self":[{"href":"https:\/\/mering.info\/index.php?rest_route=\/wp\/v2\/pages\/3876","targetHints":{"allow":["GET"]}}],"collection":[{"href":"https:\/\/mering.info\/index.php?rest_route=\/wp\/v2\/pages"}],"about":[{"href":"https:\/\/mering.info\/index.php?rest_route=\/wp\/v2\/types\/page"}],"author":[{"embeddable":true,"href":"https:\/\/mering.info\/index.php?rest_route=\/wp\/v2\/users\/12"}],"replies":[{"embeddable":true,"href":"https:\/\/mering.info\/index.php?rest_route=%2Fwp%2Fv2%2Fcomments&post=3876"}],"version-history":[{"count":31,"href":"https:\/\/mering.info\/index.php?rest_route=\/wp\/v2\/pages\/3876\/revisions"}],"predecessor-version":[{"id":5084,"href":"https:\/\/mering.info\/index.php?rest_route=\/wp\/v2\/pages\/3876\/revisions\/5084"}],"wp:attachment":[{"href":"https:\/\/mering.info\/index.php?rest_route=%2Fwp%2Fv2%2Fmedia&parent=3876"}],"curies":[{"name":"wp","href":"https:\/\/api.w.org\/{rel}","templated":true}]}}