{"id":3902,"date":"2022-10-02T14:08:14","date_gmt":"2022-10-02T12:08:14","guid":{"rendered":"https:\/\/mering.info\/?page_id=3902"},"modified":"2022-10-02T15:39:29","modified_gmt":"2022-10-02T13:39:29","slug":"zukunftstour","status":"publish","type":"page","link":"https:\/\/mering.info\/?page_id=3902","title":{"rendered":"ZukunftsTour"},"content":{"rendered":"\t\t<div data-elementor-type=\"wp-page\" data-elementor-id=\"3902\" class=\"elementor elementor-3902\">\n\t\t\t\t\t\t<section class=\"elementor-section elementor-top-section elementor-element elementor-element-2e661a3 elementor-section-boxed elementor-section-height-default elementor-section-height-default\" data-id=\"2e661a3\" data-element_type=\"section\" data-e-type=\"section\">\n\t\t\t\t\t\t<div class=\"elementor-container elementor-column-gap-default\">\n\t\t\t\t\t<div class=\"elementor-column elementor-col-100 elementor-top-column elementor-element elementor-element-8760511\" data-id=\"8760511\" data-element_type=\"column\" data-e-type=\"column\">\n\t\t\t<div class=\"elementor-widget-wrap elementor-element-populated\">\n\t\t\t\t\t\t<div class=\"elementor-element elementor-element-6b5daf4 elementor-widget elementor-widget-text-editor\" data-id=\"6b5daf4\" data-element_type=\"widget\" data-e-type=\"widget\" data-widget_type=\"text-editor.default\">\n\t\t\t\t<div class=\"elementor-widget-container\">\n\t\t\t\t\t\t\t\t\t<p>Bei unserer ZukunftsTour schwingen wir uns aufs Rad und fahren gemeinsam zu spannenden Umwelteinrichtungen in der Region, die mit Nachhaltigkeit zu tun haben. Vor Ort sprechen wir mit deren Besitzern oder lauschen den Vortr\u00e4gen von Experten.<\/p>\t\t\t\t\t\t\t\t<\/div>\n\t\t\t\t<\/div>\n\t\t\t\t\t<\/div>\n\t\t<\/div>\n\t\t\t\t\t<\/div>\n\t\t<\/section>\n\t\t\t\t<section class=\"elementor-section elementor-top-section elementor-element elementor-element-7e4109d elementor-section-boxed elementor-section-height-default elementor-section-height-default\" data-id=\"7e4109d\" data-element_type=\"section\" data-e-type=\"section\">\n\t\t\t\t\t\t<div class=\"elementor-container elementor-column-gap-default\">\n\t\t\t\t\t<div class=\"elementor-column elementor-col-100 elementor-top-column elementor-element elementor-element-5c74053\" data-id=\"5c74053\" data-element_type=\"column\" data-e-type=\"column\">\n\t\t\t<div class=\"elementor-widget-wrap elementor-element-populated\">\n\t\t\t\t\t\t<div class=\"elementor-element elementor-element-f5dc6a3 elementor-widget elementor-widget-heading\" data-id=\"f5dc6a3\" data-element_type=\"widget\" data-e-type=\"widget\" data-widget_type=\"heading.default\">\n\t\t\t\t<div class=\"elementor-widget-container\">\n\t\t\t\t\t<h2 class=\"elementor-heading-title elementor-size-default\">Wir besuchten bereits:<\/h2>\t\t\t\t<\/div>\n\t\t\t\t<\/div>\n\t\t\t\t\t<\/div>\n\t\t<\/div>\n\t\t\t\t\t<\/div>\n\t\t<\/section>\n\t\t\t\t<section class=\"elementor-section elementor-top-section elementor-element elementor-element-a81eba2 elementor-section-boxed elementor-section-height-default elementor-section-height-default\" data-id=\"a81eba2\" data-element_type=\"section\" data-e-type=\"section\">\n\t\t\t\t\t\t<div class=\"elementor-container elementor-column-gap-default\">\n\t\t\t\t\t<div class=\"elementor-column elementor-col-100 elementor-top-column elementor-element elementor-element-4124278\" data-id=\"4124278\" data-element_type=\"column\" data-e-type=\"column\">\n\t\t\t<div class=\"elementor-widget-wrap elementor-element-populated\">\n\t\t\t\t\t\t<div class=\"elementor-element elementor-element-81d81d3 elementor-widget elementor-widget-text-editor\" data-id=\"81d81d3\" data-element_type=\"widget\" data-e-type=\"widget\" data-widget_type=\"text-editor.default\">\n\t\t\t\t<div class=\"elementor-widget-container\">\n\t\t\t\t\t\t\t\t\t<ul><li>die <a href=\"\/?p=2410\">K\u00f6nigsbrunner Heide und das Naturmuseum in K\u00f6nigsbrunn<\/a> (03.10.2018)<\/li><li>die <a href=\"\/?p=3293\">Biogasanlage mit Erlebnisbauernhof in Mering<\/a> (17.10.2020)<\/li><li>die <a href=\"\/?p=3632\">Agri-Photovoltaikanlage in Althegnenberg und im Anschluss ein Bio-H\u00fchner-Legestall in Steinach<\/a> (02.10.2021)<\/li><\/ul><p>Das B\u00fcndnis f\u00fcr Nachhaltigkeit freut sich auch bei diesem Format \u00fcber viel Andrang und f\u00fchrt die ZukunftsTour in regelm\u00e4\u00dfigen Abst\u00e4nden weiter fort.<\/p>\t\t\t\t\t\t\t\t<\/div>\n\t\t\t\t<\/div>\n\t\t\t\t\t<\/div>\n\t\t<\/div>\n\t\t\t\t\t<\/div>\n\t\t<\/section>\n\t\t\t\t<\/div>\n\t\t","protected":false},"excerpt":{"rendered":"<p>Bei unserer ZukunftsTour schwingen wir uns aufs Rad und fahren gemeinsam zu spannenden Umwelteinrichtungen in der Region, die mit Nachhaltigkeit zu tun haben. Vor Ort sprechen wir mit deren Besitzern &hellip; <a href=\"https:\/\/mering.info\/?page_id=3902\" class=\"more-link\"><span class=\"screen-reader-text\">ZukunftsTour<\/span> weiterlesen <span class=\"meta-nav\">&rarr;<\/span><\/a><\/p>\n","protected":false},"author":12,"featured_media":0,"parent":0,"menu_order":0,"comment_status":"closed","ping_status":"closed","template":"","meta":{"jetpack_post_was_ever_published":false,"footnotes":""},"class_list":["post-3902","page","type-page","status-publish","hentry"],"yoast_head":"<!-- This site is optimized with the Yoast SEO plugin v27.5 - https:\/\/yoast.com\/product\/yoast-seo-wordpress\/ -->\n<title>ZukunftsTour - Nachhaltiges Mering<\/title>\n<meta name=\"description\" content=\"Unsere ZukunftsTour f\u00fchrt uns zu spannenden Umwelteinrichtungen in der Region, die mit Nachhaltigkeit zu tun haben.\" \/>\n<meta name=\"robots\" content=\"index, follow, max-snippet:-1, max-image-preview:large, max-video-preview:-1\" \/>\n<link rel=\"canonical\" href=\"https:\/\/mering.info\/?page_id=3902\" \/>\n<meta property=\"og:locale\" content=\"de_DE\" \/>\n<meta property=\"og:type\" content=\"article\" \/>\n<meta property=\"og:title\" content=\"ZukunftsTour - Nachhaltiges Mering\" \/>\n<meta property=\"og:description\" content=\"Unsere ZukunftsTour f\u00fchrt uns zu spannenden Umwelteinrichtungen in der Region, die mit Nachhaltigkeit zu tun haben.\" \/>\n<meta property=\"og:url\" content=\"https:\/\/mering.info\/?page_id=3902\" \/>\n<meta property=\"og:site_name\" content=\"Nachhaltiges Mering\" \/>\n<meta property=\"article:modified_time\" content=\"2022-10-02T13:39:29+00:00\" \/>\n<meta name=\"twitter:card\" content=\"summary_large_image\" \/>\n<meta name=\"twitter:label1\" content=\"Gesch\u00e4tzte Lesezeit\" \/>\n\t<meta name=\"twitter:data1\" content=\"1\u00a0Minute\" \/>\n<script type=\"application\/ld+json\" class=\"yoast-schema-graph\">{\"@context\":\"https:\\\/\\\/schema.org\",\"@graph\":[{\"@type\":\"WebPage\",\"@id\":\"https:\\\/\\\/mering.info\\\/?page_id=3902\",\"url\":\"https:\\\/\\\/mering.info\\\/?page_id=3902\",\"name\":\"ZukunftsTour - Nachhaltiges Mering\",\"isPartOf\":{\"@id\":\"https:\\\/\\\/mering.info\\\/#website\"},\"datePublished\":\"2022-10-02T12:08:14+00:00\",\"dateModified\":\"2022-10-02T13:39:29+00:00\",\"description\":\"Unsere ZukunftsTour f\u00fchrt uns zu spannenden Umwelteinrichtungen in der Region, die mit Nachhaltigkeit zu tun haben.\",\"breadcrumb\":{\"@id\":\"https:\\\/\\\/mering.info\\\/?page_id=3902#breadcrumb\"},\"inLanguage\":\"de\",\"potentialAction\":[{\"@type\":\"ReadAction\",\"target\":[\"https:\\\/\\\/mering.info\\\/?page_id=3902\"]}]},{\"@type\":\"BreadcrumbList\",\"@id\":\"https:\\\/\\\/mering.info\\\/?page_id=3902#breadcrumb\",\"itemListElement\":[{\"@type\":\"ListItem\",\"position\":1,\"name\":\"Startseite\",\"item\":\"https:\\\/\\\/mering.info\\\/\"},{\"@type\":\"ListItem\",\"position\":2,\"name\":\"ZukunftsTour\"}]},{\"@type\":\"WebSite\",\"@id\":\"https:\\\/\\\/mering.info\\\/#website\",\"url\":\"https:\\\/\\\/mering.info\\\/\",\"name\":\"Nachhaltiges Mering\",\"description\":\"Zukunftsf\u00e4higes Mering\",\"potentialAction\":[{\"@type\":\"SearchAction\",\"target\":{\"@type\":\"EntryPoint\",\"urlTemplate\":\"https:\\\/\\\/mering.info\\\/?s={search_term_string}\"},\"query-input\":{\"@type\":\"PropertyValueSpecification\",\"valueRequired\":true,\"valueName\":\"search_term_string\"}}],\"inLanguage\":\"de\"}]}<\/script>\n<!-- \/ Yoast SEO plugin. -->","yoast_head_json":{"title":"ZukunftsTour - Nachhaltiges Mering","description":"Unsere ZukunftsTour f\u00fchrt uns zu spannenden Umwelteinrichtungen in der Region, die mit Nachhaltigkeit zu tun haben.","robots":{"index":"index","follow":"follow","max-snippet":"max-snippet:-1","max-image-preview":"max-image-preview:large","max-video-preview":"max-video-preview:-1"},"canonical":"https:\/\/mering.info\/?page_id=3902","og_locale":"de_DE","og_type":"article","og_title":"ZukunftsTour - Nachhaltiges Mering","og_description":"Unsere ZukunftsTour f\u00fchrt uns zu spannenden Umwelteinrichtungen in der Region, die mit Nachhaltigkeit zu tun haben.","og_url":"https:\/\/mering.info\/?page_id=3902","og_site_name":"Nachhaltiges Mering","article_modified_time":"2022-10-02T13:39:29+00:00","twitter_card":"summary_large_image","twitter_misc":{"Gesch\u00e4tzte Lesezeit":"1\u00a0Minute"},"schema":{"@context":"https:\/\/schema.org","@graph":[{"@type":"WebPage","@id":"https:\/\/mering.info\/?page_id=3902","url":"https:\/\/mering.info\/?page_id=3902","name":"ZukunftsTour - Nachhaltiges Mering","isPartOf":{"@id":"https:\/\/mering.info\/#website"},"datePublished":"2022-10-02T12:08:14+00:00","dateModified":"2022-10-02T13:39:29+00:00","description":"Unsere ZukunftsTour f\u00fchrt uns zu spannenden Umwelteinrichtungen in der Region, die mit Nachhaltigkeit zu tun haben.","breadcrumb":{"@id":"https:\/\/mering.info\/?page_id=3902#breadcrumb"},"inLanguage":"de","potentialAction":[{"@type":"ReadAction","target":["https:\/\/mering.info\/?page_id=3902"]}]},{"@type":"BreadcrumbList","@id":"https:\/\/mering.info\/?page_id=3902#breadcrumb","itemListElement":[{"@type":"ListItem","position":1,"name":"Startseite","item":"https:\/\/mering.info\/"},{"@type":"ListItem","position":2,"name":"ZukunftsTour"}]},{"@type":"WebSite","@id":"https:\/\/mering.info\/#website","url":"https:\/\/mering.info\/","name":"Nachhaltiges Mering","description":"Zukunftsf\u00e4higes Mering","potentialAction":[{"@type":"SearchAction","target":{"@type":"EntryPoint","urlTemplate":"https:\/\/mering.info\/?s={search_term_string}"},"query-input":{"@type":"PropertyValueSpecification","valueRequired":true,"valueName":"search_term_string"}}],"inLanguage":"de"}]}},"jetpack_sharing_enabled":true,"_links":{"self":[{"href":"https:\/\/mering.info\/index.php?rest_route=\/wp\/v2\/pages\/3902","targetHints":{"allow":["GET"]}}],"collection":[{"href":"https:\/\/mering.info\/index.php?rest_route=\/wp\/v2\/pages"}],"about":[{"href":"https:\/\/mering.info\/index.php?rest_route=\/wp\/v2\/types\/page"}],"author":[{"embeddable":true,"href":"https:\/\/mering.info\/index.php?rest_route=\/wp\/v2\/users\/12"}],"replies":[{"embeddable":true,"href":"https:\/\/mering.info\/index.php?rest_route=%2Fwp%2Fv2%2Fcomments&post=3902"}],"version-history":[{"count":31,"href":"https:\/\/mering.info\/index.php?rest_route=\/wp\/v2\/pages\/3902\/revisions"}],"predecessor-version":[{"id":5025,"href":"https:\/\/mering.info\/index.php?rest_route=\/wp\/v2\/pages\/3902\/revisions\/5025"}],"wp:attachment":[{"href":"https:\/\/mering.info\/index.php?rest_route=%2Fwp%2Fv2%2Fmedia&parent=3902"}],"curies":[{"name":"wp","href":"https:\/\/api.w.org\/{rel}","templated":true}]}}