{"id":1196,"date":"2017-02-15T19:19:05","date_gmt":"2017-02-15T18:19:05","guid":{"rendered":"http:\/\/mering.info\/?post_type=tribe_events&#038;p=1196"},"modified":"2017-02-15T19:33:45","modified_gmt":"2017-02-15T18:33:45","slug":"ausstellung-zur-un-dekade-der-biodiversitaet","status":"publish","type":"tribe_events","link":"https:\/\/mering.info\/?tribe_events=ausstellung-zur-un-dekade-der-biodiversitaet","title":{"rendered":"Klick in die Vielfalt &#8211; Ausstellung zur UN-Dekade der Biodiversit\u00e4t"},"content":{"rendered":"<p>Wir leben in einer Zeit, in der sich die biologische Vielfalt unseres Planeten drastisch ver\u00e4ndert. Viele Wissenschaftler sprechen davon, dass wir im Begriff sind ein globales Massenaussterben auszul\u00f6sen, wie es zum letzten Mal beim Aussterben der Dinosaurier und vieler anderen Arten am Ende der Kreidezeit vor 66 Millionen Jahren stattgefunden hat, als mehr als 75% aller Arten in Folge einer globalen Katastrophe (wahrscheinlich Meteoriteneinschlag) verschwanden.<\/p>\n<p><img fetchpriority=\"high\" decoding=\"async\" class=\"alignnone\" title=\"rain forest, forest, australia\" src=\"https:\/\/pixabay.com\/get\/ed37b1082bf51c2ad65a5854e24d4496e773e4c818b5194694f8c27fa7e9_640.jpg\" alt=\"rain forest, forest, australia\" width=\"425\" height=\"640\" \/><\/p>\n<p>Die Wanderausstellung der UN zur Biodiversit\u00e4t kommt nach Mering. Es werden durch die UN pr\u00e4mierte Fotografien ausgestellt und Informationen zur Biodiversit\u00e4t gegeben.<\/p>\n<p><strong>Ausstellungser\u00f6ffnung mit Umtrunk und Live Musik am 23.2.2017 um 20 Uhr in der B\u00fccherei Mering.<\/strong><\/p>\n<p>Die Ausstellung wird anschlie\u00dfend vom 24.2.2017 bis 17.3.2017 in der Meringer B\u00fccherei zu sehen sein.<\/p>\n<table border=\"0\" summary=\"Diese Tabelle zeigt die \u00d6ffnungszeiten der B\u00fccherei Mering. In Spalte 1 werden die Tage genannt, in Spalte zwei die zugeh\u00f6rigen Uhrzeiten.\" cellspacing=\"0\" cellpadding=\"0\">\n<tbody>\n<tr>\n<td abbr=\"Montag und Mittwoch\" scope=\"row\" width=\"45%\"><strong>Mo. &amp; Mi.:<\/strong><\/td>\n<td width=\"55%\">15.00 &#8211; 18.00 Uhr<\/td>\n<\/tr>\n<tr>\n<td abbr=\"Dienstag\" scope=\"row\"><strong>Di.:<\/strong><\/td>\n<td>10.30 &#8211; 13.00 Uhr<\/td>\n<\/tr>\n<tr>\n<td abbr=\"Donnerstag\" scope=\"row\"><strong>Do.:<\/strong><\/td>\n<td>15.00 &#8211; 20.00 Uhr<\/td>\n<\/tr>\n<tr>\n<td abbr=\"Dienstag und Freitag\" scope=\"row\"><strong>Fr.:<\/strong><\/td>\n<td>10.30 &#8211; 18.00 Uhr<\/td>\n<\/tr>\n<\/tbody>\n<\/table>\n<p>Ein Vortrag , der in das Thema einf\u00fchrt wird am 8.3.2017 um 19:30 unter dem Titel &#8222;Ausgestorben &#8211; Das sechste Artensterben&#8220; vom Dipl. Biologen Dr. Wolfhard von Thienen gehalten.<\/p>\n<p>&nbsp;<\/p>\n","protected":false},"excerpt":{"rendered":"<p>Wir leben in einer Zeit, in der sich die biologische Vielfalt unseres Planeten drastisch ver\u00e4ndert. Viele Wissenschaftler sprechen davon, dass wir im Begriff sind ein globales Massenaussterben auszul\u00f6sen, wie es &hellip; <a href=\"https:\/\/mering.info\/?tribe_events=ausstellung-zur-un-dekade-der-biodiversitaet\" class=\"more-link\"><span class=\"screen-reader-text\">Klick in die Vielfalt &#8211; Ausstellung zur UN-Dekade der Biodiversit\u00e4t<\/span> weiterlesen <span class=\"meta-nav\">&rarr;<\/span><\/a><\/p>\n","protected":false},"author":5,"featured_media":0,"template":"","meta":{"jetpack_post_was_ever_published":false,"_tribe_events_status":"","_tribe_events_status_reason":"","footnotes":""},"tags":[91,90],"tribe_events_cat":[83,82],"class_list":["post-1196","tribe_events","type-tribe_events","status-publish","hentry","tag-artensterben","tag-biodiversitaet","tribe_events_cat-ausstellung","tribe_events_cat-vortrag","cat_ausstellung","cat_vortrag"],"yoast_head":"<!-- This site is optimized with the Yoast SEO plugin v27.5 - https:\/\/yoast.com\/product\/yoast-seo-wordpress\/ -->\n<title>Klick in die Vielfalt - Ausstellung zur UN-Dekade der Biodiversit\u00e4t - Nachhaltiges Mering<\/title>\n<meta name=\"robots\" content=\"index, follow, max-snippet:-1, max-image-preview:large, max-video-preview:-1\" \/>\n<link rel=\"canonical\" href=\"https:\/\/mering.info\/?tribe_events=ausstellung-zur-un-dekade-der-biodiversitaet\" \/>\n<meta property=\"og:locale\" content=\"de_DE\" \/>\n<meta property=\"og:type\" content=\"article\" \/>\n<meta property=\"og:title\" content=\"Klick in die Vielfalt - Ausstellung zur UN-Dekade der Biodiversit\u00e4t - Nachhaltiges Mering\" \/>\n<meta property=\"og:description\" content=\"Wir leben in einer Zeit, in der sich die biologische Vielfalt unseres Planeten drastisch ver\u00e4ndert. Viele Wissenschaftler sprechen davon, dass wir im Begriff sind ein globales Massenaussterben auszul\u00f6sen, wie es &hellip; Klick in die Vielfalt &#8211; Ausstellung zur UN-Dekade der Biodiversit\u00e4t weiterlesen &rarr;\" \/>\n<meta property=\"og:url\" content=\"https:\/\/mering.info\/?tribe_events=ausstellung-zur-un-dekade-der-biodiversitaet\" \/>\n<meta property=\"og:site_name\" content=\"Nachhaltiges Mering\" \/>\n<meta property=\"article:modified_time\" content=\"2017-02-15T18:33:45+00:00\" \/>\n<meta property=\"og:image\" content=\"https:\/\/pixabay.com\/get\/ed37b1082bf51c2ad65a5854e24d4496e773e4c818b5194694f8c27fa7e9_640.jpg\" \/>\n<meta name=\"twitter:card\" content=\"summary_large_image\" \/>\n<meta name=\"twitter:label1\" content=\"Gesch\u00e4tzte Lesezeit\" \/>\n\t<meta name=\"twitter:data1\" content=\"1\u00a0Minute\" \/>\n<script type=\"application\/ld+json\" class=\"yoast-schema-graph\">{\"@context\":\"https:\\\/\\\/schema.org\",\"@graph\":[{\"@type\":\"WebPage\",\"@id\":\"https:\\\/\\\/mering.info\\\/?tribe_events=ausstellung-zur-un-dekade-der-biodiversitaet\",\"url\":\"https:\\\/\\\/mering.info\\\/?tribe_events=ausstellung-zur-un-dekade-der-biodiversitaet\",\"name\":\"Klick in die Vielfalt - Ausstellung zur UN-Dekade der Biodiversit\u00e4t - Nachhaltiges Mering\",\"isPartOf\":{\"@id\":\"https:\\\/\\\/mering.info\\\/#website\"},\"primaryImageOfPage\":{\"@id\":\"https:\\\/\\\/mering.info\\\/?tribe_events=ausstellung-zur-un-dekade-der-biodiversitaet#primaryimage\"},\"image\":{\"@id\":\"https:\\\/\\\/mering.info\\\/?tribe_events=ausstellung-zur-un-dekade-der-biodiversitaet#primaryimage\"},\"thumbnailUrl\":\"https:\\\/\\\/pixabay.com\\\/get\\\/ed37b1082bf51c2ad65a5854e24d4496e773e4c818b5194694f8c27fa7e9_640.jpg\",\"datePublished\":\"2017-02-15T18:19:05+00:00\",\"dateModified\":\"2017-02-15T18:33:45+00:00\",\"breadcrumb\":{\"@id\":\"https:\\\/\\\/mering.info\\\/?tribe_events=ausstellung-zur-un-dekade-der-biodiversitaet#breadcrumb\"},\"inLanguage\":\"de\",\"potentialAction\":[{\"@type\":\"ReadAction\",\"target\":[\"https:\\\/\\\/mering.info\\\/?tribe_events=ausstellung-zur-un-dekade-der-biodiversitaet\"]}]},{\"@type\":\"ImageObject\",\"inLanguage\":\"de\",\"@id\":\"https:\\\/\\\/mering.info\\\/?tribe_events=ausstellung-zur-un-dekade-der-biodiversitaet#primaryimage\",\"url\":\"https:\\\/\\\/pixabay.com\\\/get\\\/ed37b1082bf51c2ad65a5854e24d4496e773e4c818b5194694f8c27fa7e9_640.jpg\",\"contentUrl\":\"https:\\\/\\\/pixabay.com\\\/get\\\/ed37b1082bf51c2ad65a5854e24d4496e773e4c818b5194694f8c27fa7e9_640.jpg\"},{\"@type\":\"BreadcrumbList\",\"@id\":\"https:\\\/\\\/mering.info\\\/?tribe_events=ausstellung-zur-un-dekade-der-biodiversitaet#breadcrumb\",\"itemListElement\":[{\"@type\":\"ListItem\",\"position\":1,\"name\":\"Startseite\",\"item\":\"https:\\\/\\\/mering.info\\\/\"},{\"@type\":\"ListItem\",\"position\":2,\"name\":\"Veranstaltungen\",\"item\":\"https:\\\/\\\/mering.info\\\/?post_type=tribe_events\"},{\"@type\":\"ListItem\",\"position\":3,\"name\":\"Klick in die Vielfalt &#8211; Ausstellung zur UN-Dekade der Biodiversit\u00e4t\"}]},{\"@type\":\"WebSite\",\"@id\":\"https:\\\/\\\/mering.info\\\/#website\",\"url\":\"https:\\\/\\\/mering.info\\\/\",\"name\":\"Nachhaltiges Mering\",\"description\":\"Zukunftsf\u00e4higes Mering\",\"potentialAction\":[{\"@type\":\"SearchAction\",\"target\":{\"@type\":\"EntryPoint\",\"urlTemplate\":\"https:\\\/\\\/mering.info\\\/?s={search_term_string}\"},\"query-input\":{\"@type\":\"PropertyValueSpecification\",\"valueRequired\":true,\"valueName\":\"search_term_string\"}}],\"inLanguage\":\"de\"}]}<\/script>\n<!-- \/ Yoast SEO plugin. -->","yoast_head_json":{"title":"Klick in die Vielfalt - Ausstellung zur UN-Dekade der Biodiversit\u00e4t - Nachhaltiges Mering","robots":{"index":"index","follow":"follow","max-snippet":"max-snippet:-1","max-image-preview":"max-image-preview:large","max-video-preview":"max-video-preview:-1"},"canonical":"https:\/\/mering.info\/?tribe_events=ausstellung-zur-un-dekade-der-biodiversitaet","og_locale":"de_DE","og_type":"article","og_title":"Klick in die Vielfalt - Ausstellung zur UN-Dekade der Biodiversit\u00e4t - Nachhaltiges Mering","og_description":"Wir leben in einer Zeit, in der sich die biologische Vielfalt unseres Planeten drastisch ver\u00e4ndert. Viele Wissenschaftler sprechen davon, dass wir im Begriff sind ein globales Massenaussterben auszul\u00f6sen, wie es &hellip; Klick in die Vielfalt &#8211; Ausstellung zur UN-Dekade der Biodiversit\u00e4t weiterlesen &rarr;","og_url":"https:\/\/mering.info\/?tribe_events=ausstellung-zur-un-dekade-der-biodiversitaet","og_site_name":"Nachhaltiges Mering","article_modified_time":"2017-02-15T18:33:45+00:00","og_image":[{"url":"https:\/\/pixabay.com\/get\/ed37b1082bf51c2ad65a5854e24d4496e773e4c818b5194694f8c27fa7e9_640.jpg","type":"","width":"","height":""}],"twitter_card":"summary_large_image","twitter_misc":{"Gesch\u00e4tzte Lesezeit":"1\u00a0Minute"},"schema":{"@context":"https:\/\/schema.org","@graph":[{"@type":"WebPage","@id":"https:\/\/mering.info\/?tribe_events=ausstellung-zur-un-dekade-der-biodiversitaet","url":"https:\/\/mering.info\/?tribe_events=ausstellung-zur-un-dekade-der-biodiversitaet","name":"Klick in die Vielfalt - Ausstellung zur UN-Dekade der Biodiversit\u00e4t - Nachhaltiges Mering","isPartOf":{"@id":"https:\/\/mering.info\/#website"},"primaryImageOfPage":{"@id":"https:\/\/mering.info\/?tribe_events=ausstellung-zur-un-dekade-der-biodiversitaet#primaryimage"},"image":{"@id":"https:\/\/mering.info\/?tribe_events=ausstellung-zur-un-dekade-der-biodiversitaet#primaryimage"},"thumbnailUrl":"https:\/\/pixabay.com\/get\/ed37b1082bf51c2ad65a5854e24d4496e773e4c818b5194694f8c27fa7e9_640.jpg","datePublished":"2017-02-15T18:19:05+00:00","dateModified":"2017-02-15T18:33:45+00:00","breadcrumb":{"@id":"https:\/\/mering.info\/?tribe_events=ausstellung-zur-un-dekade-der-biodiversitaet#breadcrumb"},"inLanguage":"de","potentialAction":[{"@type":"ReadAction","target":["https:\/\/mering.info\/?tribe_events=ausstellung-zur-un-dekade-der-biodiversitaet"]}]},{"@type":"ImageObject","inLanguage":"de","@id":"https:\/\/mering.info\/?tribe_events=ausstellung-zur-un-dekade-der-biodiversitaet#primaryimage","url":"https:\/\/pixabay.com\/get\/ed37b1082bf51c2ad65a5854e24d4496e773e4c818b5194694f8c27fa7e9_640.jpg","contentUrl":"https:\/\/pixabay.com\/get\/ed37b1082bf51c2ad65a5854e24d4496e773e4c818b5194694f8c27fa7e9_640.jpg"},{"@type":"BreadcrumbList","@id":"https:\/\/mering.info\/?tribe_events=ausstellung-zur-un-dekade-der-biodiversitaet#breadcrumb","itemListElement":[{"@type":"ListItem","position":1,"name":"Startseite","item":"https:\/\/mering.info\/"},{"@type":"ListItem","position":2,"name":"Veranstaltungen","item":"https:\/\/mering.info\/?post_type=tribe_events"},{"@type":"ListItem","position":3,"name":"Klick in die Vielfalt &#8211; Ausstellung zur UN-Dekade der Biodiversit\u00e4t"}]},{"@type":"WebSite","@id":"https:\/\/mering.info\/#website","url":"https:\/\/mering.info\/","name":"Nachhaltiges Mering","description":"Zukunftsf\u00e4higes Mering","potentialAction":[{"@type":"SearchAction","target":{"@type":"EntryPoint","urlTemplate":"https:\/\/mering.info\/?s={search_term_string}"},"query-input":{"@type":"PropertyValueSpecification","valueRequired":true,"valueName":"search_term_string"}}],"inLanguage":"de"}]}},"jetpack_sharing_enabled":true,"_links":{"self":[{"href":"https:\/\/mering.info\/index.php?rest_route=\/wp\/v2\/tribe_events\/1196","targetHints":{"allow":["GET"]}}],"collection":[{"href":"https:\/\/mering.info\/index.php?rest_route=\/wp\/v2\/tribe_events"}],"about":[{"href":"https:\/\/mering.info\/index.php?rest_route=\/wp\/v2\/types\/tribe_events"}],"author":[{"embeddable":true,"href":"https:\/\/mering.info\/index.php?rest_route=\/wp\/v2\/users\/5"}],"version-history":[{"count":3,"href":"https:\/\/mering.info\/index.php?rest_route=\/wp\/v2\/tribe_events\/1196\/revisions"}],"predecessor-version":[{"id":1201,"href":"https:\/\/mering.info\/index.php?rest_route=\/wp\/v2\/tribe_events\/1196\/revisions\/1201"}],"wp:attachment":[{"href":"https:\/\/mering.info\/index.php?rest_route=%2Fwp%2Fv2%2Fmedia&parent=1196"}],"wp:term":[{"taxonomy":"post_tag","embeddable":true,"href":"https:\/\/mering.info\/index.php?rest_route=%2Fwp%2Fv2%2Ftags&post=1196"},{"taxonomy":"tribe_events_cat","embeddable":true,"href":"https:\/\/mering.info\/index.php?rest_route=%2Fwp%2Fv2%2Ftribe_events_cat&post=1196"}],"curies":[{"name":"wp","href":"https:\/\/api.w.org\/{rel}","templated":true}]}}

Klick in die Vielfalt &#8211; Ausstellung zur UN-Dekade der Biodiversität

<p>Wir leben in einer Zeit, in der sich die biologische Vielfalt unseres Planeten drastisch verändert. Viele Wissenschaftler sprechen davon, dass wir im Begriff sind ein globales Massenaussterben auszulösen, wie es zum letzten Mal beim Aussterben der Dinosaurier und vieler anderen Arten am Ende der Kreidezeit vor 66 Millionen Jahren stattgefunden hat, als mehr als 75% aller Arten in Folge einer globalen Katastrophe (wahrscheinlich Meteoriteneinschlag) verschwanden.</p>
<p><img fetchpriority="high" decoding="async" class="alignnone" title="rain forest, forest, australia" src="https://pixabay.com/get/ed37b1082bf51c2ad65a5854e24d4496e773e4c818b5194694f8c27fa7e9_640.jpg" alt="rain forest, forest, australia" width="425" height="640" /></p>
<p>Die Wanderausstellung der UN zur Biodiversität kommt nach Mering. Es werden durch die UN prämierte Fotografien ausgestellt und Informationen zur Biodiversität gegeben.</p>
<p><strong>Ausstellungseröffnung mit Umtrunk und Live Musik am 23.2.2017 um 20 Uhr in der Bücherei Mering.</strong></p>
<p>Die Ausstellung wird anschließend vom 24.2.2017 bis 17.3.2017 in der Meringer Bücherei zu sehen sein.</p>
<table border="0" summary="Diese Tabelle zeigt die Öffnungszeiten der Bücherei Mering. In Spalte 1 werden die Tage genannt, in Spalte zwei die zugehörigen Uhrzeiten." cellspacing="0" cellpadding="0">
<tbody>
<tr>
<td abbr="Montag und Mittwoch" scope="row" width="45%"><strong>Mo. &amp; Mi.:</strong></td>
<td width="55%">15.00 &#8211; 18.00 Uhr</td>
</tr>
<tr>
<td abbr="Dienstag" scope="row"><strong>Di.:</strong></td>
<td>10.30 &#8211; 13.00 Uhr</td>
</tr>
<tr>
<td abbr="Donnerstag" scope="row"><strong>Do.:</strong></td>
<td>15.00 &#8211; 20.00 Uhr</td>
</tr>
<tr>
<td abbr="Dienstag und Freitag" scope="row"><strong>Fr.:</strong></td>
<td>10.30 &#8211; 18.00 Uhr</td>
</tr>
</tbody>
</table>
<p>Ein Vortrag , der in das Thema einführt wird am 8.3.2017 um 19:30 unter dem Titel &#8222;Ausgestorben &#8211; Das sechste Artensterben&#8220; vom Dipl. Biologen Dr. Wolfhard von Thienen gehalten.</p>
<p>&nbsp;</p>

<p>Wir leben in einer Zeit, in der sich die biologische Vielfalt unseres Planeten drastisch verändert. Viele Wissenschaftler sprechen davon, dass wir im Begriff sind ein globales Massenaussterben auszulösen, wie es &hellip; <a href="https://mering.info/?tribe_events=ausstellung-zur-un-dekade-der-biodiversitaet" class="more-link"><span class="screen-reader-text">Klick in die Vielfalt &#8211; Ausstellung zur UN-Dekade der Biodiversität</span> weiterlesen <span class="meta-nav">&rarr;</span></a></p>

<!-- This site is optimized with the Yoast SEO plugin v27.5 - https://yoast.com/product/yoast-seo-wordpress/ -->
<title>Klick in die Vielfalt - Ausstellung zur UN-Dekade der Biodiversität - Nachhaltiges Mering</title>
<meta name="robots" content="index, follow, max-snippet:-1, max-image-preview:large, max-video-preview:-1" />
<link rel="canonical" href="https://mering.info/?tribe_events=ausstellung-zur-un-dekade-der-biodiversitaet" />
<meta property="og:locale" content="de_DE" />
<meta property="og:type" content="article" />
<meta property="og:title" content="Klick in die Vielfalt - Ausstellung zur UN-Dekade der Biodiversität - Nachhaltiges Mering" />
<meta property="og:description" content="Wir leben in einer Zeit, in der sich die biologische Vielfalt unseres Planeten drastisch verändert. Viele Wissenschaftler sprechen davon, dass wir im Begriff sind ein globales Massenaussterben auszulösen, wie es &hellip; Klick in die Vielfalt &#8211; Ausstellung zur UN-Dekade der Biodiversität weiterlesen &rarr;" />
<meta property="og:url" content="https://mering.info/?tribe_events=ausstellung-zur-un-dekade-der-biodiversitaet" />
<meta property="og:site_name" content="Nachhaltiges Mering" />
<meta property="article:modified_time" content="2017-02-15T18:33:45+00:00" />
<meta property="og:image" content="https://pixabay.com/get/ed37b1082bf51c2ad65a5854e24d4496e773e4c818b5194694f8c27fa7e9_640.jpg" />
<meta name="twitter:card" content="summary_large_image" />
<meta name="twitter:label1" content="Geschätzte Lesezeit" />
	<meta name="twitter:data1" content="1 Minute" />
<script type="application/ld+json" class="yoast-schema-graph">{"@context":"https:\/\/schema.org","@graph":[{"@type":"WebPage","@id":"https:\/\/mering.info\/?tribe_events=ausstellung-zur-un-dekade-der-biodiversitaet","url":"https:\/\/mering.info\/?tribe_events=ausstellung-zur-un-dekade-der-biodiversitaet","name":"Klick in die Vielfalt - Ausstellung zur UN-Dekade der Biodiversität - Nachhaltiges Mering","isPartOf":{"@id":"https:\/\/mering.info\/#website"},"primaryImageOfPage":{"@id":"https:\/\/mering.info\/?tribe_events=ausstellung-zur-un-dekade-der-biodiversitaet#primaryimage"},"image":{"@id":"https:\/\/mering.info\/?tribe_events=ausstellung-zur-un-dekade-der-biodiversitaet#primaryimage"},"thumbnailUrl":"https:\/\/pixabay.com\/get\/ed37b1082bf51c2ad65a5854e24d4496e773e4c818b5194694f8c27fa7e9_640.jpg","datePublished":"2017-02-15T18:19:05+00:00","dateModified":"2017-02-15T18:33:45+00:00","breadcrumb":{"@id":"https:\/\/mering.info\/?tribe_events=ausstellung-zur-un-dekade-der-biodiversitaet#breadcrumb"},"inLanguage":"de","potentialAction":[{"@type":"ReadAction","target":["https:\/\/mering.info\/?tribe_events=ausstellung-zur-un-dekade-der-biodiversitaet"]}]},{"@type":"ImageObject","inLanguage":"de","@id":"https:\/\/mering.info\/?tribe_events=ausstellung-zur-un-dekade-der-biodiversitaet#primaryimage","url":"https:\/\/pixabay.com\/get\/ed37b1082bf51c2ad65a5854e24d4496e773e4c818b5194694f8c27fa7e9_640.jpg","contentUrl":"https:\/\/pixabay.com\/get\/ed37b1082bf51c2ad65a5854e24d4496e773e4c818b5194694f8c27fa7e9_640.jpg"},{"@type":"BreadcrumbList","@id":"https:\/\/mering.info\/?tribe_events=ausstellung-zur-un-dekade-der-biodiversitaet#breadcrumb","itemListElement":[{"@type":"ListItem","position":1,"name":"Startseite","item":"https:\/\/mering.info\/"},{"@type":"ListItem","position":2,"name":"Veranstaltungen","item":"https:\/\/mering.info\/?post_type=tribe_events"},{"@type":"ListItem","position":3,"name":"Klick in die Vielfalt &#8211; Ausstellung zur UN-Dekade der Biodiversität"}]},{"@type":"WebSite","@id":"https:\/\/mering.info\/#website","url":"https:\/\/mering.info\/","name":"Nachhaltiges Mering","description":"Zukunftsfähiges Mering","potentialAction":[{"@type":"SearchAction","target":{"@type":"EntryPoint","urlTemplate":"https:\/\/mering.info\/?s={search_term_string}"},"query-input":{"@type":"PropertyValueSpecification","valueRequired":true,"valueName":"search_term_string"}}],"inLanguage":"de"}]}</script>
<!-- / Yoast SEO plugin. -->

Klick in die Vielfalt - Ausstellung zur UN-Dekade der Biodiversität - Nachhaltiges Mering

Wir leben in einer Zeit, in der sich die biologische Vielfalt unseres Planeten drastisch verändert. Viele Wissenschaftler sprechen davon, dass wir im Begriff sind ein globales Massenaussterben auszulösen, wie es &hellip; Klick in die Vielfalt &#8211; Ausstellung zur UN-Dekade der Biodiversität weiterlesen &rarr;

Zukunftsfähiges Mering
