{"id":1230,"date":"2017-02-24T22:37:41","date_gmt":"2017-02-24T21:37:41","guid":{"rendered":"http:\/\/mering.info\/?post_type=tribe_events&#038;p=1230"},"modified":"2017-02-24T22:56:13","modified_gmt":"2017-02-24T21:56:13","slug":"gruene-radlflohmarkt","status":"publish","type":"tribe_events","link":"https:\/\/mering.info\/?tribe_events=gruene-radlflohmarkt","title":{"rendered":"Gr\u00fcne: Radlflohmarkt"},"content":{"rendered":"<p>Zu einer nachhaltigen Mobilit\u00e4t geh\u00f6rt das Fahrrad und nat\u00fcrlich auch eine lange Nutzung desselben. Jedes Jahr veranstalten die Gr\u00fcnen in Mering deshalb einen Radlflohmarkt wo Interessierte ein gebrauchtes Rad erwerben oder selber eines verkaufen k\u00f6nnen.<\/p>\n<p>Mehr Information dazu auf der <a href=\"http:\/\/www.gruene-mering.de\/?tribe_events=radlflohmarkt-2\" target=\"_blank\">Webseite der Gr\u00fcnen<\/a>.<\/p>\n","protected":false},"excerpt":{"rendered":"<p>Zu einer nachhaltigen Mobilit\u00e4t geh\u00f6rt das Fahrrad und nat\u00fcrlich auch eine lange Nutzung desselben. Jedes Jahr veranstalten die Gr\u00fcnen in Mering deshalb einen Radlflohmarkt wo Interessierte ein gebrauchtes Rad erwerben &hellip; <a href=\"https:\/\/mering.info\/?tribe_events=gruene-radlflohmarkt\" class=\"more-link\"><span class=\"screen-reader-text\">Gr\u00fcne: Radlflohmarkt<\/span> weiterlesen <span class=\"meta-nav\">&rarr;<\/span><\/a><\/p>\n","protected":false},"author":2,"featured_media":0,"template":"","meta":{"jetpack_post_was_ever_published":false,"_tribe_events_status":"","_tribe_events_status_reason":"","footnotes":""},"tags":[10,16,7,93],"tribe_events_cat":[89],"class_list":["post-1230","tribe_events","type-tribe_events","status-publish","hentry","tag-aktionen","tag-fahrrad","tag-veranstaltung","tag-wiederverwenden","tribe_events_cat-markt","cat_markt"],"yoast_head":"<!-- This site is optimized with the Yoast SEO plugin v27.5 - https:\/\/yoast.com\/product\/yoast-seo-wordpress\/ -->\n<title>Gr\u00fcne: Radlflohmarkt - Nachhaltiges Mering<\/title>\n<meta name=\"robots\" content=\"index, follow, max-snippet:-1, max-image-preview:large, max-video-preview:-1\" \/>\n<link rel=\"canonical\" href=\"https:\/\/mering.info\/?tribe_events=gruene-radlflohmarkt\" \/>\n<meta property=\"og:locale\" content=\"de_DE\" \/>\n<meta property=\"og:type\" content=\"article\" \/>\n<meta property=\"og:title\" content=\"Gr\u00fcne: Radlflohmarkt - Nachhaltiges Mering\" \/>\n<meta property=\"og:description\" content=\"Zu einer nachhaltigen Mobilit\u00e4t geh\u00f6rt das Fahrrad und nat\u00fcrlich auch eine lange Nutzung desselben. Jedes Jahr veranstalten die Gr\u00fcnen in Mering deshalb einen Radlflohmarkt wo Interessierte ein gebrauchtes Rad erwerben &hellip; Gr\u00fcne: Radlflohmarkt weiterlesen &rarr;\" \/>\n<meta property=\"og:url\" content=\"https:\/\/mering.info\/?tribe_events=gruene-radlflohmarkt\" \/>\n<meta property=\"og:site_name\" content=\"Nachhaltiges Mering\" \/>\n<meta property=\"article:modified_time\" content=\"2017-02-24T21:56:13+00:00\" \/>\n<meta name=\"twitter:card\" content=\"summary_large_image\" \/>\n<script type=\"application\/ld+json\" class=\"yoast-schema-graph\">{\"@context\":\"https:\\\/\\\/schema.org\",\"@graph\":[{\"@type\":\"WebPage\",\"@id\":\"https:\\\/\\\/mering.info\\\/?tribe_events=gruene-radlflohmarkt\",\"url\":\"https:\\\/\\\/mering.info\\\/?tribe_events=gruene-radlflohmarkt\",\"name\":\"Gr\u00fcne: Radlflohmarkt - Nachhaltiges Mering\",\"isPartOf\":{\"@id\":\"https:\\\/\\\/mering.info\\\/#website\"},\"datePublished\":\"2017-02-24T21:37:41+00:00\",\"dateModified\":\"2017-02-24T21:56:13+00:00\",\"breadcrumb\":{\"@id\":\"https:\\\/\\\/mering.info\\\/?tribe_events=gruene-radlflohmarkt#breadcrumb\"},\"inLanguage\":\"de\",\"potentialAction\":[{\"@type\":\"ReadAction\",\"target\":[\"https:\\\/\\\/mering.info\\\/?tribe_events=gruene-radlflohmarkt\"]}]},{\"@type\":\"BreadcrumbList\",\"@id\":\"https:\\\/\\\/mering.info\\\/?tribe_events=gruene-radlflohmarkt#breadcrumb\",\"itemListElement\":[{\"@type\":\"ListItem\",\"position\":1,\"name\":\"Startseite\",\"item\":\"https:\\\/\\\/mering.info\\\/\"},{\"@type\":\"ListItem\",\"position\":2,\"name\":\"Veranstaltungen\",\"item\":\"https:\\\/\\\/mering.info\\\/?post_type=tribe_events\"},{\"@type\":\"ListItem\",\"position\":3,\"name\":\"Gr\u00fcne: Radlflohmarkt\"}]},{\"@type\":\"WebSite\",\"@id\":\"https:\\\/\\\/mering.info\\\/#website\",\"url\":\"https:\\\/\\\/mering.info\\\/\",\"name\":\"Nachhaltiges Mering\",\"description\":\"Zukunftsf\u00e4higes Mering\",\"potentialAction\":[{\"@type\":\"SearchAction\",\"target\":{\"@type\":\"EntryPoint\",\"urlTemplate\":\"https:\\\/\\\/mering.info\\\/?s={search_term_string}\"},\"query-input\":{\"@type\":\"PropertyValueSpecification\",\"valueRequired\":true,\"valueName\":\"search_term_string\"}}],\"inLanguage\":\"de\"}]}<\/script>\n<!-- \/ Yoast SEO plugin. -->","yoast_head_json":{"title":"Gr\u00fcne: Radlflohmarkt - Nachhaltiges Mering","robots":{"index":"index","follow":"follow","max-snippet":"max-snippet:-1","max-image-preview":"max-image-preview:large","max-video-preview":"max-video-preview:-1"},"canonical":"https:\/\/mering.info\/?tribe_events=gruene-radlflohmarkt","og_locale":"de_DE","og_type":"article","og_title":"Gr\u00fcne: Radlflohmarkt - Nachhaltiges Mering","og_description":"Zu einer nachhaltigen Mobilit\u00e4t geh\u00f6rt das Fahrrad und nat\u00fcrlich auch eine lange Nutzung desselben. Jedes Jahr veranstalten die Gr\u00fcnen in Mering deshalb einen Radlflohmarkt wo Interessierte ein gebrauchtes Rad erwerben &hellip; Gr\u00fcne: Radlflohmarkt weiterlesen &rarr;","og_url":"https:\/\/mering.info\/?tribe_events=gruene-radlflohmarkt","og_site_name":"Nachhaltiges Mering","article_modified_time":"2017-02-24T21:56:13+00:00","twitter_card":"summary_large_image","schema":{"@context":"https:\/\/schema.org","@graph":[{"@type":"WebPage","@id":"https:\/\/mering.info\/?tribe_events=gruene-radlflohmarkt","url":"https:\/\/mering.info\/?tribe_events=gruene-radlflohmarkt","name":"Gr\u00fcne: Radlflohmarkt - Nachhaltiges Mering","isPartOf":{"@id":"https:\/\/mering.info\/#website"},"datePublished":"2017-02-24T21:37:41+00:00","dateModified":"2017-02-24T21:56:13+00:00","breadcrumb":{"@id":"https:\/\/mering.info\/?tribe_events=gruene-radlflohmarkt#breadcrumb"},"inLanguage":"de","potentialAction":[{"@type":"ReadAction","target":["https:\/\/mering.info\/?tribe_events=gruene-radlflohmarkt"]}]},{"@type":"BreadcrumbList","@id":"https:\/\/mering.info\/?tribe_events=gruene-radlflohmarkt#breadcrumb","itemListElement":[{"@type":"ListItem","position":1,"name":"Startseite","item":"https:\/\/mering.info\/"},{"@type":"ListItem","position":2,"name":"Veranstaltungen","item":"https:\/\/mering.info\/?post_type=tribe_events"},{"@type":"ListItem","position":3,"name":"Gr\u00fcne: Radlflohmarkt"}]},{"@type":"WebSite","@id":"https:\/\/mering.info\/#website","url":"https:\/\/mering.info\/","name":"Nachhaltiges Mering","description":"Zukunftsf\u00e4higes Mering","potentialAction":[{"@type":"SearchAction","target":{"@type":"EntryPoint","urlTemplate":"https:\/\/mering.info\/?s={search_term_string}"},"query-input":{"@type":"PropertyValueSpecification","valueRequired":true,"valueName":"search_term_string"}}],"inLanguage":"de"}]}},"jetpack_sharing_enabled":true,"_links":{"self":[{"href":"https:\/\/mering.info\/index.php?rest_route=\/wp\/v2\/tribe_events\/1230","targetHints":{"allow":["GET"]}}],"collection":[{"href":"https:\/\/mering.info\/index.php?rest_route=\/wp\/v2\/tribe_events"}],"about":[{"href":"https:\/\/mering.info\/index.php?rest_route=\/wp\/v2\/types\/tribe_events"}],"author":[{"embeddable":true,"href":"https:\/\/mering.info\/index.php?rest_route=\/wp\/v2\/users\/2"}],"version-history":[{"count":2,"href":"https:\/\/mering.info\/index.php?rest_route=\/wp\/v2\/tribe_events\/1230\/revisions"}],"predecessor-version":[{"id":1237,"href":"https:\/\/mering.info\/index.php?rest_route=\/wp\/v2\/tribe_events\/1230\/revisions\/1237"}],"wp:attachment":[{"href":"https:\/\/mering.info\/index.php?rest_route=%2Fwp%2Fv2%2Fmedia&parent=1230"}],"wp:term":[{"taxonomy":"post_tag","embeddable":true,"href":"https:\/\/mering.info\/index.php?rest_route=%2Fwp%2Fv2%2Ftags&post=1230"},{"taxonomy":"tribe_events_cat","embeddable":true,"href":"https:\/\/mering.info\/index.php?rest_route=%2Fwp%2Fv2%2Ftribe_events_cat&post=1230"}],"curies":[{"name":"wp","href":"https:\/\/api.w.org\/{rel}","templated":true}]}}

Grüne: Radlflohmarkt

<p>Zu einer nachhaltigen Mobilität gehört das Fahrrad und natürlich auch eine lange Nutzung desselben. Jedes Jahr veranstalten die Grünen in Mering deshalb einen Radlflohmarkt wo Interessierte ein gebrauchtes Rad erwerben oder selber eines verkaufen können.</p>
<p>Mehr Information dazu auf der <a href="http://www.gruene-mering.de/?tribe_events=radlflohmarkt-2" target="_blank">Webseite der Grünen</a>.</p>

<p>Zu einer nachhaltigen Mobilität gehört das Fahrrad und natürlich auch eine lange Nutzung desselben. Jedes Jahr veranstalten die Grünen in Mering deshalb einen Radlflohmarkt wo Interessierte ein gebrauchtes Rad erwerben &hellip; <a href="https://mering.info/?tribe_events=gruene-radlflohmarkt" class="more-link"><span class="screen-reader-text">Grüne: Radlflohmarkt</span> weiterlesen <span class="meta-nav">&rarr;</span></a></p>

<!-- This site is optimized with the Yoast SEO plugin v27.5 - https://yoast.com/product/yoast-seo-wordpress/ -->
<title>Grüne: Radlflohmarkt - Nachhaltiges Mering</title>
<meta name="robots" content="index, follow, max-snippet:-1, max-image-preview:large, max-video-preview:-1" />
<link rel="canonical" href="https://mering.info/?tribe_events=gruene-radlflohmarkt" />
<meta property="og:locale" content="de_DE" />
<meta property="og:type" content="article" />
<meta property="og:title" content="Grüne: Radlflohmarkt - Nachhaltiges Mering" />
<meta property="og:description" content="Zu einer nachhaltigen Mobilität gehört das Fahrrad und natürlich auch eine lange Nutzung desselben. Jedes Jahr veranstalten die Grünen in Mering deshalb einen Radlflohmarkt wo Interessierte ein gebrauchtes Rad erwerben &hellip; Grüne: Radlflohmarkt weiterlesen &rarr;" />
<meta property="og:url" content="https://mering.info/?tribe_events=gruene-radlflohmarkt" />
<meta property="og:site_name" content="Nachhaltiges Mering" />
<meta property="article:modified_time" content="2017-02-24T21:56:13+00:00" />
<meta name="twitter:card" content="summary_large_image" />
<script type="application/ld+json" class="yoast-schema-graph">{"@context":"https:\/\/schema.org","@graph":[{"@type":"WebPage","@id":"https:\/\/mering.info\/?tribe_events=gruene-radlflohmarkt","url":"https:\/\/mering.info\/?tribe_events=gruene-radlflohmarkt","name":"Grüne: Radlflohmarkt - Nachhaltiges Mering","isPartOf":{"@id":"https:\/\/mering.info\/#website"},"datePublished":"2017-02-24T21:37:41+00:00","dateModified":"2017-02-24T21:56:13+00:00","breadcrumb":{"@id":"https:\/\/mering.info\/?tribe_events=gruene-radlflohmarkt#breadcrumb"},"inLanguage":"de","potentialAction":[{"@type":"ReadAction","target":["https:\/\/mering.info\/?tribe_events=gruene-radlflohmarkt"]}]},{"@type":"BreadcrumbList","@id":"https:\/\/mering.info\/?tribe_events=gruene-radlflohmarkt#breadcrumb","itemListElement":[{"@type":"ListItem","position":1,"name":"Startseite","item":"https:\/\/mering.info\/"},{"@type":"ListItem","position":2,"name":"Veranstaltungen","item":"https:\/\/mering.info\/?post_type=tribe_events"},{"@type":"ListItem","position":3,"name":"Grüne: Radlflohmarkt"}]},{"@type":"WebSite","@id":"https:\/\/mering.info\/#website","url":"https:\/\/mering.info\/","name":"Nachhaltiges Mering","description":"Zukunftsfähiges Mering","potentialAction":[{"@type":"SearchAction","target":{"@type":"EntryPoint","urlTemplate":"https:\/\/mering.info\/?s={search_term_string}"},"query-input":{"@type":"PropertyValueSpecification","valueRequired":true,"valueName":"search_term_string"}}],"inLanguage":"de"}]}</script>
<!-- / Yoast SEO plugin. -->

Grüne: Radlflohmarkt - Nachhaltiges Mering

Zu einer nachhaltigen Mobilität gehört das Fahrrad und natürlich auch eine lange Nutzung desselben. Jedes Jahr veranstalten die Grünen in Mering deshalb einen Radlflohmarkt wo Interessierte ein gebrauchtes Rad erwerben &hellip; Grüne: Radlflohmarkt weiterlesen &rarr;

Zukunftsfähiges Mering
