{"id":2424,"date":"2018-10-30T16:14:05","date_gmt":"2018-10-30T15:14:05","guid":{"rendered":"http:\/\/mering.info\/?post_type=tribe_events&#038;p=2424"},"modified":"2018-10-30T16:18:55","modified_gmt":"2018-10-30T15:18:55","slug":"lra-europaeische-woche-der-abfallvermeidung","status":"publish","type":"tribe_events","link":"https:\/\/mering.info\/?tribe_events=lra-europaeische-woche-der-abfallvermeidung","title":{"rendered":"LRA: Europ\u00e4ische Woche der Abfallvermeidung"},"content":{"rendered":"<p>Die Kommunale Abfallwirtschaft des Landkreises Aichach-Friedberg beteiligt sich dieses Jahr erstmalig an der <strong>Europ\u00e4ischen Woche der Abfallvermeidung<\/strong> vom 19.-25. November 2018.<\/p>\n<p>Es wurde ein <strong>breites Programm rund um das Thema \u201eBewusst konsumieren und richtig entsorgen\u201c<\/strong> f\u00fcr B\u00fcrgerinnen und B\u00fcrger zusammengestellt. Mit einem <strong>Bildungsprojekt<\/strong> geht das LRA in zwei Schulen. Es wurden zwei <strong>Vortr\u00e4ge<\/strong> organisiert und an zwei Terminen wird\u00a0<strong> zu Plastikalternativen beraten<\/strong>, einmal im Landratsamt Aichach und einmal auf dem Wochenmarkt in Friedberg. Au\u00dferdem kann das <strong>Repair Cafe<\/strong> besucht werden, ein Film im\u00a0 <strong>Kino<\/strong> angeschaut oder die <strong>Ausstellung \u201eObsoleszenz \u2013 geplanter Verschlei\u00df\u201c<\/strong> im Eingangsbereich des Landratsamtes Aichach-Friedberg besichtigt werden.<\/p>\n<p><strong>Nutzen Sie die Gelegenheit und informieren Sie sich.<\/strong> Zu allen Veranstaltungen l\u00e4dt das Landratsamt herzlich ein. Lassen Sie sich motivieren, f\u00fcr die vielen M\u00f6glichkeiten, die jede und jeder Einzelne hat, Abf\u00e4lle zu vermeiden und bewusster zu konsumieren.<\/p>\n<p><strong>Das bunte Programm mit mehr Information finden Sie im\u00a0 <a href=\"https:\/\/mering.info\/wp-content\/uploads\/2018\/10\/Flyer-EWAV.pdf\">Flyer<\/a>.<\/strong><\/p>\n","protected":false},"excerpt":{"rendered":"<p>Die Kommunale Abfallwirtschaft des Landkreises Aichach-Friedberg beteiligt sich dieses Jahr erstmalig an der Europ\u00e4ischen Woche der Abfallvermeidung vom 19.-25. November 2018. Es wurde ein breites Programm rund um das Thema &hellip; <a href=\"https:\/\/mering.info\/?tribe_events=lra-europaeische-woche-der-abfallvermeidung\" class=\"more-link\"><span class=\"screen-reader-text\">LRA: Europ\u00e4ische Woche der Abfallvermeidung<\/span> weiterlesen <span class=\"meta-nav\">&rarr;<\/span><\/a><\/p>\n","protected":false},"author":2,"featured_media":0,"template":"","meta":{"jetpack_post_was_ever_published":false,"_tribe_events_status":"","_tribe_events_status_reason":"","footnotes":""},"tags":[],"tribe_events_cat":[83,87,94,82],"class_list":["post-2424","tribe_events","type-tribe_events","status-publish","hentry","tribe_events_cat-ausstellung","tribe_events_cat-film","tribe_events_cat-information","tribe_events_cat-vortrag","cat_ausstellung","cat_film","cat_information","cat_vortrag"],"yoast_head":"<!-- This site is optimized with the Yoast SEO plugin v27.5 - https:\/\/yoast.com\/product\/yoast-seo-wordpress\/ -->\n<title>LRA: Europ\u00e4ische Woche der Abfallvermeidung - Nachhaltiges Mering<\/title>\n<meta name=\"robots\" content=\"index, follow, max-snippet:-1, max-image-preview:large, max-video-preview:-1\" \/>\n<link rel=\"canonical\" href=\"https:\/\/mering.info\/?tribe_events=lra-europaeische-woche-der-abfallvermeidung\" \/>\n<meta property=\"og:locale\" content=\"de_DE\" \/>\n<meta property=\"og:type\" content=\"article\" \/>\n<meta property=\"og:title\" content=\"LRA: Europ\u00e4ische Woche der Abfallvermeidung - Nachhaltiges Mering\" \/>\n<meta property=\"og:description\" content=\"Die Kommunale Abfallwirtschaft des Landkreises Aichach-Friedberg beteiligt sich dieses Jahr erstmalig an der Europ\u00e4ischen Woche der Abfallvermeidung vom 19.-25. November 2018. Es wurde ein breites Programm rund um das Thema &hellip; LRA: Europ\u00e4ische Woche der Abfallvermeidung weiterlesen &rarr;\" \/>\n<meta property=\"og:url\" content=\"https:\/\/mering.info\/?tribe_events=lra-europaeische-woche-der-abfallvermeidung\" \/>\n<meta property=\"og:site_name\" content=\"Nachhaltiges Mering\" \/>\n<meta property=\"article:modified_time\" content=\"2018-10-30T15:18:55+00:00\" \/>\n<meta name=\"twitter:card\" content=\"summary_large_image\" \/>\n<meta name=\"twitter:label1\" content=\"Gesch\u00e4tzte Lesezeit\" \/>\n\t<meta name=\"twitter:data1\" content=\"1\u00a0Minute\" \/>\n<script type=\"application\/ld+json\" class=\"yoast-schema-graph\">{\"@context\":\"https:\\\/\\\/schema.org\",\"@graph\":[{\"@type\":\"WebPage\",\"@id\":\"https:\\\/\\\/mering.info\\\/?tribe_events=lra-europaeische-woche-der-abfallvermeidung\",\"url\":\"https:\\\/\\\/mering.info\\\/?tribe_events=lra-europaeische-woche-der-abfallvermeidung\",\"name\":\"LRA: Europ\u00e4ische Woche der Abfallvermeidung - Nachhaltiges Mering\",\"isPartOf\":{\"@id\":\"https:\\\/\\\/mering.info\\\/#website\"},\"datePublished\":\"2018-10-30T15:14:05+00:00\",\"dateModified\":\"2018-10-30T15:18:55+00:00\",\"breadcrumb\":{\"@id\":\"https:\\\/\\\/mering.info\\\/?tribe_events=lra-europaeische-woche-der-abfallvermeidung#breadcrumb\"},\"inLanguage\":\"de\",\"potentialAction\":[{\"@type\":\"ReadAction\",\"target\":[\"https:\\\/\\\/mering.info\\\/?tribe_events=lra-europaeische-woche-der-abfallvermeidung\"]}]},{\"@type\":\"BreadcrumbList\",\"@id\":\"https:\\\/\\\/mering.info\\\/?tribe_events=lra-europaeische-woche-der-abfallvermeidung#breadcrumb\",\"itemListElement\":[{\"@type\":\"ListItem\",\"position\":1,\"name\":\"Startseite\",\"item\":\"https:\\\/\\\/mering.info\\\/\"},{\"@type\":\"ListItem\",\"position\":2,\"name\":\"Veranstaltungen\",\"item\":\"https:\\\/\\\/mering.info\\\/?post_type=tribe_events\"},{\"@type\":\"ListItem\",\"position\":3,\"name\":\"LRA: Europ\u00e4ische Woche der Abfallvermeidung\"}]},{\"@type\":\"WebSite\",\"@id\":\"https:\\\/\\\/mering.info\\\/#website\",\"url\":\"https:\\\/\\\/mering.info\\\/\",\"name\":\"Nachhaltiges Mering\",\"description\":\"Zukunftsf\u00e4higes Mering\",\"potentialAction\":[{\"@type\":\"SearchAction\",\"target\":{\"@type\":\"EntryPoint\",\"urlTemplate\":\"https:\\\/\\\/mering.info\\\/?s={search_term_string}\"},\"query-input\":{\"@type\":\"PropertyValueSpecification\",\"valueRequired\":true,\"valueName\":\"search_term_string\"}}],\"inLanguage\":\"de\"}]}<\/script>\n<!-- \/ Yoast SEO plugin. -->","yoast_head_json":{"title":"LRA: Europ\u00e4ische Woche der Abfallvermeidung - Nachhaltiges Mering","robots":{"index":"index","follow":"follow","max-snippet":"max-snippet:-1","max-image-preview":"max-image-preview:large","max-video-preview":"max-video-preview:-1"},"canonical":"https:\/\/mering.info\/?tribe_events=lra-europaeische-woche-der-abfallvermeidung","og_locale":"de_DE","og_type":"article","og_title":"LRA: Europ\u00e4ische Woche der Abfallvermeidung - Nachhaltiges Mering","og_description":"Die Kommunale Abfallwirtschaft des Landkreises Aichach-Friedberg beteiligt sich dieses Jahr erstmalig an der Europ\u00e4ischen Woche der Abfallvermeidung vom 19.-25. November 2018. Es wurde ein breites Programm rund um das Thema &hellip; LRA: Europ\u00e4ische Woche der Abfallvermeidung weiterlesen &rarr;","og_url":"https:\/\/mering.info\/?tribe_events=lra-europaeische-woche-der-abfallvermeidung","og_site_name":"Nachhaltiges Mering","article_modified_time":"2018-10-30T15:18:55+00:00","twitter_card":"summary_large_image","twitter_misc":{"Gesch\u00e4tzte Lesezeit":"1\u00a0Minute"},"schema":{"@context":"https:\/\/schema.org","@graph":[{"@type":"WebPage","@id":"https:\/\/mering.info\/?tribe_events=lra-europaeische-woche-der-abfallvermeidung","url":"https:\/\/mering.info\/?tribe_events=lra-europaeische-woche-der-abfallvermeidung","name":"LRA: Europ\u00e4ische Woche der Abfallvermeidung - Nachhaltiges Mering","isPartOf":{"@id":"https:\/\/mering.info\/#website"},"datePublished":"2018-10-30T15:14:05+00:00","dateModified":"2018-10-30T15:18:55+00:00","breadcrumb":{"@id":"https:\/\/mering.info\/?tribe_events=lra-europaeische-woche-der-abfallvermeidung#breadcrumb"},"inLanguage":"de","potentialAction":[{"@type":"ReadAction","target":["https:\/\/mering.info\/?tribe_events=lra-europaeische-woche-der-abfallvermeidung"]}]},{"@type":"BreadcrumbList","@id":"https:\/\/mering.info\/?tribe_events=lra-europaeische-woche-der-abfallvermeidung#breadcrumb","itemListElement":[{"@type":"ListItem","position":1,"name":"Startseite","item":"https:\/\/mering.info\/"},{"@type":"ListItem","position":2,"name":"Veranstaltungen","item":"https:\/\/mering.info\/?post_type=tribe_events"},{"@type":"ListItem","position":3,"name":"LRA: Europ\u00e4ische Woche der Abfallvermeidung"}]},{"@type":"WebSite","@id":"https:\/\/mering.info\/#website","url":"https:\/\/mering.info\/","name":"Nachhaltiges Mering","description":"Zukunftsf\u00e4higes Mering","potentialAction":[{"@type":"SearchAction","target":{"@type":"EntryPoint","urlTemplate":"https:\/\/mering.info\/?s={search_term_string}"},"query-input":{"@type":"PropertyValueSpecification","valueRequired":true,"valueName":"search_term_string"}}],"inLanguage":"de"}]}},"jetpack_sharing_enabled":true,"_links":{"self":[{"href":"https:\/\/mering.info\/index.php?rest_route=\/wp\/v2\/tribe_events\/2424","targetHints":{"allow":["GET"]}}],"collection":[{"href":"https:\/\/mering.info\/index.php?rest_route=\/wp\/v2\/tribe_events"}],"about":[{"href":"https:\/\/mering.info\/index.php?rest_route=\/wp\/v2\/types\/tribe_events"}],"author":[{"embeddable":true,"href":"https:\/\/mering.info\/index.php?rest_route=\/wp\/v2\/users\/2"}],"version-history":[{"count":4,"href":"https:\/\/mering.info\/index.php?rest_route=\/wp\/v2\/tribe_events\/2424\/revisions"}],"predecessor-version":[{"id":2431,"href":"https:\/\/mering.info\/index.php?rest_route=\/wp\/v2\/tribe_events\/2424\/revisions\/2431"}],"wp:attachment":[{"href":"https:\/\/mering.info\/index.php?rest_route=%2Fwp%2Fv2%2Fmedia&parent=2424"}],"wp:term":[{"taxonomy":"post_tag","embeddable":true,"href":"https:\/\/mering.info\/index.php?rest_route=%2Fwp%2Fv2%2Ftags&post=2424"},{"taxonomy":"tribe_events_cat","embeddable":true,"href":"https:\/\/mering.info\/index.php?rest_route=%2Fwp%2Fv2%2Ftribe_events_cat&post=2424"}],"curies":[{"name":"wp","href":"https:\/\/api.w.org\/{rel}","templated":true}]}}

LRA: Europäische Woche der Abfallvermeidung

<p>Die Kommunale Abfallwirtschaft des Landkreises Aichach-Friedberg beteiligt sich dieses Jahr erstmalig an der <strong>Europäischen Woche der Abfallvermeidung</strong> vom 19.-25. November 2018.</p>
<p>Es wurde ein <strong>breites Programm rund um das Thema „Bewusst konsumieren und richtig entsorgen“</strong> für Bürgerinnen und Bürger zusammengestellt. Mit einem <strong>Bildungsprojekt</strong> geht das LRA in zwei Schulen. Es wurden zwei <strong>Vorträge</strong> organisiert und an zwei Terminen wird <strong> zu Plastikalternativen beraten</strong>, einmal im Landratsamt Aichach und einmal auf dem Wochenmarkt in Friedberg. Außerdem kann das <strong>Repair Cafe</strong> besucht werden, ein Film im  <strong>Kino</strong> angeschaut oder die <strong>Ausstellung „Obsoleszenz – geplanter Verschleiß“</strong> im Eingangsbereich des Landratsamtes Aichach-Friedberg besichtigt werden.</p>
<p><strong>Nutzen Sie die Gelegenheit und informieren Sie sich.</strong> Zu allen Veranstaltungen lädt das Landratsamt herzlich ein. Lassen Sie sich motivieren, für die vielen Möglichkeiten, die jede und jeder Einzelne hat, Abfälle zu vermeiden und bewusster zu konsumieren.</p>
<p><strong>Das bunte Programm mit mehr Information finden Sie im  <a href="https://mering.info/wp-content/uploads/2018/10/Flyer-EWAV.pdf">Flyer</a>.</strong></p>

<p>Die Kommunale Abfallwirtschaft des Landkreises Aichach-Friedberg beteiligt sich dieses Jahr erstmalig an der Europäischen Woche der Abfallvermeidung vom 19.-25. November 2018. Es wurde ein breites Programm rund um das Thema &hellip; <a href="https://mering.info/?tribe_events=lra-europaeische-woche-der-abfallvermeidung" class="more-link"><span class="screen-reader-text">LRA: Europäische Woche der Abfallvermeidung</span> weiterlesen <span class="meta-nav">&rarr;</span></a></p>

<!-- This site is optimized with the Yoast SEO plugin v27.5 - https://yoast.com/product/yoast-seo-wordpress/ -->
<title>LRA: Europäische Woche der Abfallvermeidung - Nachhaltiges Mering</title>
<meta name="robots" content="index, follow, max-snippet:-1, max-image-preview:large, max-video-preview:-1" />
<link rel="canonical" href="https://mering.info/?tribe_events=lra-europaeische-woche-der-abfallvermeidung" />
<meta property="og:locale" content="de_DE" />
<meta property="og:type" content="article" />
<meta property="og:title" content="LRA: Europäische Woche der Abfallvermeidung - Nachhaltiges Mering" />
<meta property="og:description" content="Die Kommunale Abfallwirtschaft des Landkreises Aichach-Friedberg beteiligt sich dieses Jahr erstmalig an der Europäischen Woche der Abfallvermeidung vom 19.-25. November 2018. Es wurde ein breites Programm rund um das Thema &hellip; LRA: Europäische Woche der Abfallvermeidung weiterlesen &rarr;" />
<meta property="og:url" content="https://mering.info/?tribe_events=lra-europaeische-woche-der-abfallvermeidung" />
<meta property="og:site_name" content="Nachhaltiges Mering" />
<meta property="article:modified_time" content="2018-10-30T15:18:55+00:00" />
<meta name="twitter:card" content="summary_large_image" />
<meta name="twitter:label1" content="Geschätzte Lesezeit" />
	<meta name="twitter:data1" content="1 Minute" />
<script type="application/ld+json" class="yoast-schema-graph">{"@context":"https:\/\/schema.org","@graph":[{"@type":"WebPage","@id":"https:\/\/mering.info\/?tribe_events=lra-europaeische-woche-der-abfallvermeidung","url":"https:\/\/mering.info\/?tribe_events=lra-europaeische-woche-der-abfallvermeidung","name":"LRA: Europäische Woche der Abfallvermeidung - Nachhaltiges Mering","isPartOf":{"@id":"https:\/\/mering.info\/#website"},"datePublished":"2018-10-30T15:14:05+00:00","dateModified":"2018-10-30T15:18:55+00:00","breadcrumb":{"@id":"https:\/\/mering.info\/?tribe_events=lra-europaeische-woche-der-abfallvermeidung#breadcrumb"},"inLanguage":"de","potentialAction":[{"@type":"ReadAction","target":["https:\/\/mering.info\/?tribe_events=lra-europaeische-woche-der-abfallvermeidung"]}]},{"@type":"BreadcrumbList","@id":"https:\/\/mering.info\/?tribe_events=lra-europaeische-woche-der-abfallvermeidung#breadcrumb","itemListElement":[{"@type":"ListItem","position":1,"name":"Startseite","item":"https:\/\/mering.info\/"},{"@type":"ListItem","position":2,"name":"Veranstaltungen","item":"https:\/\/mering.info\/?post_type=tribe_events"},{"@type":"ListItem","position":3,"name":"LRA: Europäische Woche der Abfallvermeidung"}]},{"@type":"WebSite","@id":"https:\/\/mering.info\/#website","url":"https:\/\/mering.info\/","name":"Nachhaltiges Mering","description":"Zukunftsfähiges Mering","potentialAction":[{"@type":"SearchAction","target":{"@type":"EntryPoint","urlTemplate":"https:\/\/mering.info\/?s={search_term_string}"},"query-input":{"@type":"PropertyValueSpecification","valueRequired":true,"valueName":"search_term_string"}}],"inLanguage":"de"}]}</script>
<!-- / Yoast SEO plugin. -->

LRA: Europäische Woche der Abfallvermeidung - Nachhaltiges Mering

Die Kommunale Abfallwirtschaft des Landkreises Aichach-Friedberg beteiligt sich dieses Jahr erstmalig an der Europäischen Woche der Abfallvermeidung vom 19.-25. November 2018. Es wurde ein breites Programm rund um das Thema &hellip; LRA: Europäische Woche der Abfallvermeidung weiterlesen &rarr;

Zukunftsfähiges Mering
