{"id":2940,"date":"2019-09-30T16:24:38","date_gmt":"2019-09-30T14:24:38","guid":{"rendered":"http:\/\/mering.info\/?post_type=tribe_events&#038;p=2940"},"modified":"2022-10-02T15:44:50","modified_gmt":"2022-10-02T13:44:50","slug":"vortrag-5g-die-verschwiegene-gefahr","status":"publish","type":"tribe_events","link":"https:\/\/mering.info\/?tribe_events=vortrag-5g-die-verschwiegene-gefahr","title":{"rendered":"ZukunftsVortrag: &#8222;5G &#8211; die verschwiegene Gefahr&#8220;"},"content":{"rendered":"<p>An diesem Abend wird ein hei\u00dfes Eisen aufgegriffen. Die meisten von uns nutzen t\u00e4glich ihr Handy, der Mobilfunk ist allgegenw\u00e4rtig. Aktuell wird das Thema 5G kontrovers diskutiert. \u00dcber die Gefahren sind wir uns oftmals nicht bewusst, teilweise auch deshalb, da es gen\u00fcgend &#8222;Unbedenklichkeits-Studien&#8220; gibt. Martin Wildung hat sich intensiv mit dem Thema befasst und referiert zum Thema Mobilfunk &#8211; die verschwiegene Gefahr und 5G. Es geht dabei um folgenden Inhalt:<\/p>\n<ul>\n<li>wie z.B. Grenzwerte &#8222;gefunden&#8220; (festgelegt)\u00a0wurden<\/li>\n<li>wozu wir <span class=\"cmp_parsed_date\" data-cmp_parsed_date=\"2019-09-16\" data-ce-class=\"Dates\">heute<\/span> elektromagnetische Strahlung verwenden<\/li>\n<li>wie die Effekte der Bestrahlung auf den menschlichen K\u00f6rper sind (anhand vieler Studien) &#8211; also welche Gesundheitssch\u00e4den bereits bekannt sind<\/li>\n<li>was bereits von vielen getan wird, um sich vor elektromagnetischen <span class=\"cmp_parsed_location\" data-cmp_parsed_location_name=\"Strahlungen\" data-cmp_parsed_location_weather=\"K09673171\" data-cmp_parsed_location_other=\"0\" data-ce-class=\"Locations\">Strahlungen<\/span> zu sch\u00fctzen<\/li>\n<li>was in anderen L\u00e4nder getan wird<\/li>\n<li>was mit 5G alles auf uns zukommt<\/li>\n<li>und was wir aktiv tun k\u00f6nnen, um nicht noch mehr Schaden anzurichten!<\/li>\n<\/ul>\n","protected":false},"excerpt":{"rendered":"<p>An diesem Abend wird ein hei\u00dfes Eisen aufgegriffen. Die meisten von uns nutzen t\u00e4glich ihr Handy, der Mobilfunk ist allgegenw\u00e4rtig. Aktuell wird das Thema 5G kontrovers diskutiert. \u00dcber die Gefahren &hellip; <a href=\"https:\/\/mering.info\/?tribe_events=vortrag-5g-die-verschwiegene-gefahr\" class=\"more-link\"><span class=\"screen-reader-text\">ZukunftsVortrag: &#8222;5G &#8211; die verschwiegene Gefahr&#8220;<\/span> weiterlesen <span class=\"meta-nav\">&rarr;<\/span><\/a><\/p>\n","protected":false},"author":8,"featured_media":0,"template":"","meta":{"jetpack_post_was_ever_published":false,"_tribe_events_status":"","_tribe_events_status_reason":"","footnotes":""},"tags":[],"tribe_events_cat":[],"class_list":["post-2940","tribe_events","type-tribe_events","status-publish","hentry"],"yoast_head":"<!-- This site is optimized with the Yoast SEO plugin v27.5 - https:\/\/yoast.com\/product\/yoast-seo-wordpress\/ -->\n<title>ZukunftsVortrag: &quot;5G - die verschwiegene Gefahr&quot; - Nachhaltiges Mering<\/title>\n<meta name=\"robots\" content=\"index, follow, max-snippet:-1, max-image-preview:large, max-video-preview:-1\" \/>\n<link rel=\"canonical\" href=\"https:\/\/mering.info\/?tribe_events=vortrag-5g-die-verschwiegene-gefahr\" \/>\n<meta property=\"og:locale\" content=\"de_DE\" \/>\n<meta property=\"og:type\" content=\"article\" \/>\n<meta property=\"og:title\" content=\"ZukunftsVortrag: &quot;5G - die verschwiegene Gefahr&quot; - Nachhaltiges Mering\" \/>\n<meta property=\"og:description\" content=\"An diesem Abend wird ein hei\u00dfes Eisen aufgegriffen. Die meisten von uns nutzen t\u00e4glich ihr Handy, der Mobilfunk ist allgegenw\u00e4rtig. Aktuell wird das Thema 5G kontrovers diskutiert. \u00dcber die Gefahren &hellip; ZukunftsVortrag: &#8222;5G &#8211; die verschwiegene Gefahr&#8220; weiterlesen &rarr;\" \/>\n<meta property=\"og:url\" content=\"https:\/\/mering.info\/?tribe_events=vortrag-5g-die-verschwiegene-gefahr\" \/>\n<meta property=\"og:site_name\" content=\"Nachhaltiges Mering\" \/>\n<meta property=\"article:modified_time\" content=\"2022-10-02T13:44:50+00:00\" \/>\n<meta name=\"twitter:card\" content=\"summary_large_image\" \/>\n<meta name=\"twitter:label1\" content=\"Gesch\u00e4tzte Lesezeit\" \/>\n\t<meta name=\"twitter:data1\" content=\"1\u00a0Minute\" \/>\n<script type=\"application\/ld+json\" class=\"yoast-schema-graph\">{\"@context\":\"https:\\\/\\\/schema.org\",\"@graph\":[{\"@type\":\"WebPage\",\"@id\":\"https:\\\/\\\/mering.info\\\/?tribe_events=vortrag-5g-die-verschwiegene-gefahr\",\"url\":\"https:\\\/\\\/mering.info\\\/?tribe_events=vortrag-5g-die-verschwiegene-gefahr\",\"name\":\"ZukunftsVortrag: \\\"5G - die verschwiegene Gefahr\\\" - Nachhaltiges Mering\",\"isPartOf\":{\"@id\":\"https:\\\/\\\/mering.info\\\/#website\"},\"datePublished\":\"2019-09-30T14:24:38+00:00\",\"dateModified\":\"2022-10-02T13:44:50+00:00\",\"breadcrumb\":{\"@id\":\"https:\\\/\\\/mering.info\\\/?tribe_events=vortrag-5g-die-verschwiegene-gefahr#breadcrumb\"},\"inLanguage\":\"de\",\"potentialAction\":[{\"@type\":\"ReadAction\",\"target\":[\"https:\\\/\\\/mering.info\\\/?tribe_events=vortrag-5g-die-verschwiegene-gefahr\"]}]},{\"@type\":\"BreadcrumbList\",\"@id\":\"https:\\\/\\\/mering.info\\\/?tribe_events=vortrag-5g-die-verschwiegene-gefahr#breadcrumb\",\"itemListElement\":[{\"@type\":\"ListItem\",\"position\":1,\"name\":\"Startseite\",\"item\":\"https:\\\/\\\/mering.info\\\/\"},{\"@type\":\"ListItem\",\"position\":2,\"name\":\"Veranstaltungen\",\"item\":\"https:\\\/\\\/mering.info\\\/?post_type=tribe_events\"},{\"@type\":\"ListItem\",\"position\":3,\"name\":\"ZukunftsVortrag: &#8222;5G &#8211; die verschwiegene Gefahr&#8220;\"}]},{\"@type\":\"WebSite\",\"@id\":\"https:\\\/\\\/mering.info\\\/#website\",\"url\":\"https:\\\/\\\/mering.info\\\/\",\"name\":\"Nachhaltiges Mering\",\"description\":\"Zukunftsf\u00e4higes Mering\",\"potentialAction\":[{\"@type\":\"SearchAction\",\"target\":{\"@type\":\"EntryPoint\",\"urlTemplate\":\"https:\\\/\\\/mering.info\\\/?s={search_term_string}\"},\"query-input\":{\"@type\":\"PropertyValueSpecification\",\"valueRequired\":true,\"valueName\":\"search_term_string\"}}],\"inLanguage\":\"de\"}]}<\/script>\n<!-- \/ Yoast SEO plugin. -->","yoast_head_json":{"title":"ZukunftsVortrag: \"5G - die verschwiegene Gefahr\" - Nachhaltiges Mering","robots":{"index":"index","follow":"follow","max-snippet":"max-snippet:-1","max-image-preview":"max-image-preview:large","max-video-preview":"max-video-preview:-1"},"canonical":"https:\/\/mering.info\/?tribe_events=vortrag-5g-die-verschwiegene-gefahr","og_locale":"de_DE","og_type":"article","og_title":"ZukunftsVortrag: \"5G - die verschwiegene Gefahr\" - Nachhaltiges Mering","og_description":"An diesem Abend wird ein hei\u00dfes Eisen aufgegriffen. Die meisten von uns nutzen t\u00e4glich ihr Handy, der Mobilfunk ist allgegenw\u00e4rtig. Aktuell wird das Thema 5G kontrovers diskutiert. \u00dcber die Gefahren &hellip; ZukunftsVortrag: &#8222;5G &#8211; die verschwiegene Gefahr&#8220; weiterlesen &rarr;","og_url":"https:\/\/mering.info\/?tribe_events=vortrag-5g-die-verschwiegene-gefahr","og_site_name":"Nachhaltiges Mering","article_modified_time":"2022-10-02T13:44:50+00:00","twitter_card":"summary_large_image","twitter_misc":{"Gesch\u00e4tzte Lesezeit":"1\u00a0Minute"},"schema":{"@context":"https:\/\/schema.org","@graph":[{"@type":"WebPage","@id":"https:\/\/mering.info\/?tribe_events=vortrag-5g-die-verschwiegene-gefahr","url":"https:\/\/mering.info\/?tribe_events=vortrag-5g-die-verschwiegene-gefahr","name":"ZukunftsVortrag: \"5G - die verschwiegene Gefahr\" - Nachhaltiges Mering","isPartOf":{"@id":"https:\/\/mering.info\/#website"},"datePublished":"2019-09-30T14:24:38+00:00","dateModified":"2022-10-02T13:44:50+00:00","breadcrumb":{"@id":"https:\/\/mering.info\/?tribe_events=vortrag-5g-die-verschwiegene-gefahr#breadcrumb"},"inLanguage":"de","potentialAction":[{"@type":"ReadAction","target":["https:\/\/mering.info\/?tribe_events=vortrag-5g-die-verschwiegene-gefahr"]}]},{"@type":"BreadcrumbList","@id":"https:\/\/mering.info\/?tribe_events=vortrag-5g-die-verschwiegene-gefahr#breadcrumb","itemListElement":[{"@type":"ListItem","position":1,"name":"Startseite","item":"https:\/\/mering.info\/"},{"@type":"ListItem","position":2,"name":"Veranstaltungen","item":"https:\/\/mering.info\/?post_type=tribe_events"},{"@type":"ListItem","position":3,"name":"ZukunftsVortrag: &#8222;5G &#8211; die verschwiegene Gefahr&#8220;"}]},{"@type":"WebSite","@id":"https:\/\/mering.info\/#website","url":"https:\/\/mering.info\/","name":"Nachhaltiges Mering","description":"Zukunftsf\u00e4higes Mering","potentialAction":[{"@type":"SearchAction","target":{"@type":"EntryPoint","urlTemplate":"https:\/\/mering.info\/?s={search_term_string}"},"query-input":{"@type":"PropertyValueSpecification","valueRequired":true,"valueName":"search_term_string"}}],"inLanguage":"de"}]}},"jetpack_sharing_enabled":true,"_links":{"self":[{"href":"https:\/\/mering.info\/index.php?rest_route=\/wp\/v2\/tribe_events\/2940","targetHints":{"allow":["GET"]}}],"collection":[{"href":"https:\/\/mering.info\/index.php?rest_route=\/wp\/v2\/tribe_events"}],"about":[{"href":"https:\/\/mering.info\/index.php?rest_route=\/wp\/v2\/types\/tribe_events"}],"author":[{"embeddable":true,"href":"https:\/\/mering.info\/index.php?rest_route=\/wp\/v2\/users\/8"}],"version-history":[{"count":4,"href":"https:\/\/mering.info\/index.php?rest_route=\/wp\/v2\/tribe_events\/2940\/revisions"}],"predecessor-version":[{"id":5030,"href":"https:\/\/mering.info\/index.php?rest_route=\/wp\/v2\/tribe_events\/2940\/revisions\/5030"}],"wp:attachment":[{"href":"https:\/\/mering.info\/index.php?rest_route=%2Fwp%2Fv2%2Fmedia&parent=2940"}],"wp:term":[{"taxonomy":"post_tag","embeddable":true,"href":"https:\/\/mering.info\/index.php?rest_route=%2Fwp%2Fv2%2Ftags&post=2940"},{"taxonomy":"tribe_events_cat","embeddable":true,"href":"https:\/\/mering.info\/index.php?rest_route=%2Fwp%2Fv2%2Ftribe_events_cat&post=2940"}],"curies":[{"name":"wp","href":"https:\/\/api.w.org\/{rel}","templated":true}]}}

<p>An diesem Abend wird ein heißes Eisen aufgegriffen. Die meisten von uns nutzen täglich ihr Handy, der Mobilfunk ist allgegenwärtig. Aktuell wird das Thema 5G kontrovers diskutiert. Über die Gefahren sind wir uns oftmals nicht bewusst, teilweise auch deshalb, da es genügend &#8222;Unbedenklichkeits-Studien&#8220; gibt. Martin Wildung hat sich intensiv mit dem Thema befasst und referiert zum Thema Mobilfunk &#8211; die verschwiegene Gefahr und 5G. Es geht dabei um folgenden Inhalt:</p>
<ul>
<li>wie z.B. Grenzwerte &#8222;gefunden&#8220; (festgelegt) wurden</li>
<li>wozu wir <span class="cmp_parsed_date" data-cmp_parsed_date="2019-09-16" data-ce-class="Dates">heute</span> elektromagnetische Strahlung verwenden</li>
<li>wie die Effekte der Bestrahlung auf den menschlichen Körper sind (anhand vieler Studien) &#8211; also welche Gesundheitsschäden bereits bekannt sind</li>
<li>was bereits von vielen getan wird, um sich vor elektromagnetischen <span class="cmp_parsed_location" data-cmp_parsed_location_name="Strahlungen" data-cmp_parsed_location_weather="K09673171" data-cmp_parsed_location_other="0" data-ce-class="Locations">Strahlungen</span> zu schützen</li>
<li>was in anderen Länder getan wird</li>
<li>was mit 5G alles auf uns zukommt</li>
<li>und was wir aktiv tun können, um nicht noch mehr Schaden anzurichten!</li>
</ul>

<p>An diesem Abend wird ein heißes Eisen aufgegriffen. Die meisten von uns nutzen täglich ihr Handy, der Mobilfunk ist allgegenwärtig. Aktuell wird das Thema 5G kontrovers diskutiert. Über die Gefahren &hellip; <a href="https://mering.info/?tribe_events=vortrag-5g-die-verschwiegene-gefahr" class="more-link"><span class="screen-reader-text">ZukunftsVortrag: &#8222;5G &#8211; die verschwiegene Gefahr&#8220;</span> weiterlesen <span class="meta-nav">&rarr;</span></a></p>

<!-- This site is optimized with the Yoast SEO plugin v27.5 - https://yoast.com/product/yoast-seo-wordpress/ -->
<title>ZukunftsVortrag: &quot;5G - die verschwiegene Gefahr&quot; - Nachhaltiges Mering</title>
<meta name="robots" content="index, follow, max-snippet:-1, max-image-preview:large, max-video-preview:-1" />
<link rel="canonical" href="https://mering.info/?tribe_events=vortrag-5g-die-verschwiegene-gefahr" />
<meta property="og:locale" content="de_DE" />
<meta property="og:type" content="article" />
<meta property="og:title" content="ZukunftsVortrag: &quot;5G - die verschwiegene Gefahr&quot; - Nachhaltiges Mering" />
<meta property="og:description" content="An diesem Abend wird ein heißes Eisen aufgegriffen. Die meisten von uns nutzen täglich ihr Handy, der Mobilfunk ist allgegenwärtig. Aktuell wird das Thema 5G kontrovers diskutiert. Über die Gefahren &hellip; ZukunftsVortrag: &#8222;5G &#8211; die verschwiegene Gefahr&#8220; weiterlesen &rarr;" />
<meta property="og:url" content="https://mering.info/?tribe_events=vortrag-5g-die-verschwiegene-gefahr" />
<meta property="og:site_name" content="Nachhaltiges Mering" />
<meta property="article:modified_time" content="2022-10-02T13:44:50+00:00" />
<meta name="twitter:card" content="summary_large_image" />
<meta name="twitter:label1" content="Geschätzte Lesezeit" />
	<meta name="twitter:data1" content="1 Minute" />
<script type="application/ld+json" class="yoast-schema-graph">{"@context":"https:\/\/schema.org","@graph":[{"@type":"WebPage","@id":"https:\/\/mering.info\/?tribe_events=vortrag-5g-die-verschwiegene-gefahr","url":"https:\/\/mering.info\/?tribe_events=vortrag-5g-die-verschwiegene-gefahr","name":"ZukunftsVortrag: \"5G - die verschwiegene Gefahr\" - Nachhaltiges Mering","isPartOf":{"@id":"https:\/\/mering.info\/#website"},"datePublished":"2019-09-30T14:24:38+00:00","dateModified":"2022-10-02T13:44:50+00:00","breadcrumb":{"@id":"https:\/\/mering.info\/?tribe_events=vortrag-5g-die-verschwiegene-gefahr#breadcrumb"},"inLanguage":"de","potentialAction":[{"@type":"ReadAction","target":["https:\/\/mering.info\/?tribe_events=vortrag-5g-die-verschwiegene-gefahr"]}]},{"@type":"BreadcrumbList","@id":"https:\/\/mering.info\/?tribe_events=vortrag-5g-die-verschwiegene-gefahr#breadcrumb","itemListElement":[{"@type":"ListItem","position":1,"name":"Startseite","item":"https:\/\/mering.info\/"},{"@type":"ListItem","position":2,"name":"Veranstaltungen","item":"https:\/\/mering.info\/?post_type=tribe_events"},{"@type":"ListItem","position":3,"name":"ZukunftsVortrag: &#8222;5G &#8211; die verschwiegene Gefahr&#8220;"}]},{"@type":"WebSite","@id":"https:\/\/mering.info\/#website","url":"https:\/\/mering.info\/","name":"Nachhaltiges Mering","description":"Zukunftsfähiges Mering","potentialAction":[{"@type":"SearchAction","target":{"@type":"EntryPoint","urlTemplate":"https:\/\/mering.info\/?s={search_term_string}"},"query-input":{"@type":"PropertyValueSpecification","valueRequired":true,"valueName":"search_term_string"}}],"inLanguage":"de"}]}</script>
<!-- / Yoast SEO plugin. -->

An diesem Abend wird ein heißes Eisen aufgegriffen. Die meisten von uns nutzen täglich ihr Handy, der Mobilfunk ist allgegenwärtig. Aktuell wird das Thema 5G kontrovers diskutiert. Über die Gefahren &hellip; ZukunftsVortrag: &#8222;5G &#8211; die verschwiegene Gefahr&#8220; weiterlesen &rarr;

Zukunftsfähiges Mering
