{"id":5220,"date":"2022-11-22T21:25:52","date_gmt":"2022-11-22T20:25:52","guid":{"rendered":"https:\/\/mering.info\/?post_type=tribe_events&#038;p=5220"},"modified":"2022-11-22T21:25:52","modified_gmt":"2022-11-22T20:25:52","slug":"bund-naturschutz-igelvortrag-2","status":"publish","type":"tribe_events","link":"https:\/\/mering.info\/?tribe_events=bund-naturschutz-igelvortrag-2","title":{"rendered":"Bund Naturschutz: Igelvortrag"},"content":{"rendered":"<p><img fetchpriority=\"high\" decoding=\"async\" class=\"size-medium wp-image-5214 aligncenter\" src=\"https:\/\/mering.info\/wp-content\/uploads\/2022\/11\/Igelvortrag_tiny-211x300.png\" alt=\"Igelvortrag BN Mering\" width=\"211\" height=\"300\" srcset=\"https:\/\/mering.info\/wp-content\/uploads\/2022\/11\/Igelvortrag_tiny-211x300.png 211w, https:\/\/mering.info\/wp-content\/uploads\/2022\/11\/Igelvortrag_tiny.png 413w\" sizes=\"(max-width: 211px) 100vw, 211px\" \/><\/p>\n<p>Im Herbst ist wieder Igelzeit, \u00fcberall sind sie unterwegs. Doch was gibt es bei diesen Tierchen zu beachten? Frau Eder von der Igelhilfe Schwaben e.V. erz\u00e4hlt uns beim Igelvortrag des <a href=\"http:\/\/website.bn-aic.de\/?page_id=159\" target=\"_blank\" rel=\"noopener\">Bund Naturschutz OG Mering-Ried<\/a> n\u00e4heres \u00fcber die stacheligen Vierbeiner.<\/p>\n<p>Der Vortrag findet in der B\u00fccherei Mering, Bachstra\u00dfe 1, statt, als Veranstalter fungieren der Bund Naturschutz OG Mering-Ried und die KEB Aichach-Friedberg.<\/p>\n<p><a href=\"\/wp-content\/uploads\/2022\/11\/Igelvortrag-BN-Mering-A4.pdf\">Hier finden Sie den Flyer als PDF zum Download<\/a>.<\/p>\n","protected":false},"excerpt":{"rendered":"<p>Im Herbst ist wieder Igelzeit. Frau Eder von der Igelhilfe Schwaben e.V. erz\u00e4hlt uns n\u00e4heres \u00fcber die stacheligen Vierbeiner.<\/p>\n","protected":false},"author":12,"featured_media":0,"template":"","meta":{"jetpack_post_was_ever_published":false,"_tribe_events_status":"","_tribe_events_status_reason":"","footnotes":""},"tags":[209,210],"tribe_events_cat":[82],"class_list":["post-5220","tribe_events","type-tribe_events","status-publish","hentry","tag-bund-naturschutz","tag-igel","tribe_events_cat-vortrag","cat_vortrag"],"yoast_head":"<!-- This site is optimized with the Yoast SEO plugin v27.5 - https:\/\/yoast.com\/product\/yoast-seo-wordpress\/ -->\n<title>Bund Naturschutz: Igelvortrag - Nachhaltiges Mering<\/title>\n<meta name=\"description\" content=\"Im Herbst ist wieder Igelzeit. Frau Eder von der Igelhilfe Schwaben e.V. erz\u00e4hlt uns n\u00e4heres \u00fcber die stacheligen Vierbeiner.\" \/>\n<meta name=\"robots\" content=\"index, follow, max-snippet:-1, max-image-preview:large, max-video-preview:-1\" \/>\n<link rel=\"canonical\" href=\"https:\/\/mering.info\/?tribe_events=bund-naturschutz-igelvortrag-2\" \/>\n<meta property=\"og:locale\" content=\"de_DE\" \/>\n<meta property=\"og:type\" content=\"article\" \/>\n<meta property=\"og:title\" content=\"Bund Naturschutz: Igelvortrag - Nachhaltiges Mering\" \/>\n<meta property=\"og:description\" content=\"Im Herbst ist wieder Igelzeit. Frau Eder von der Igelhilfe Schwaben e.V. erz\u00e4hlt uns n\u00e4heres \u00fcber die stacheligen Vierbeiner.\" \/>\n<meta property=\"og:url\" content=\"https:\/\/mering.info\/?tribe_events=bund-naturschutz-igelvortrag-2\" \/>\n<meta property=\"og:site_name\" content=\"Nachhaltiges Mering\" \/>\n<meta property=\"og:image\" content=\"https:\/\/mering.info\/wp-content\/uploads\/2022\/11\/Igelvortrag_tiny-211x300.png\" \/>\n<meta name=\"twitter:card\" content=\"summary_large_image\" \/>\n<meta name=\"twitter:label1\" content=\"Gesch\u00e4tzte Lesezeit\" \/>\n\t<meta name=\"twitter:data1\" content=\"1\u00a0Minute\" \/>\n<script type=\"application\/ld+json\" class=\"yoast-schema-graph\">{\"@context\":\"https:\\\/\\\/schema.org\",\"@graph\":[{\"@type\":\"WebPage\",\"@id\":\"https:\\\/\\\/mering.info\\\/?tribe_events=bund-naturschutz-igelvortrag-2\",\"url\":\"https:\\\/\\\/mering.info\\\/?tribe_events=bund-naturschutz-igelvortrag-2\",\"name\":\"Bund Naturschutz: Igelvortrag - Nachhaltiges Mering\",\"isPartOf\":{\"@id\":\"https:\\\/\\\/mering.info\\\/#website\"},\"primaryImageOfPage\":{\"@id\":\"https:\\\/\\\/mering.info\\\/?tribe_events=bund-naturschutz-igelvortrag-2#primaryimage\"},\"image\":{\"@id\":\"https:\\\/\\\/mering.info\\\/?tribe_events=bund-naturschutz-igelvortrag-2#primaryimage\"},\"thumbnailUrl\":\"https:\\\/\\\/mering.info\\\/wp-content\\\/uploads\\\/2022\\\/11\\\/Igelvortrag_tiny-211x300.png\",\"datePublished\":\"2022-11-22T20:25:52+00:00\",\"description\":\"Im Herbst ist wieder Igelzeit. Frau Eder von der Igelhilfe Schwaben e.V. erz\u00e4hlt uns n\u00e4heres \u00fcber die stacheligen Vierbeiner.\",\"breadcrumb\":{\"@id\":\"https:\\\/\\\/mering.info\\\/?tribe_events=bund-naturschutz-igelvortrag-2#breadcrumb\"},\"inLanguage\":\"de\",\"potentialAction\":[{\"@type\":\"ReadAction\",\"target\":[\"https:\\\/\\\/mering.info\\\/?tribe_events=bund-naturschutz-igelvortrag-2\"]}]},{\"@type\":\"ImageObject\",\"inLanguage\":\"de\",\"@id\":\"https:\\\/\\\/mering.info\\\/?tribe_events=bund-naturschutz-igelvortrag-2#primaryimage\",\"url\":\"https:\\\/\\\/mering.info\\\/wp-content\\\/uploads\\\/2022\\\/11\\\/Igelvortrag_tiny.png\",\"contentUrl\":\"https:\\\/\\\/mering.info\\\/wp-content\\\/uploads\\\/2022\\\/11\\\/Igelvortrag_tiny.png\",\"width\":413,\"height\":586,\"caption\":\"Igelvortrag BN Mering\"},{\"@type\":\"BreadcrumbList\",\"@id\":\"https:\\\/\\\/mering.info\\\/?tribe_events=bund-naturschutz-igelvortrag-2#breadcrumb\",\"itemListElement\":[{\"@type\":\"ListItem\",\"position\":1,\"name\":\"Startseite\",\"item\":\"https:\\\/\\\/mering.info\\\/\"},{\"@type\":\"ListItem\",\"position\":2,\"name\":\"Veranstaltungen\",\"item\":\"https:\\\/\\\/mering.info\\\/?post_type=tribe_events\"},{\"@type\":\"ListItem\",\"position\":3,\"name\":\"Bund Naturschutz: Igelvortrag\"}]},{\"@type\":\"WebSite\",\"@id\":\"https:\\\/\\\/mering.info\\\/#website\",\"url\":\"https:\\\/\\\/mering.info\\\/\",\"name\":\"Nachhaltiges Mering\",\"description\":\"Zukunftsf\u00e4higes Mering\",\"potentialAction\":[{\"@type\":\"SearchAction\",\"target\":{\"@type\":\"EntryPoint\",\"urlTemplate\":\"https:\\\/\\\/mering.info\\\/?s={search_term_string}\"},\"query-input\":{\"@type\":\"PropertyValueSpecification\",\"valueRequired\":true,\"valueName\":\"search_term_string\"}}],\"inLanguage\":\"de\"}]}<\/script>\n<!-- \/ Yoast SEO plugin. -->","yoast_head_json":{"title":"Bund Naturschutz: Igelvortrag - Nachhaltiges Mering","description":"Im Herbst ist wieder Igelzeit. Frau Eder von der Igelhilfe Schwaben e.V. erz\u00e4hlt uns n\u00e4heres \u00fcber die stacheligen Vierbeiner.","robots":{"index":"index","follow":"follow","max-snippet":"max-snippet:-1","max-image-preview":"max-image-preview:large","max-video-preview":"max-video-preview:-1"},"canonical":"https:\/\/mering.info\/?tribe_events=bund-naturschutz-igelvortrag-2","og_locale":"de_DE","og_type":"article","og_title":"Bund Naturschutz: Igelvortrag - Nachhaltiges Mering","og_description":"Im Herbst ist wieder Igelzeit. Frau Eder von der Igelhilfe Schwaben e.V. erz\u00e4hlt uns n\u00e4heres \u00fcber die stacheligen Vierbeiner.","og_url":"https:\/\/mering.info\/?tribe_events=bund-naturschutz-igelvortrag-2","og_site_name":"Nachhaltiges Mering","og_image":[{"url":"https:\/\/mering.info\/wp-content\/uploads\/2022\/11\/Igelvortrag_tiny-211x300.png","type":"","width":"","height":""}],"twitter_card":"summary_large_image","twitter_misc":{"Gesch\u00e4tzte Lesezeit":"1\u00a0Minute"},"schema":{"@context":"https:\/\/schema.org","@graph":[{"@type":"WebPage","@id":"https:\/\/mering.info\/?tribe_events=bund-naturschutz-igelvortrag-2","url":"https:\/\/mering.info\/?tribe_events=bund-naturschutz-igelvortrag-2","name":"Bund Naturschutz: Igelvortrag - Nachhaltiges Mering","isPartOf":{"@id":"https:\/\/mering.info\/#website"},"primaryImageOfPage":{"@id":"https:\/\/mering.info\/?tribe_events=bund-naturschutz-igelvortrag-2#primaryimage"},"image":{"@id":"https:\/\/mering.info\/?tribe_events=bund-naturschutz-igelvortrag-2#primaryimage"},"thumbnailUrl":"https:\/\/mering.info\/wp-content\/uploads\/2022\/11\/Igelvortrag_tiny-211x300.png","datePublished":"2022-11-22T20:25:52+00:00","description":"Im Herbst ist wieder Igelzeit. Frau Eder von der Igelhilfe Schwaben e.V. erz\u00e4hlt uns n\u00e4heres \u00fcber die stacheligen Vierbeiner.","breadcrumb":{"@id":"https:\/\/mering.info\/?tribe_events=bund-naturschutz-igelvortrag-2#breadcrumb"},"inLanguage":"de","potentialAction":[{"@type":"ReadAction","target":["https:\/\/mering.info\/?tribe_events=bund-naturschutz-igelvortrag-2"]}]},{"@type":"ImageObject","inLanguage":"de","@id":"https:\/\/mering.info\/?tribe_events=bund-naturschutz-igelvortrag-2#primaryimage","url":"https:\/\/mering.info\/wp-content\/uploads\/2022\/11\/Igelvortrag_tiny.png","contentUrl":"https:\/\/mering.info\/wp-content\/uploads\/2022\/11\/Igelvortrag_tiny.png","width":413,"height":586,"caption":"Igelvortrag BN Mering"},{"@type":"BreadcrumbList","@id":"https:\/\/mering.info\/?tribe_events=bund-naturschutz-igelvortrag-2#breadcrumb","itemListElement":[{"@type":"ListItem","position":1,"name":"Startseite","item":"https:\/\/mering.info\/"},{"@type":"ListItem","position":2,"name":"Veranstaltungen","item":"https:\/\/mering.info\/?post_type=tribe_events"},{"@type":"ListItem","position":3,"name":"Bund Naturschutz: Igelvortrag"}]},{"@type":"WebSite","@id":"https:\/\/mering.info\/#website","url":"https:\/\/mering.info\/","name":"Nachhaltiges Mering","description":"Zukunftsf\u00e4higes Mering","potentialAction":[{"@type":"SearchAction","target":{"@type":"EntryPoint","urlTemplate":"https:\/\/mering.info\/?s={search_term_string}"},"query-input":{"@type":"PropertyValueSpecification","valueRequired":true,"valueName":"search_term_string"}}],"inLanguage":"de"}]}},"jetpack_sharing_enabled":true,"_links":{"self":[{"href":"https:\/\/mering.info\/index.php?rest_route=\/wp\/v2\/tribe_events\/5220","targetHints":{"allow":["GET"]}}],"collection":[{"href":"https:\/\/mering.info\/index.php?rest_route=\/wp\/v2\/tribe_events"}],"about":[{"href":"https:\/\/mering.info\/index.php?rest_route=\/wp\/v2\/types\/tribe_events"}],"author":[{"embeddable":true,"href":"https:\/\/mering.info\/index.php?rest_route=\/wp\/v2\/users\/12"}],"version-history":[{"count":1,"href":"https:\/\/mering.info\/index.php?rest_route=\/wp\/v2\/tribe_events\/5220\/revisions"}],"predecessor-version":[{"id":5221,"href":"https:\/\/mering.info\/index.php?rest_route=\/wp\/v2\/tribe_events\/5220\/revisions\/5221"}],"wp:attachment":[{"href":"https:\/\/mering.info\/index.php?rest_route=%2Fwp%2Fv2%2Fmedia&parent=5220"}],"wp:term":[{"taxonomy":"post_tag","embeddable":true,"href":"https:\/\/mering.info\/index.php?rest_route=%2Fwp%2Fv2%2Ftags&post=5220"},{"taxonomy":"tribe_events_cat","embeddable":true,"href":"https:\/\/mering.info\/index.php?rest_route=%2Fwp%2Fv2%2Ftribe_events_cat&post=5220"}],"curies":[{"name":"wp","href":"https:\/\/api.w.org\/{rel}","templated":true}]}}

<p><img fetchpriority="high" decoding="async" class="size-medium wp-image-5214 aligncenter" src="https://mering.info/wp-content/uploads/2022/11/Igelvortrag_tiny-211x300.png" alt="Igelvortrag BN Mering" width="211" height="300" srcset="https://mering.info/wp-content/uploads/2022/11/Igelvortrag_tiny-211x300.png 211w, https://mering.info/wp-content/uploads/2022/11/Igelvortrag_tiny.png 413w" sizes="(max-width: 211px) 100vw, 211px" /></p>
<p>Im Herbst ist wieder Igelzeit, überall sind sie unterwegs. Doch was gibt es bei diesen Tierchen zu beachten? Frau Eder von der Igelhilfe Schwaben e.V. erzählt uns beim Igelvortrag des <a href="http://website.bn-aic.de/?page_id=159" target="_blank" rel="noopener">Bund Naturschutz OG Mering-Ried</a> näheres über die stacheligen Vierbeiner.</p>
<p>Der Vortrag findet in der Bücherei Mering, Bachstraße 1, statt, als Veranstalter fungieren der Bund Naturschutz OG Mering-Ried und die KEB Aichach-Friedberg.</p>
<p><a href="/wp-content/uploads/2022/11/Igelvortrag-BN-Mering-A4.pdf">Hier finden Sie den Flyer als PDF zum Download</a>.</p>

<p>Im Herbst ist wieder Igelzeit. Frau Eder von der Igelhilfe Schwaben e.V. erzählt uns näheres über die stacheligen Vierbeiner.</p>

<!-- This site is optimized with the Yoast SEO plugin v27.5 - https://yoast.com/product/yoast-seo-wordpress/ -->
<title>Bund Naturschutz: Igelvortrag - Nachhaltiges Mering</title>
<meta name="description" content="Im Herbst ist wieder Igelzeit. Frau Eder von der Igelhilfe Schwaben e.V. erzählt uns näheres über die stacheligen Vierbeiner." />
<meta name="robots" content="index, follow, max-snippet:-1, max-image-preview:large, max-video-preview:-1" />
<link rel="canonical" href="https://mering.info/?tribe_events=bund-naturschutz-igelvortrag-2" />
<meta property="og:locale" content="de_DE" />
<meta property="og:type" content="article" />
<meta property="og:title" content="Bund Naturschutz: Igelvortrag - Nachhaltiges Mering" />
<meta property="og:description" content="Im Herbst ist wieder Igelzeit. Frau Eder von der Igelhilfe Schwaben e.V. erzählt uns näheres über die stacheligen Vierbeiner." />
<meta property="og:url" content="https://mering.info/?tribe_events=bund-naturschutz-igelvortrag-2" />
<meta property="og:site_name" content="Nachhaltiges Mering" />
<meta property="og:image" content="https://mering.info/wp-content/uploads/2022/11/Igelvortrag_tiny-211x300.png" />
<meta name="twitter:card" content="summary_large_image" />
<meta name="twitter:label1" content="Geschätzte Lesezeit" />
	<meta name="twitter:data1" content="1 Minute" />
<script type="application/ld+json" class="yoast-schema-graph">{"@context":"https:\/\/schema.org","@graph":[{"@type":"WebPage","@id":"https:\/\/mering.info\/?tribe_events=bund-naturschutz-igelvortrag-2","url":"https:\/\/mering.info\/?tribe_events=bund-naturschutz-igelvortrag-2","name":"Bund Naturschutz: Igelvortrag - Nachhaltiges Mering","isPartOf":{"@id":"https:\/\/mering.info\/#website"},"primaryImageOfPage":{"@id":"https:\/\/mering.info\/?tribe_events=bund-naturschutz-igelvortrag-2#primaryimage"},"image":{"@id":"https:\/\/mering.info\/?tribe_events=bund-naturschutz-igelvortrag-2#primaryimage"},"thumbnailUrl":"https:\/\/mering.info\/wp-content\/uploads\/2022\/11\/Igelvortrag_tiny-211x300.png","datePublished":"2022-11-22T20:25:52+00:00","description":"Im Herbst ist wieder Igelzeit. Frau Eder von der Igelhilfe Schwaben e.V. erzählt uns näheres über die stacheligen Vierbeiner.","breadcrumb":{"@id":"https:\/\/mering.info\/?tribe_events=bund-naturschutz-igelvortrag-2#breadcrumb"},"inLanguage":"de","potentialAction":[{"@type":"ReadAction","target":["https:\/\/mering.info\/?tribe_events=bund-naturschutz-igelvortrag-2"]}]},{"@type":"ImageObject","inLanguage":"de","@id":"https:\/\/mering.info\/?tribe_events=bund-naturschutz-igelvortrag-2#primaryimage","url":"https:\/\/mering.info\/wp-content\/uploads\/2022\/11\/Igelvortrag_tiny.png","contentUrl":"https:\/\/mering.info\/wp-content\/uploads\/2022\/11\/Igelvortrag_tiny.png","width":413,"height":586,"caption":"Igelvortrag BN Mering"},{"@type":"BreadcrumbList","@id":"https:\/\/mering.info\/?tribe_events=bund-naturschutz-igelvortrag-2#breadcrumb","itemListElement":[{"@type":"ListItem","position":1,"name":"Startseite","item":"https:\/\/mering.info\/"},{"@type":"ListItem","position":2,"name":"Veranstaltungen","item":"https:\/\/mering.info\/?post_type=tribe_events"},{"@type":"ListItem","position":3,"name":"Bund Naturschutz: Igelvortrag"}]},{"@type":"WebSite","@id":"https:\/\/mering.info\/#website","url":"https:\/\/mering.info\/","name":"Nachhaltiges Mering","description":"Zukunftsfähiges Mering","potentialAction":[{"@type":"SearchAction","target":{"@type":"EntryPoint","urlTemplate":"https:\/\/mering.info\/?s={search_term_string}"},"query-input":{"@type":"PropertyValueSpecification","valueRequired":true,"valueName":"search_term_string"}}],"inLanguage":"de"}]}</script>
<!-- / Yoast SEO plugin. -->

Im Herbst ist wieder Igelzeit. Frau Eder von der Igelhilfe Schwaben e.V. erzählt uns näheres über die stacheligen Vierbeiner.

Zukunftsfähiges Mering
