{"id":5405,"date":"2023-05-28T12:48:46","date_gmt":"2023-05-28T10:48:46","guid":{"rendered":"https:\/\/mering.info\/?post_type=tribe_events&#038;p=5405"},"modified":"2023-07-03T00:34:32","modified_gmt":"2023-07-02T22:34:32","slug":"zukunftsvortrag-naturlehrpfad","status":"publish","type":"tribe_events","link":"https:\/\/mering.info\/?tribe_events=zukunftsvortrag-naturlehrpfad","title":{"rendered":"ZukunftsVortrag: Naturlehrpfad"},"content":{"rendered":"<p>Am Mittwoch, 5. Juli 2023, werden uns die Sch\u00fcler:innen vom Gymnasium in einem ZukunftsVortrag von ihrem Naturlehrpfad berichten. Der Vortrag findet um 19:30 Uhr in der B\u00fccherei Mering statt.<\/p>\n<p><img fetchpriority=\"high\" decoding=\"async\" class=\"alignnone size-medium wp-image-5424\" src=\"https:\/\/mering.info\/wp-content\/uploads\/2023\/07\/Plakat_Seite1_tiny-211x300.png\" alt=\"\" width=\"211\" height=\"300\" srcset=\"https:\/\/mering.info\/wp-content\/uploads\/2023\/07\/Plakat_Seite1_tiny-211x300.png 211w, https:\/\/mering.info\/wp-content\/uploads\/2023\/07\/Plakat_Seite1_tiny.png 413w\" sizes=\"(max-width: 211px) 100vw, 211px\" \/><\/p>\n<p>Das P-Seminar \u201eNaturlehrpfad\u201c vom Gymnasium Mering stellt hier seinen kleinen Beitrag zu der Vermittlung von Naturverbundenheit an die n\u00e4chste Generation vor.<\/p>\n<p>Mit seinem interaktiven Rad auf der Gemeindefl\u00e4che an der Tunnelstra\u00dfe k\u00f6nnen verschiedene Scheiben mit Bildern in die richtige Ordnung gebracht werden. Es informiert so Gro\u00df und Klein spielerisch \u00fcber Flora und Fauna.<\/p>\n<p>Im Fr\u00fchjahr 2023 hat der Markt Mering hier Sauerampfer entfernt, um Platz f\u00fcr andere krautige Bl\u00fchpflanzen zu schaffen und so f\u00fcr mehr Artenvielfalt zu sorgen.<\/p>\n<p>Auch auf der Wiese, auf der unser Rad zu finden ist, befinden sich jetzt einige neu anges\u00e4te Arten wie die Echte Kamille oder den Klatschmohn, die man im Sommer bewundern kann.<\/p>\n<p>Das Plakat k\u00f6nnen Sie <a href=\"https:\/\/mering.info\/wp-content\/uploads\/2023\/07\/2023-07-05-ZukunftsVortrag-final.pdf\" target=\"_blank\" rel=\"noopener\">hier herunterladen<\/a>.<\/p>\n<p><img decoding=\"async\" class=\"alignnone size-medium wp-image-5425\" src=\"https:\/\/mering.info\/wp-content\/uploads\/2023\/07\/Plakat_Seite2_tiny-211x300.png\" alt=\"\" width=\"211\" height=\"300\" srcset=\"https:\/\/mering.info\/wp-content\/uploads\/2023\/07\/Plakat_Seite2_tiny-211x300.png 211w, https:\/\/mering.info\/wp-content\/uploads\/2023\/07\/Plakat_Seite2_tiny.png 413w\" sizes=\"(max-width: 211px) 100vw, 211px\" \/><\/p>\n","protected":false},"excerpt":{"rendered":"<p>Bei unserem n\u00e4chsten ZukunftsVortrag stellen uns die Sch\u00fcler:innen des Gymnasiums Mering ihren Naturlehrpfad vor.<\/p>\n","protected":false},"author":12,"featured_media":0,"template":"","meta":{"jetpack_post_was_ever_published":false,"_tribe_events_status":"","_tribe_events_status_reason":"","footnotes":""},"tags":[224,183],"tribe_events_cat":[82],"class_list":["post-5405","tribe_events","type-tribe_events","status-publish","hentry","tag-naturlehrpfad","tag-zukunftsvortrag","tribe_events_cat-vortrag","cat_vortrag"],"yoast_head":"<!-- This site is optimized with the Yoast SEO plugin v27.5 - https:\/\/yoast.com\/product\/yoast-seo-wordpress\/ -->\n<title>ZukunftsVortrag: Naturlehrpfad - Nachhaltiges Mering<\/title>\n<meta name=\"description\" content=\"Bei unserem n\u00e4chsten ZukunftsVortrag stellen uns die Sch\u00fcler:innen des Gymnasiums Mering ihren Naturlehrpfad vor.\" \/>\n<meta name=\"robots\" content=\"index, follow, max-snippet:-1, max-image-preview:large, max-video-preview:-1\" \/>\n<link rel=\"canonical\" href=\"https:\/\/mering.info\/?tribe_events=zukunftsvortrag-naturlehrpfad\" \/>\n<meta property=\"og:locale\" content=\"de_DE\" \/>\n<meta property=\"og:type\" content=\"article\" \/>\n<meta property=\"og:title\" content=\"ZukunftsVortrag: Naturlehrpfad - Nachhaltiges Mering\" \/>\n<meta property=\"og:description\" content=\"Bei unserem n\u00e4chsten ZukunftsVortrag stellen uns die Sch\u00fcler:innen des Gymnasiums Mering ihren Naturlehrpfad vor.\" \/>\n<meta property=\"og:url\" content=\"https:\/\/mering.info\/?tribe_events=zukunftsvortrag-naturlehrpfad\" \/>\n<meta property=\"og:site_name\" content=\"Nachhaltiges Mering\" \/>\n<meta property=\"article:modified_time\" content=\"2023-07-02T22:34:32+00:00\" \/>\n<meta property=\"og:image\" content=\"https:\/\/mering.info\/wp-content\/uploads\/2023\/07\/Plakat_Seite1_tiny-211x300.png\" \/>\n<meta name=\"twitter:card\" content=\"summary_large_image\" \/>\n<meta name=\"twitter:label1\" content=\"Gesch\u00e4tzte Lesezeit\" \/>\n\t<meta name=\"twitter:data1\" content=\"2\u00a0Minuten\" \/>\n<script type=\"application\/ld+json\" class=\"yoast-schema-graph\">{\"@context\":\"https:\\\/\\\/schema.org\",\"@graph\":[{\"@type\":\"WebPage\",\"@id\":\"https:\\\/\\\/mering.info\\\/?tribe_events=zukunftsvortrag-naturlehrpfad\",\"url\":\"https:\\\/\\\/mering.info\\\/?tribe_events=zukunftsvortrag-naturlehrpfad\",\"name\":\"ZukunftsVortrag: Naturlehrpfad - Nachhaltiges Mering\",\"isPartOf\":{\"@id\":\"https:\\\/\\\/mering.info\\\/#website\"},\"primaryImageOfPage\":{\"@id\":\"https:\\\/\\\/mering.info\\\/?tribe_events=zukunftsvortrag-naturlehrpfad#primaryimage\"},\"image\":{\"@id\":\"https:\\\/\\\/mering.info\\\/?tribe_events=zukunftsvortrag-naturlehrpfad#primaryimage\"},\"thumbnailUrl\":\"https:\\\/\\\/mering.info\\\/wp-content\\\/uploads\\\/2023\\\/07\\\/Plakat_Seite1_tiny-211x300.png\",\"datePublished\":\"2023-05-28T10:48:46+00:00\",\"dateModified\":\"2023-07-02T22:34:32+00:00\",\"description\":\"Bei unserem n\u00e4chsten ZukunftsVortrag stellen uns die Sch\u00fcler:innen des Gymnasiums Mering ihren Naturlehrpfad vor.\",\"breadcrumb\":{\"@id\":\"https:\\\/\\\/mering.info\\\/?tribe_events=zukunftsvortrag-naturlehrpfad#breadcrumb\"},\"inLanguage\":\"de\",\"potentialAction\":[{\"@type\":\"ReadAction\",\"target\":[\"https:\\\/\\\/mering.info\\\/?tribe_events=zukunftsvortrag-naturlehrpfad\"]}]},{\"@type\":\"ImageObject\",\"inLanguage\":\"de\",\"@id\":\"https:\\\/\\\/mering.info\\\/?tribe_events=zukunftsvortrag-naturlehrpfad#primaryimage\",\"url\":\"https:\\\/\\\/mering.info\\\/wp-content\\\/uploads\\\/2023\\\/07\\\/Plakat_Seite1_tiny.png\",\"contentUrl\":\"https:\\\/\\\/mering.info\\\/wp-content\\\/uploads\\\/2023\\\/07\\\/Plakat_Seite1_tiny.png\",\"width\":413,\"height\":587,\"caption\":\"Plakat_Seite1\"},{\"@type\":\"BreadcrumbList\",\"@id\":\"https:\\\/\\\/mering.info\\\/?tribe_events=zukunftsvortrag-naturlehrpfad#breadcrumb\",\"itemListElement\":[{\"@type\":\"ListItem\",\"position\":1,\"name\":\"Startseite\",\"item\":\"https:\\\/\\\/mering.info\\\/\"},{\"@type\":\"ListItem\",\"position\":2,\"name\":\"Veranstaltungen\",\"item\":\"https:\\\/\\\/mering.info\\\/?post_type=tribe_events\"},{\"@type\":\"ListItem\",\"position\":3,\"name\":\"ZukunftsVortrag: Naturlehrpfad\"}]},{\"@type\":\"WebSite\",\"@id\":\"https:\\\/\\\/mering.info\\\/#website\",\"url\":\"https:\\\/\\\/mering.info\\\/\",\"name\":\"Nachhaltiges Mering\",\"description\":\"Zukunftsf\u00e4higes Mering\",\"potentialAction\":[{\"@type\":\"SearchAction\",\"target\":{\"@type\":\"EntryPoint\",\"urlTemplate\":\"https:\\\/\\\/mering.info\\\/?s={search_term_string}\"},\"query-input\":{\"@type\":\"PropertyValueSpecification\",\"valueRequired\":true,\"valueName\":\"search_term_string\"}}],\"inLanguage\":\"de\"}]}<\/script>\n<!-- \/ Yoast SEO plugin. -->","yoast_head_json":{"title":"ZukunftsVortrag: Naturlehrpfad - Nachhaltiges Mering","description":"Bei unserem n\u00e4chsten ZukunftsVortrag stellen uns die Sch\u00fcler:innen des Gymnasiums Mering ihren Naturlehrpfad vor.","robots":{"index":"index","follow":"follow","max-snippet":"max-snippet:-1","max-image-preview":"max-image-preview:large","max-video-preview":"max-video-preview:-1"},"canonical":"https:\/\/mering.info\/?tribe_events=zukunftsvortrag-naturlehrpfad","og_locale":"de_DE","og_type":"article","og_title":"ZukunftsVortrag: Naturlehrpfad - Nachhaltiges Mering","og_description":"Bei unserem n\u00e4chsten ZukunftsVortrag stellen uns die Sch\u00fcler:innen des Gymnasiums Mering ihren Naturlehrpfad vor.","og_url":"https:\/\/mering.info\/?tribe_events=zukunftsvortrag-naturlehrpfad","og_site_name":"Nachhaltiges Mering","article_modified_time":"2023-07-02T22:34:32+00:00","og_image":[{"url":"https:\/\/mering.info\/wp-content\/uploads\/2023\/07\/Plakat_Seite1_tiny-211x300.png","type":"","width":"","height":""}],"twitter_card":"summary_large_image","twitter_misc":{"Gesch\u00e4tzte Lesezeit":"2\u00a0Minuten"},"schema":{"@context":"https:\/\/schema.org","@graph":[{"@type":"WebPage","@id":"https:\/\/mering.info\/?tribe_events=zukunftsvortrag-naturlehrpfad","url":"https:\/\/mering.info\/?tribe_events=zukunftsvortrag-naturlehrpfad","name":"ZukunftsVortrag: Naturlehrpfad - Nachhaltiges Mering","isPartOf":{"@id":"https:\/\/mering.info\/#website"},"primaryImageOfPage":{"@id":"https:\/\/mering.info\/?tribe_events=zukunftsvortrag-naturlehrpfad#primaryimage"},"image":{"@id":"https:\/\/mering.info\/?tribe_events=zukunftsvortrag-naturlehrpfad#primaryimage"},"thumbnailUrl":"https:\/\/mering.info\/wp-content\/uploads\/2023\/07\/Plakat_Seite1_tiny-211x300.png","datePublished":"2023-05-28T10:48:46+00:00","dateModified":"2023-07-02T22:34:32+00:00","description":"Bei unserem n\u00e4chsten ZukunftsVortrag stellen uns die Sch\u00fcler:innen des Gymnasiums Mering ihren Naturlehrpfad vor.","breadcrumb":{"@id":"https:\/\/mering.info\/?tribe_events=zukunftsvortrag-naturlehrpfad#breadcrumb"},"inLanguage":"de","potentialAction":[{"@type":"ReadAction","target":["https:\/\/mering.info\/?tribe_events=zukunftsvortrag-naturlehrpfad"]}]},{"@type":"ImageObject","inLanguage":"de","@id":"https:\/\/mering.info\/?tribe_events=zukunftsvortrag-naturlehrpfad#primaryimage","url":"https:\/\/mering.info\/wp-content\/uploads\/2023\/07\/Plakat_Seite1_tiny.png","contentUrl":"https:\/\/mering.info\/wp-content\/uploads\/2023\/07\/Plakat_Seite1_tiny.png","width":413,"height":587,"caption":"Plakat_Seite1"},{"@type":"BreadcrumbList","@id":"https:\/\/mering.info\/?tribe_events=zukunftsvortrag-naturlehrpfad#breadcrumb","itemListElement":[{"@type":"ListItem","position":1,"name":"Startseite","item":"https:\/\/mering.info\/"},{"@type":"ListItem","position":2,"name":"Veranstaltungen","item":"https:\/\/mering.info\/?post_type=tribe_events"},{"@type":"ListItem","position":3,"name":"ZukunftsVortrag: Naturlehrpfad"}]},{"@type":"WebSite","@id":"https:\/\/mering.info\/#website","url":"https:\/\/mering.info\/","name":"Nachhaltiges Mering","description":"Zukunftsf\u00e4higes Mering","potentialAction":[{"@type":"SearchAction","target":{"@type":"EntryPoint","urlTemplate":"https:\/\/mering.info\/?s={search_term_string}"},"query-input":{"@type":"PropertyValueSpecification","valueRequired":true,"valueName":"search_term_string"}}],"inLanguage":"de"}]}},"jetpack_sharing_enabled":true,"_links":{"self":[{"href":"https:\/\/mering.info\/index.php?rest_route=\/wp\/v2\/tribe_events\/5405","targetHints":{"allow":["GET"]}}],"collection":[{"href":"https:\/\/mering.info\/index.php?rest_route=\/wp\/v2\/tribe_events"}],"about":[{"href":"https:\/\/mering.info\/index.php?rest_route=\/wp\/v2\/types\/tribe_events"}],"author":[{"embeddable":true,"href":"https:\/\/mering.info\/index.php?rest_route=\/wp\/v2\/users\/12"}],"version-history":[{"count":3,"href":"https:\/\/mering.info\/index.php?rest_route=\/wp\/v2\/tribe_events\/5405\/revisions"}],"predecessor-version":[{"id":5426,"href":"https:\/\/mering.info\/index.php?rest_route=\/wp\/v2\/tribe_events\/5405\/revisions\/5426"}],"wp:attachment":[{"href":"https:\/\/mering.info\/index.php?rest_route=%2Fwp%2Fv2%2Fmedia&parent=5405"}],"wp:term":[{"taxonomy":"post_tag","embeddable":true,"href":"https:\/\/mering.info\/index.php?rest_route=%2Fwp%2Fv2%2Ftags&post=5405"},{"taxonomy":"tribe_events_cat","embeddable":true,"href":"https:\/\/mering.info\/index.php?rest_route=%2Fwp%2Fv2%2Ftribe_events_cat&post=5405"}],"curies":[{"name":"wp","href":"https:\/\/api.w.org\/{rel}","templated":true}]}}

<p>Am Mittwoch, 5. Juli 2023, werden uns die Schüler:innen vom Gymnasium in einem ZukunftsVortrag von ihrem Naturlehrpfad berichten. Der Vortrag findet um 19:30 Uhr in der Bücherei Mering statt.</p>
<p><img fetchpriority="high" decoding="async" class="alignnone size-medium wp-image-5424" src="https://mering.info/wp-content/uploads/2023/07/Plakat_Seite1_tiny-211x300.png" alt="" width="211" height="300" srcset="https://mering.info/wp-content/uploads/2023/07/Plakat_Seite1_tiny-211x300.png 211w, https://mering.info/wp-content/uploads/2023/07/Plakat_Seite1_tiny.png 413w" sizes="(max-width: 211px) 100vw, 211px" /></p>
<p>Das P-Seminar „Naturlehrpfad“ vom Gymnasium Mering stellt hier seinen kleinen Beitrag zu der Vermittlung von Naturverbundenheit an die nächste Generation vor.</p>
<p>Mit seinem interaktiven Rad auf der Gemeindefläche an der Tunnelstraße können verschiedene Scheiben mit Bildern in die richtige Ordnung gebracht werden. Es informiert so Groß und Klein spielerisch über Flora und Fauna.</p>
<p>Im Frühjahr 2023 hat der Markt Mering hier Sauerampfer entfernt, um Platz für andere krautige Blühpflanzen zu schaffen und so für mehr Artenvielfalt zu sorgen.</p>
<p>Auch auf der Wiese, auf der unser Rad zu finden ist, befinden sich jetzt einige neu angesäte Arten wie die Echte Kamille oder den Klatschmohn, die man im Sommer bewundern kann.</p>
<p>Das Plakat können Sie <a href="https://mering.info/wp-content/uploads/2023/07/2023-07-05-ZukunftsVortrag-final.pdf" target="_blank" rel="noopener">hier herunterladen</a>.</p>
<p><img decoding="async" class="alignnone size-medium wp-image-5425" src="https://mering.info/wp-content/uploads/2023/07/Plakat_Seite2_tiny-211x300.png" alt="" width="211" height="300" srcset="https://mering.info/wp-content/uploads/2023/07/Plakat_Seite2_tiny-211x300.png 211w, https://mering.info/wp-content/uploads/2023/07/Plakat_Seite2_tiny.png 413w" sizes="(max-width: 211px) 100vw, 211px" /></p>

<p>Bei unserem nächsten ZukunftsVortrag stellen uns die Schüler:innen des Gymnasiums Mering ihren Naturlehrpfad vor.</p>

<!-- This site is optimized with the Yoast SEO plugin v27.5 - https://yoast.com/product/yoast-seo-wordpress/ -->
<title>ZukunftsVortrag: Naturlehrpfad - Nachhaltiges Mering</title>
<meta name="description" content="Bei unserem nächsten ZukunftsVortrag stellen uns die Schüler:innen des Gymnasiums Mering ihren Naturlehrpfad vor." />
<meta name="robots" content="index, follow, max-snippet:-1, max-image-preview:large, max-video-preview:-1" />
<link rel="canonical" href="https://mering.info/?tribe_events=zukunftsvortrag-naturlehrpfad" />
<meta property="og:locale" content="de_DE" />
<meta property="og:type" content="article" />
<meta property="og:title" content="ZukunftsVortrag: Naturlehrpfad - Nachhaltiges Mering" />
<meta property="og:description" content="Bei unserem nächsten ZukunftsVortrag stellen uns die Schüler:innen des Gymnasiums Mering ihren Naturlehrpfad vor." />
<meta property="og:url" content="https://mering.info/?tribe_events=zukunftsvortrag-naturlehrpfad" />
<meta property="og:site_name" content="Nachhaltiges Mering" />
<meta property="article:modified_time" content="2023-07-02T22:34:32+00:00" />
<meta property="og:image" content="https://mering.info/wp-content/uploads/2023/07/Plakat_Seite1_tiny-211x300.png" />
<meta name="twitter:card" content="summary_large_image" />
<meta name="twitter:label1" content="Geschätzte Lesezeit" />
	<meta name="twitter:data1" content="2 Minuten" />
<script type="application/ld+json" class="yoast-schema-graph">{"@context":"https:\/\/schema.org","@graph":[{"@type":"WebPage","@id":"https:\/\/mering.info\/?tribe_events=zukunftsvortrag-naturlehrpfad","url":"https:\/\/mering.info\/?tribe_events=zukunftsvortrag-naturlehrpfad","name":"ZukunftsVortrag: Naturlehrpfad - Nachhaltiges Mering","isPartOf":{"@id":"https:\/\/mering.info\/#website"},"primaryImageOfPage":{"@id":"https:\/\/mering.info\/?tribe_events=zukunftsvortrag-naturlehrpfad#primaryimage"},"image":{"@id":"https:\/\/mering.info\/?tribe_events=zukunftsvortrag-naturlehrpfad#primaryimage"},"thumbnailUrl":"https:\/\/mering.info\/wp-content\/uploads\/2023\/07\/Plakat_Seite1_tiny-211x300.png","datePublished":"2023-05-28T10:48:46+00:00","dateModified":"2023-07-02T22:34:32+00:00","description":"Bei unserem nächsten ZukunftsVortrag stellen uns die Schüler:innen des Gymnasiums Mering ihren Naturlehrpfad vor.","breadcrumb":{"@id":"https:\/\/mering.info\/?tribe_events=zukunftsvortrag-naturlehrpfad#breadcrumb"},"inLanguage":"de","potentialAction":[{"@type":"ReadAction","target":["https:\/\/mering.info\/?tribe_events=zukunftsvortrag-naturlehrpfad"]}]},{"@type":"ImageObject","inLanguage":"de","@id":"https:\/\/mering.info\/?tribe_events=zukunftsvortrag-naturlehrpfad#primaryimage","url":"https:\/\/mering.info\/wp-content\/uploads\/2023\/07\/Plakat_Seite1_tiny.png","contentUrl":"https:\/\/mering.info\/wp-content\/uploads\/2023\/07\/Plakat_Seite1_tiny.png","width":413,"height":587,"caption":"Plakat_Seite1"},{"@type":"BreadcrumbList","@id":"https:\/\/mering.info\/?tribe_events=zukunftsvortrag-naturlehrpfad#breadcrumb","itemListElement":[{"@type":"ListItem","position":1,"name":"Startseite","item":"https:\/\/mering.info\/"},{"@type":"ListItem","position":2,"name":"Veranstaltungen","item":"https:\/\/mering.info\/?post_type=tribe_events"},{"@type":"ListItem","position":3,"name":"ZukunftsVortrag: Naturlehrpfad"}]},{"@type":"WebSite","@id":"https:\/\/mering.info\/#website","url":"https:\/\/mering.info\/","name":"Nachhaltiges Mering","description":"Zukunftsfähiges Mering","potentialAction":[{"@type":"SearchAction","target":{"@type":"EntryPoint","urlTemplate":"https:\/\/mering.info\/?s={search_term_string}"},"query-input":{"@type":"PropertyValueSpecification","valueRequired":true,"valueName":"search_term_string"}}],"inLanguage":"de"}]}</script>
<!-- / Yoast SEO plugin. -->

Bei unserem nächsten ZukunftsVortrag stellen uns die Schüler:innen des Gymnasiums Mering ihren Naturlehrpfad vor.

Zukunftsfähiges Mering
