{"id":5407,"date":"2023-05-28T12:54:33","date_gmt":"2023-05-28T10:54:33","guid":{"rendered":"https:\/\/mering.info\/?post_type=tribe_events&#038;p=5407"},"modified":"2023-07-06T20:07:07","modified_gmt":"2023-07-06T18:07:07","slug":"zukunftstour-fuehrung-durch-den-hartwald-mit-rudolf-brandl","status":"publish","type":"tribe_events","link":"https:\/\/mering.info\/?tribe_events=zukunftstour-fuehrung-durch-den-hartwald-mit-rudolf-brandl","title":{"rendered":"ZukunftsTour: F\u00fchrung durch den Hartwald mit Rudolf Brandl"},"content":{"rendered":"<p>Am Samstag, 15. Juli 2023, fahren wir auf unserer n\u00e4chsten ZukunftsTour mit dem F\u00f6rster Rudolf Brandl in den Hartwald. Herr Brandl wird uns etwas zum Hartwald erz\u00e4hlen. Treffpunkt ist um 13:30 Uhr am Bahnhof Mering.<\/p>\n<p><img fetchpriority=\"high\" decoding=\"async\" class=\"size-medium wp-image-5427\" src=\"https:\/\/mering.info\/wp-content\/uploads\/2023\/07\/HartWald1_tiny-211x300.png\" alt=\"ZukunftsTour Hartwald 2023\" width=\"211\" height=\"300\" srcset=\"https:\/\/mering.info\/wp-content\/uploads\/2023\/07\/HartWald1_tiny-211x300.png 211w, https:\/\/mering.info\/wp-content\/uploads\/2023\/07\/HartWald1_tiny.png 413w\" sizes=\"(max-width: 211px) 100vw, 211px\" \/><\/p>\n<p>Die Folgen des Klimawandels haben in den letzten Jahren deutliche<br \/>\nSpuren in den deutschen W\u00e4ldern hinterlassen. Diese Worte stammen aus dem aktuellen Waldbericht der Bundesregierung und zeigen: Dem Wald geht\u2019s leider \u00fcberhaupt nicht gut.<\/p>\n<p>Wie schaut es bei uns vor Ort in Mering aus? Gibt es unseren Wald noch in 20 Jahren?<\/p>\n<p>Im Meringer Hartwald wird darauf reagiert und der Wald nach und nach umgestaltet, indem vorsichtig neue Baumarten und Baumgesellschaften eingef\u00fchrt werden und insgesamt auf mehr Vielfalt in der Natur geachtet wird. Ein Generationenprojekt, denn B\u00e4ume und Wald brauchen Zeit, um zu wachsen. Umso fr\u00fcher muss man mit der Umgestaltung beginnen.<\/p>\n<p>Neben dem F\u00f6rster Rudi Brandl wird auch Franz Probst vor Ort sein, der einige Fl\u00e4chen im Hartwald pflegt und auch ein Kenner des Waldes ist.<\/p>\n<p>Im Anschluss an die ZukunftsTour gegen 16.30 Uhr besteht noch die M\u00f6glichkeit, mit den Aktiven des \u201eB\u00fcndnis Nachhaltiges Mering\u201c in den Biergarten am Badanger einzukehren.<\/p>\n<p>Den Flyer zum Download <a href=\"\/wp-content\/uploads\/2023\/07\/2023-07-15-ZukunftsTour-in-den-Hartwald.pdf\" target=\"_blank\" rel=\"noopener\">finden Sie hier<\/a>.<\/p>\n<p><img decoding=\"async\" class=\"size-medium wp-image-5428\" src=\"https:\/\/mering.info\/wp-content\/uploads\/2023\/07\/HartWald2_tiny-210x300.png\" alt=\"ZukunftsTour Hartwald 2023\" width=\"210\" height=\"300\" srcset=\"https:\/\/mering.info\/wp-content\/uploads\/2023\/07\/HartWald2_tiny-210x300.png 210w, https:\/\/mering.info\/wp-content\/uploads\/2023\/07\/HartWald2_tiny.png 411w\" sizes=\"(max-width: 210px) 100vw, 210px\" \/><\/p>\n","protected":false},"excerpt":{"rendered":"<p>Am Samstag, 15. Juli 2023, fahren wir auf unserer n\u00e4chsten ZukunftsTour mit dem F\u00f6rster Rudolf Brandl in den Hartwald.<\/p>\n","protected":false},"author":12,"featured_media":0,"template":"","meta":{"jetpack_post_was_ever_published":false,"_tribe_events_status":"","_tribe_events_status_reason":"","footnotes":""},"tags":[226,225],"tribe_events_cat":[134],"class_list":["post-5407","tribe_events","type-tribe_events","status-publish","hentry","tag-hartwald","tag-zukunftstour","tribe_events_cat-zukunftstour","cat_zukunftstour"],"yoast_head":"<!-- This site is optimized with the Yoast SEO plugin v27.5 - https:\/\/yoast.com\/product\/yoast-seo-wordpress\/ -->\n<title>ZukunftsTour: F\u00fchrung durch den Hartwald mit Rudolf Brandl - Nachhaltiges Mering<\/title>\n<meta name=\"description\" content=\"Am Samstag, 15. Juli 2023, fahren wir auf unserer n\u00e4chsten ZukunftsTour mit dem F\u00f6rster Rudolf Brandl in den Hartwald.\" \/>\n<meta name=\"robots\" content=\"index, follow, max-snippet:-1, max-image-preview:large, max-video-preview:-1\" \/>\n<link rel=\"canonical\" href=\"https:\/\/mering.info\/?tribe_events=zukunftstour-fuehrung-durch-den-hartwald-mit-rudolf-brandl\" \/>\n<meta property=\"og:locale\" content=\"de_DE\" \/>\n<meta property=\"og:type\" content=\"article\" \/>\n<meta property=\"og:title\" content=\"ZukunftsTour: F\u00fchrung durch den Hartwald mit Rudolf Brandl - Nachhaltiges Mering\" \/>\n<meta property=\"og:description\" content=\"Am Samstag, 15. Juli 2023, fahren wir auf unserer n\u00e4chsten ZukunftsTour mit dem F\u00f6rster Rudolf Brandl in den Hartwald.\" \/>\n<meta property=\"og:url\" content=\"https:\/\/mering.info\/?tribe_events=zukunftstour-fuehrung-durch-den-hartwald-mit-rudolf-brandl\" \/>\n<meta property=\"og:site_name\" content=\"Nachhaltiges Mering\" \/>\n<meta property=\"article:modified_time\" content=\"2023-07-06T18:07:07+00:00\" \/>\n<meta property=\"og:image\" content=\"https:\/\/mering.info\/wp-content\/uploads\/2023\/07\/HartWald1_tiny-211x300.png\" \/>\n<meta name=\"twitter:card\" content=\"summary_large_image\" \/>\n<meta name=\"twitter:label1\" content=\"Gesch\u00e4tzte Lesezeit\" \/>\n\t<meta name=\"twitter:data1\" content=\"2\u00a0Minuten\" \/>\n<script type=\"application\/ld+json\" class=\"yoast-schema-graph\">{\"@context\":\"https:\\\/\\\/schema.org\",\"@graph\":[{\"@type\":\"WebPage\",\"@id\":\"https:\\\/\\\/mering.info\\\/?tribe_events=zukunftstour-fuehrung-durch-den-hartwald-mit-rudolf-brandl\",\"url\":\"https:\\\/\\\/mering.info\\\/?tribe_events=zukunftstour-fuehrung-durch-den-hartwald-mit-rudolf-brandl\",\"name\":\"ZukunftsTour: F\u00fchrung durch den Hartwald mit Rudolf Brandl - Nachhaltiges Mering\",\"isPartOf\":{\"@id\":\"https:\\\/\\\/mering.info\\\/#website\"},\"primaryImageOfPage\":{\"@id\":\"https:\\\/\\\/mering.info\\\/?tribe_events=zukunftstour-fuehrung-durch-den-hartwald-mit-rudolf-brandl#primaryimage\"},\"image\":{\"@id\":\"https:\\\/\\\/mering.info\\\/?tribe_events=zukunftstour-fuehrung-durch-den-hartwald-mit-rudolf-brandl#primaryimage\"},\"thumbnailUrl\":\"https:\\\/\\\/mering.info\\\/wp-content\\\/uploads\\\/2023\\\/07\\\/HartWald1_tiny-211x300.png\",\"datePublished\":\"2023-05-28T10:54:33+00:00\",\"dateModified\":\"2023-07-06T18:07:07+00:00\",\"description\":\"Am Samstag, 15. Juli 2023, fahren wir auf unserer n\u00e4chsten ZukunftsTour mit dem F\u00f6rster Rudolf Brandl in den Hartwald.\",\"breadcrumb\":{\"@id\":\"https:\\\/\\\/mering.info\\\/?tribe_events=zukunftstour-fuehrung-durch-den-hartwald-mit-rudolf-brandl#breadcrumb\"},\"inLanguage\":\"de\",\"potentialAction\":[{\"@type\":\"ReadAction\",\"target\":[\"https:\\\/\\\/mering.info\\\/?tribe_events=zukunftstour-fuehrung-durch-den-hartwald-mit-rudolf-brandl\"]}]},{\"@type\":\"ImageObject\",\"inLanguage\":\"de\",\"@id\":\"https:\\\/\\\/mering.info\\\/?tribe_events=zukunftstour-fuehrung-durch-den-hartwald-mit-rudolf-brandl#primaryimage\",\"url\":\"https:\\\/\\\/mering.info\\\/wp-content\\\/uploads\\\/2023\\\/07\\\/HartWald1_tiny.png\",\"contentUrl\":\"https:\\\/\\\/mering.info\\\/wp-content\\\/uploads\\\/2023\\\/07\\\/HartWald1_tiny.png\",\"width\":413,\"height\":587,\"caption\":\"ZukunftsTour Hartwald 2023\"},{\"@type\":\"BreadcrumbList\",\"@id\":\"https:\\\/\\\/mering.info\\\/?tribe_events=zukunftstour-fuehrung-durch-den-hartwald-mit-rudolf-brandl#breadcrumb\",\"itemListElement\":[{\"@type\":\"ListItem\",\"position\":1,\"name\":\"Startseite\",\"item\":\"https:\\\/\\\/mering.info\\\/\"},{\"@type\":\"ListItem\",\"position\":2,\"name\":\"Veranstaltungen\",\"item\":\"https:\\\/\\\/mering.info\\\/?post_type=tribe_events\"},{\"@type\":\"ListItem\",\"position\":3,\"name\":\"ZukunftsTour: F\u00fchrung durch den Hartwald mit Rudolf Brandl\"}]},{\"@type\":\"WebSite\",\"@id\":\"https:\\\/\\\/mering.info\\\/#website\",\"url\":\"https:\\\/\\\/mering.info\\\/\",\"name\":\"Nachhaltiges Mering\",\"description\":\"Zukunftsf\u00e4higes Mering\",\"potentialAction\":[{\"@type\":\"SearchAction\",\"target\":{\"@type\":\"EntryPoint\",\"urlTemplate\":\"https:\\\/\\\/mering.info\\\/?s={search_term_string}\"},\"query-input\":{\"@type\":\"PropertyValueSpecification\",\"valueRequired\":true,\"valueName\":\"search_term_string\"}}],\"inLanguage\":\"de\"}]}<\/script>\n<!-- \/ Yoast SEO plugin. -->","yoast_head_json":{"title":"ZukunftsTour: F\u00fchrung durch den Hartwald mit Rudolf Brandl - Nachhaltiges Mering","description":"Am Samstag, 15. Juli 2023, fahren wir auf unserer n\u00e4chsten ZukunftsTour mit dem F\u00f6rster Rudolf Brandl in den Hartwald.","robots":{"index":"index","follow":"follow","max-snippet":"max-snippet:-1","max-image-preview":"max-image-preview:large","max-video-preview":"max-video-preview:-1"},"canonical":"https:\/\/mering.info\/?tribe_events=zukunftstour-fuehrung-durch-den-hartwald-mit-rudolf-brandl","og_locale":"de_DE","og_type":"article","og_title":"ZukunftsTour: F\u00fchrung durch den Hartwald mit Rudolf Brandl - Nachhaltiges Mering","og_description":"Am Samstag, 15. Juli 2023, fahren wir auf unserer n\u00e4chsten ZukunftsTour mit dem F\u00f6rster Rudolf Brandl in den Hartwald.","og_url":"https:\/\/mering.info\/?tribe_events=zukunftstour-fuehrung-durch-den-hartwald-mit-rudolf-brandl","og_site_name":"Nachhaltiges Mering","article_modified_time":"2023-07-06T18:07:07+00:00","og_image":[{"url":"https:\/\/mering.info\/wp-content\/uploads\/2023\/07\/HartWald1_tiny-211x300.png","type":"","width":"","height":""}],"twitter_card":"summary_large_image","twitter_misc":{"Gesch\u00e4tzte Lesezeit":"2\u00a0Minuten"},"schema":{"@context":"https:\/\/schema.org","@graph":[{"@type":"WebPage","@id":"https:\/\/mering.info\/?tribe_events=zukunftstour-fuehrung-durch-den-hartwald-mit-rudolf-brandl","url":"https:\/\/mering.info\/?tribe_events=zukunftstour-fuehrung-durch-den-hartwald-mit-rudolf-brandl","name":"ZukunftsTour: F\u00fchrung durch den Hartwald mit Rudolf Brandl - Nachhaltiges Mering","isPartOf":{"@id":"https:\/\/mering.info\/#website"},"primaryImageOfPage":{"@id":"https:\/\/mering.info\/?tribe_events=zukunftstour-fuehrung-durch-den-hartwald-mit-rudolf-brandl#primaryimage"},"image":{"@id":"https:\/\/mering.info\/?tribe_events=zukunftstour-fuehrung-durch-den-hartwald-mit-rudolf-brandl#primaryimage"},"thumbnailUrl":"https:\/\/mering.info\/wp-content\/uploads\/2023\/07\/HartWald1_tiny-211x300.png","datePublished":"2023-05-28T10:54:33+00:00","dateModified":"2023-07-06T18:07:07+00:00","description":"Am Samstag, 15. Juli 2023, fahren wir auf unserer n\u00e4chsten ZukunftsTour mit dem F\u00f6rster Rudolf Brandl in den Hartwald.","breadcrumb":{"@id":"https:\/\/mering.info\/?tribe_events=zukunftstour-fuehrung-durch-den-hartwald-mit-rudolf-brandl#breadcrumb"},"inLanguage":"de","potentialAction":[{"@type":"ReadAction","target":["https:\/\/mering.info\/?tribe_events=zukunftstour-fuehrung-durch-den-hartwald-mit-rudolf-brandl"]}]},{"@type":"ImageObject","inLanguage":"de","@id":"https:\/\/mering.info\/?tribe_events=zukunftstour-fuehrung-durch-den-hartwald-mit-rudolf-brandl#primaryimage","url":"https:\/\/mering.info\/wp-content\/uploads\/2023\/07\/HartWald1_tiny.png","contentUrl":"https:\/\/mering.info\/wp-content\/uploads\/2023\/07\/HartWald1_tiny.png","width":413,"height":587,"caption":"ZukunftsTour Hartwald 2023"},{"@type":"BreadcrumbList","@id":"https:\/\/mering.info\/?tribe_events=zukunftstour-fuehrung-durch-den-hartwald-mit-rudolf-brandl#breadcrumb","itemListElement":[{"@type":"ListItem","position":1,"name":"Startseite","item":"https:\/\/mering.info\/"},{"@type":"ListItem","position":2,"name":"Veranstaltungen","item":"https:\/\/mering.info\/?post_type=tribe_events"},{"@type":"ListItem","position":3,"name":"ZukunftsTour: F\u00fchrung durch den Hartwald mit Rudolf Brandl"}]},{"@type":"WebSite","@id":"https:\/\/mering.info\/#website","url":"https:\/\/mering.info\/","name":"Nachhaltiges Mering","description":"Zukunftsf\u00e4higes Mering","potentialAction":[{"@type":"SearchAction","target":{"@type":"EntryPoint","urlTemplate":"https:\/\/mering.info\/?s={search_term_string}"},"query-input":{"@type":"PropertyValueSpecification","valueRequired":true,"valueName":"search_term_string"}}],"inLanguage":"de"}]}},"jetpack_sharing_enabled":true,"_links":{"self":[{"href":"https:\/\/mering.info\/index.php?rest_route=\/wp\/v2\/tribe_events\/5407","targetHints":{"allow":["GET"]}}],"collection":[{"href":"https:\/\/mering.info\/index.php?rest_route=\/wp\/v2\/tribe_events"}],"about":[{"href":"https:\/\/mering.info\/index.php?rest_route=\/wp\/v2\/types\/tribe_events"}],"author":[{"embeddable":true,"href":"https:\/\/mering.info\/index.php?rest_route=\/wp\/v2\/users\/12"}],"version-history":[{"count":4,"href":"https:\/\/mering.info\/index.php?rest_route=\/wp\/v2\/tribe_events\/5407\/revisions"}],"predecessor-version":[{"id":5432,"href":"https:\/\/mering.info\/index.php?rest_route=\/wp\/v2\/tribe_events\/5407\/revisions\/5432"}],"wp:attachment":[{"href":"https:\/\/mering.info\/index.php?rest_route=%2Fwp%2Fv2%2Fmedia&parent=5407"}],"wp:term":[{"taxonomy":"post_tag","embeddable":true,"href":"https:\/\/mering.info\/index.php?rest_route=%2Fwp%2Fv2%2Ftags&post=5407"},{"taxonomy":"tribe_events_cat","embeddable":true,"href":"https:\/\/mering.info\/index.php?rest_route=%2Fwp%2Fv2%2Ftribe_events_cat&post=5407"}],"curies":[{"name":"wp","href":"https:\/\/api.w.org\/{rel}","templated":true}]}}

ZukunftsTour: Führung durch den Hartwald mit Rudolf Brandl

<p>Am Samstag, 15. Juli 2023, fahren wir auf unserer nächsten ZukunftsTour mit dem Förster Rudolf Brandl in den Hartwald. Herr Brandl wird uns etwas zum Hartwald erzählen. Treffpunkt ist um 13:30 Uhr am Bahnhof Mering.</p>
<p><img fetchpriority="high" decoding="async" class="size-medium wp-image-5427" src="https://mering.info/wp-content/uploads/2023/07/HartWald1_tiny-211x300.png" alt="ZukunftsTour Hartwald 2023" width="211" height="300" srcset="https://mering.info/wp-content/uploads/2023/07/HartWald1_tiny-211x300.png 211w, https://mering.info/wp-content/uploads/2023/07/HartWald1_tiny.png 413w" sizes="(max-width: 211px) 100vw, 211px" /></p>
<p>Die Folgen des Klimawandels haben in den letzten Jahren deutliche<br />
Spuren in den deutschen Wäldern hinterlassen. Diese Worte stammen aus dem aktuellen Waldbericht der Bundesregierung und zeigen: Dem Wald geht’s leider überhaupt nicht gut.</p>
<p>Wie schaut es bei uns vor Ort in Mering aus? Gibt es unseren Wald noch in 20 Jahren?</p>
<p>Im Meringer Hartwald wird darauf reagiert und der Wald nach und nach umgestaltet, indem vorsichtig neue Baumarten und Baumgesellschaften eingeführt werden und insgesamt auf mehr Vielfalt in der Natur geachtet wird. Ein Generationenprojekt, denn Bäume und Wald brauchen Zeit, um zu wachsen. Umso früher muss man mit der Umgestaltung beginnen.</p>
<p>Neben dem Förster Rudi Brandl wird auch Franz Probst vor Ort sein, der einige Flächen im Hartwald pflegt und auch ein Kenner des Waldes ist.</p>
<p>Im Anschluss an die ZukunftsTour gegen 16.30 Uhr besteht noch die Möglichkeit, mit den Aktiven des „Bündnis Nachhaltiges Mering“ in den Biergarten am Badanger einzukehren.</p>
<p>Den Flyer zum Download <a href="/wp-content/uploads/2023/07/2023-07-15-ZukunftsTour-in-den-Hartwald.pdf" target="_blank" rel="noopener">finden Sie hier</a>.</p>
<p><img decoding="async" class="size-medium wp-image-5428" src="https://mering.info/wp-content/uploads/2023/07/HartWald2_tiny-210x300.png" alt="ZukunftsTour Hartwald 2023" width="210" height="300" srcset="https://mering.info/wp-content/uploads/2023/07/HartWald2_tiny-210x300.png 210w, https://mering.info/wp-content/uploads/2023/07/HartWald2_tiny.png 411w" sizes="(max-width: 210px) 100vw, 210px" /></p>

<p>Am Samstag, 15. Juli 2023, fahren wir auf unserer nächsten ZukunftsTour mit dem Förster Rudolf Brandl in den Hartwald.</p>

<!-- This site is optimized with the Yoast SEO plugin v27.5 - https://yoast.com/product/yoast-seo-wordpress/ -->
<title>ZukunftsTour: Führung durch den Hartwald mit Rudolf Brandl - Nachhaltiges Mering</title>
<meta name="description" content="Am Samstag, 15. Juli 2023, fahren wir auf unserer nächsten ZukunftsTour mit dem Förster Rudolf Brandl in den Hartwald." />
<meta name="robots" content="index, follow, max-snippet:-1, max-image-preview:large, max-video-preview:-1" />
<link rel="canonical" href="https://mering.info/?tribe_events=zukunftstour-fuehrung-durch-den-hartwald-mit-rudolf-brandl" />
<meta property="og:locale" content="de_DE" />
<meta property="og:type" content="article" />
<meta property="og:title" content="ZukunftsTour: Führung durch den Hartwald mit Rudolf Brandl - Nachhaltiges Mering" />
<meta property="og:description" content="Am Samstag, 15. Juli 2023, fahren wir auf unserer nächsten ZukunftsTour mit dem Förster Rudolf Brandl in den Hartwald." />
<meta property="og:url" content="https://mering.info/?tribe_events=zukunftstour-fuehrung-durch-den-hartwald-mit-rudolf-brandl" />
<meta property="og:site_name" content="Nachhaltiges Mering" />
<meta property="article:modified_time" content="2023-07-06T18:07:07+00:00" />
<meta property="og:image" content="https://mering.info/wp-content/uploads/2023/07/HartWald1_tiny-211x300.png" />
<meta name="twitter:card" content="summary_large_image" />
<meta name="twitter:label1" content="Geschätzte Lesezeit" />
	<meta name="twitter:data1" content="2 Minuten" />
<script type="application/ld+json" class="yoast-schema-graph">{"@context":"https:\/\/schema.org","@graph":[{"@type":"WebPage","@id":"https:\/\/mering.info\/?tribe_events=zukunftstour-fuehrung-durch-den-hartwald-mit-rudolf-brandl","url":"https:\/\/mering.info\/?tribe_events=zukunftstour-fuehrung-durch-den-hartwald-mit-rudolf-brandl","name":"ZukunftsTour: Führung durch den Hartwald mit Rudolf Brandl - Nachhaltiges Mering","isPartOf":{"@id":"https:\/\/mering.info\/#website"},"primaryImageOfPage":{"@id":"https:\/\/mering.info\/?tribe_events=zukunftstour-fuehrung-durch-den-hartwald-mit-rudolf-brandl#primaryimage"},"image":{"@id":"https:\/\/mering.info\/?tribe_events=zukunftstour-fuehrung-durch-den-hartwald-mit-rudolf-brandl#primaryimage"},"thumbnailUrl":"https:\/\/mering.info\/wp-content\/uploads\/2023\/07\/HartWald1_tiny-211x300.png","datePublished":"2023-05-28T10:54:33+00:00","dateModified":"2023-07-06T18:07:07+00:00","description":"Am Samstag, 15. Juli 2023, fahren wir auf unserer nächsten ZukunftsTour mit dem Förster Rudolf Brandl in den Hartwald.","breadcrumb":{"@id":"https:\/\/mering.info\/?tribe_events=zukunftstour-fuehrung-durch-den-hartwald-mit-rudolf-brandl#breadcrumb"},"inLanguage":"de","potentialAction":[{"@type":"ReadAction","target":["https:\/\/mering.info\/?tribe_events=zukunftstour-fuehrung-durch-den-hartwald-mit-rudolf-brandl"]}]},{"@type":"ImageObject","inLanguage":"de","@id":"https:\/\/mering.info\/?tribe_events=zukunftstour-fuehrung-durch-den-hartwald-mit-rudolf-brandl#primaryimage","url":"https:\/\/mering.info\/wp-content\/uploads\/2023\/07\/HartWald1_tiny.png","contentUrl":"https:\/\/mering.info\/wp-content\/uploads\/2023\/07\/HartWald1_tiny.png","width":413,"height":587,"caption":"ZukunftsTour Hartwald 2023"},{"@type":"BreadcrumbList","@id":"https:\/\/mering.info\/?tribe_events=zukunftstour-fuehrung-durch-den-hartwald-mit-rudolf-brandl#breadcrumb","itemListElement":[{"@type":"ListItem","position":1,"name":"Startseite","item":"https:\/\/mering.info\/"},{"@type":"ListItem","position":2,"name":"Veranstaltungen","item":"https:\/\/mering.info\/?post_type=tribe_events"},{"@type":"ListItem","position":3,"name":"ZukunftsTour: Führung durch den Hartwald mit Rudolf Brandl"}]},{"@type":"WebSite","@id":"https:\/\/mering.info\/#website","url":"https:\/\/mering.info\/","name":"Nachhaltiges Mering","description":"Zukunftsfähiges Mering","potentialAction":[{"@type":"SearchAction","target":{"@type":"EntryPoint","urlTemplate":"https:\/\/mering.info\/?s={search_term_string}"},"query-input":{"@type":"PropertyValueSpecification","valueRequired":true,"valueName":"search_term_string"}}],"inLanguage":"de"}]}</script>
<!-- / Yoast SEO plugin. -->

ZukunftsTour: Führung durch den Hartwald mit Rudolf Brandl - Nachhaltiges Mering

Am Samstag, 15. Juli 2023, fahren wir auf unserer nächsten ZukunftsTour mit dem Förster Rudolf Brandl in den Hartwald.

Zukunftsfähiges Mering
