{"id":5409,"date":"2023-05-28T13:01:25","date_gmt":"2023-05-28T11:01:25","guid":{"rendered":"https:\/\/mering.info\/?post_type=tribe_events&#038;p=5409"},"modified":"2023-05-28T13:03:43","modified_gmt":"2023-05-28T11:03:43","slug":"steuerungsgruppe-fairtrade-faires-fruehstueck","status":"publish","type":"tribe_events","link":"https:\/\/mering.info\/?tribe_events=steuerungsgruppe-fairtrade-faires-fruehstueck","title":{"rendered":"Steuerungsgruppe Fairtrade: Faires Fr\u00fchst\u00fcck"},"content":{"rendered":"<p>Die Steuerungsgruppe Fairtrade Gemeinde Markt Mering veranstaltet am Samstag, 24. Juni 2023, ein Faires Fr\u00fchst\u00fcck. Um eine Anmeldung wird unter der Mailadresse <a href=\"mailto:fairtrademering@gmail.com\">fairtrademering@gmail.com<\/a> gebeten. Das Fr\u00fchst\u00fcck findet um 10:00 Uhr im Welt-Raum (Augsburger Stra\u00dfe 3 in Mering, direkt hinter dem Weltladen) statt.<\/p>\n","protected":false},"excerpt":{"rendered":"<p>Die Steuerungsgruppe Fairtrade Gemeinde Markt Mering veranstaltet am Samstag, 24. Juni 2023, ein Faires Fr\u00fchst\u00fcck. Um eine Anmeldung wird unter der Mailadresse fairtrademering@gmail.com gebeten. Das Fr\u00fchst\u00fcck findet um 10:00 Uhr &hellip; <a href=\"https:\/\/mering.info\/?tribe_events=steuerungsgruppe-fairtrade-faires-fruehstueck\" class=\"more-link\"><span class=\"screen-reader-text\">Steuerungsgruppe Fairtrade: Faires Fr\u00fchst\u00fcck<\/span> weiterlesen <span class=\"meta-nav\">&rarr;<\/span><\/a><\/p>\n","protected":false},"author":12,"featured_media":0,"template":"","meta":{"jetpack_post_was_ever_published":false,"_tribe_events_status":"","_tribe_events_status_reason":"","footnotes":""},"tags":[167,172],"tribe_events_cat":[227],"class_list":["post-5409","tribe_events","type-tribe_events","status-publish","hentry","tag-fairtrade","tag-fairtrade-gemeinde","tribe_events_cat-fairtrade","cat_fairtrade"],"yoast_head":"<!-- This site is optimized with the Yoast SEO plugin v27.5 - https:\/\/yoast.com\/product\/yoast-seo-wordpress\/ -->\n<title>Steuerungsgruppe Fairtrade: Faires Fr\u00fchst\u00fcck - Nachhaltiges Mering<\/title>\n<meta name=\"description\" content=\"Die Steuerungsgruppe Fairtrade Gemeinde Markt Mering veranstaltet am Samstag, 24. Juni 2023, 10:00 Uhr, ein Faires Fr\u00fchst\u00fcck im Welt-Raum.\" \/>\n<meta name=\"robots\" content=\"index, follow, max-snippet:-1, max-image-preview:large, max-video-preview:-1\" \/>\n<link rel=\"canonical\" href=\"https:\/\/mering.info\/?tribe_events=steuerungsgruppe-fairtrade-faires-fruehstueck\" \/>\n<meta property=\"og:locale\" content=\"de_DE\" \/>\n<meta property=\"og:type\" content=\"article\" \/>\n<meta property=\"og:title\" content=\"Steuerungsgruppe Fairtrade: Faires Fr\u00fchst\u00fcck - Nachhaltiges Mering\" \/>\n<meta property=\"og:description\" content=\"Die Steuerungsgruppe Fairtrade Gemeinde Markt Mering veranstaltet am Samstag, 24. Juni 2023, 10:00 Uhr, ein Faires Fr\u00fchst\u00fcck im Welt-Raum.\" \/>\n<meta property=\"og:url\" content=\"https:\/\/mering.info\/?tribe_events=steuerungsgruppe-fairtrade-faires-fruehstueck\" \/>\n<meta property=\"og:site_name\" content=\"Nachhaltiges Mering\" \/>\n<meta property=\"article:modified_time\" content=\"2023-05-28T11:03:43+00:00\" \/>\n<meta name=\"twitter:card\" content=\"summary_large_image\" \/>\n<meta name=\"twitter:label1\" content=\"Gesch\u00e4tzte Lesezeit\" \/>\n\t<meta name=\"twitter:data1\" content=\"1\u00a0Minute\" \/>\n<script type=\"application\/ld+json\" class=\"yoast-schema-graph\">{\"@context\":\"https:\\\/\\\/schema.org\",\"@graph\":[{\"@type\":\"WebPage\",\"@id\":\"https:\\\/\\\/mering.info\\\/?tribe_events=steuerungsgruppe-fairtrade-faires-fruehstueck\",\"url\":\"https:\\\/\\\/mering.info\\\/?tribe_events=steuerungsgruppe-fairtrade-faires-fruehstueck\",\"name\":\"Steuerungsgruppe Fairtrade: Faires Fr\u00fchst\u00fcck - Nachhaltiges Mering\",\"isPartOf\":{\"@id\":\"https:\\\/\\\/mering.info\\\/#website\"},\"datePublished\":\"2023-05-28T11:01:25+00:00\",\"dateModified\":\"2023-05-28T11:03:43+00:00\",\"description\":\"Die Steuerungsgruppe Fairtrade Gemeinde Markt Mering veranstaltet am Samstag, 24. Juni 2023, 10:00 Uhr, ein Faires Fr\u00fchst\u00fcck im Welt-Raum.\",\"breadcrumb\":{\"@id\":\"https:\\\/\\\/mering.info\\\/?tribe_events=steuerungsgruppe-fairtrade-faires-fruehstueck#breadcrumb\"},\"inLanguage\":\"de\",\"potentialAction\":[{\"@type\":\"ReadAction\",\"target\":[\"https:\\\/\\\/mering.info\\\/?tribe_events=steuerungsgruppe-fairtrade-faires-fruehstueck\"]}]},{\"@type\":\"BreadcrumbList\",\"@id\":\"https:\\\/\\\/mering.info\\\/?tribe_events=steuerungsgruppe-fairtrade-faires-fruehstueck#breadcrumb\",\"itemListElement\":[{\"@type\":\"ListItem\",\"position\":1,\"name\":\"Startseite\",\"item\":\"https:\\\/\\\/mering.info\\\/\"},{\"@type\":\"ListItem\",\"position\":2,\"name\":\"Veranstaltungen\",\"item\":\"https:\\\/\\\/mering.info\\\/?post_type=tribe_events\"},{\"@type\":\"ListItem\",\"position\":3,\"name\":\"Steuerungsgruppe Fairtrade: Faires Fr\u00fchst\u00fcck\"}]},{\"@type\":\"WebSite\",\"@id\":\"https:\\\/\\\/mering.info\\\/#website\",\"url\":\"https:\\\/\\\/mering.info\\\/\",\"name\":\"Nachhaltiges Mering\",\"description\":\"Zukunftsf\u00e4higes Mering\",\"potentialAction\":[{\"@type\":\"SearchAction\",\"target\":{\"@type\":\"EntryPoint\",\"urlTemplate\":\"https:\\\/\\\/mering.info\\\/?s={search_term_string}\"},\"query-input\":{\"@type\":\"PropertyValueSpecification\",\"valueRequired\":true,\"valueName\":\"search_term_string\"}}],\"inLanguage\":\"de\"}]}<\/script>\n<!-- \/ Yoast SEO plugin. -->","yoast_head_json":{"title":"Steuerungsgruppe Fairtrade: Faires Fr\u00fchst\u00fcck - Nachhaltiges Mering","description":"Die Steuerungsgruppe Fairtrade Gemeinde Markt Mering veranstaltet am Samstag, 24. Juni 2023, 10:00 Uhr, ein Faires Fr\u00fchst\u00fcck im Welt-Raum.","robots":{"index":"index","follow":"follow","max-snippet":"max-snippet:-1","max-image-preview":"max-image-preview:large","max-video-preview":"max-video-preview:-1"},"canonical":"https:\/\/mering.info\/?tribe_events=steuerungsgruppe-fairtrade-faires-fruehstueck","og_locale":"de_DE","og_type":"article","og_title":"Steuerungsgruppe Fairtrade: Faires Fr\u00fchst\u00fcck - Nachhaltiges Mering","og_description":"Die Steuerungsgruppe Fairtrade Gemeinde Markt Mering veranstaltet am Samstag, 24. Juni 2023, 10:00 Uhr, ein Faires Fr\u00fchst\u00fcck im Welt-Raum.","og_url":"https:\/\/mering.info\/?tribe_events=steuerungsgruppe-fairtrade-faires-fruehstueck","og_site_name":"Nachhaltiges Mering","article_modified_time":"2023-05-28T11:03:43+00:00","twitter_card":"summary_large_image","twitter_misc":{"Gesch\u00e4tzte Lesezeit":"1\u00a0Minute"},"schema":{"@context":"https:\/\/schema.org","@graph":[{"@type":"WebPage","@id":"https:\/\/mering.info\/?tribe_events=steuerungsgruppe-fairtrade-faires-fruehstueck","url":"https:\/\/mering.info\/?tribe_events=steuerungsgruppe-fairtrade-faires-fruehstueck","name":"Steuerungsgruppe Fairtrade: Faires Fr\u00fchst\u00fcck - Nachhaltiges Mering","isPartOf":{"@id":"https:\/\/mering.info\/#website"},"datePublished":"2023-05-28T11:01:25+00:00","dateModified":"2023-05-28T11:03:43+00:00","description":"Die Steuerungsgruppe Fairtrade Gemeinde Markt Mering veranstaltet am Samstag, 24. Juni 2023, 10:00 Uhr, ein Faires Fr\u00fchst\u00fcck im Welt-Raum.","breadcrumb":{"@id":"https:\/\/mering.info\/?tribe_events=steuerungsgruppe-fairtrade-faires-fruehstueck#breadcrumb"},"inLanguage":"de","potentialAction":[{"@type":"ReadAction","target":["https:\/\/mering.info\/?tribe_events=steuerungsgruppe-fairtrade-faires-fruehstueck"]}]},{"@type":"BreadcrumbList","@id":"https:\/\/mering.info\/?tribe_events=steuerungsgruppe-fairtrade-faires-fruehstueck#breadcrumb","itemListElement":[{"@type":"ListItem","position":1,"name":"Startseite","item":"https:\/\/mering.info\/"},{"@type":"ListItem","position":2,"name":"Veranstaltungen","item":"https:\/\/mering.info\/?post_type=tribe_events"},{"@type":"ListItem","position":3,"name":"Steuerungsgruppe Fairtrade: Faires Fr\u00fchst\u00fcck"}]},{"@type":"WebSite","@id":"https:\/\/mering.info\/#website","url":"https:\/\/mering.info\/","name":"Nachhaltiges Mering","description":"Zukunftsf\u00e4higes Mering","potentialAction":[{"@type":"SearchAction","target":{"@type":"EntryPoint","urlTemplate":"https:\/\/mering.info\/?s={search_term_string}"},"query-input":{"@type":"PropertyValueSpecification","valueRequired":true,"valueName":"search_term_string"}}],"inLanguage":"de"}]}},"jetpack_sharing_enabled":true,"_links":{"self":[{"href":"https:\/\/mering.info\/index.php?rest_route=\/wp\/v2\/tribe_events\/5409","targetHints":{"allow":["GET"]}}],"collection":[{"href":"https:\/\/mering.info\/index.php?rest_route=\/wp\/v2\/tribe_events"}],"about":[{"href":"https:\/\/mering.info\/index.php?rest_route=\/wp\/v2\/types\/tribe_events"}],"author":[{"embeddable":true,"href":"https:\/\/mering.info\/index.php?rest_route=\/wp\/v2\/users\/12"}],"version-history":[{"count":2,"href":"https:\/\/mering.info\/index.php?rest_route=\/wp\/v2\/tribe_events\/5409\/revisions"}],"predecessor-version":[{"id":5411,"href":"https:\/\/mering.info\/index.php?rest_route=\/wp\/v2\/tribe_events\/5409\/revisions\/5411"}],"wp:attachment":[{"href":"https:\/\/mering.info\/index.php?rest_route=%2Fwp%2Fv2%2Fmedia&parent=5409"}],"wp:term":[{"taxonomy":"post_tag","embeddable":true,"href":"https:\/\/mering.info\/index.php?rest_route=%2Fwp%2Fv2%2Ftags&post=5409"},{"taxonomy":"tribe_events_cat","embeddable":true,"href":"https:\/\/mering.info\/index.php?rest_route=%2Fwp%2Fv2%2Ftribe_events_cat&post=5409"}],"curies":[{"name":"wp","href":"https:\/\/api.w.org\/{rel}","templated":true}]}}

Steuerungsgruppe Fairtrade: Faires Frühstück

<p>Die Steuerungsgruppe Fairtrade Gemeinde Markt Mering veranstaltet am Samstag, 24. Juni 2023, ein Faires Frühstück. Um eine Anmeldung wird unter der Mailadresse <a href="mailto:fairtrademering@gmail.com">fairtrademering@gmail.com</a> gebeten. Das Frühstück findet um 10:00 Uhr im Welt-Raum (Augsburger Straße 3 in Mering, direkt hinter dem Weltladen) statt.</p>

<p>Die Steuerungsgruppe Fairtrade Gemeinde Markt Mering veranstaltet am Samstag, 24. Juni 2023, ein Faires Frühstück. Um eine Anmeldung wird unter der Mailadresse fairtrademering@gmail.com gebeten. Das Frühstück findet um 10:00 Uhr &hellip; <a href="https://mering.info/?tribe_events=steuerungsgruppe-fairtrade-faires-fruehstueck" class="more-link"><span class="screen-reader-text">Steuerungsgruppe Fairtrade: Faires Frühstück</span> weiterlesen <span class="meta-nav">&rarr;</span></a></p>

<!-- This site is optimized with the Yoast SEO plugin v27.5 - https://yoast.com/product/yoast-seo-wordpress/ -->
<title>Steuerungsgruppe Fairtrade: Faires Frühstück - Nachhaltiges Mering</title>
<meta name="description" content="Die Steuerungsgruppe Fairtrade Gemeinde Markt Mering veranstaltet am Samstag, 24. Juni 2023, 10:00 Uhr, ein Faires Frühstück im Welt-Raum." />
<meta name="robots" content="index, follow, max-snippet:-1, max-image-preview:large, max-video-preview:-1" />
<link rel="canonical" href="https://mering.info/?tribe_events=steuerungsgruppe-fairtrade-faires-fruehstueck" />
<meta property="og:locale" content="de_DE" />
<meta property="og:type" content="article" />
<meta property="og:title" content="Steuerungsgruppe Fairtrade: Faires Frühstück - Nachhaltiges Mering" />
<meta property="og:description" content="Die Steuerungsgruppe Fairtrade Gemeinde Markt Mering veranstaltet am Samstag, 24. Juni 2023, 10:00 Uhr, ein Faires Frühstück im Welt-Raum." />
<meta property="og:url" content="https://mering.info/?tribe_events=steuerungsgruppe-fairtrade-faires-fruehstueck" />
<meta property="og:site_name" content="Nachhaltiges Mering" />
<meta property="article:modified_time" content="2023-05-28T11:03:43+00:00" />
<meta name="twitter:card" content="summary_large_image" />
<meta name="twitter:label1" content="Geschätzte Lesezeit" />
	<meta name="twitter:data1" content="1 Minute" />
<script type="application/ld+json" class="yoast-schema-graph">{"@context":"https:\/\/schema.org","@graph":[{"@type":"WebPage","@id":"https:\/\/mering.info\/?tribe_events=steuerungsgruppe-fairtrade-faires-fruehstueck","url":"https:\/\/mering.info\/?tribe_events=steuerungsgruppe-fairtrade-faires-fruehstueck","name":"Steuerungsgruppe Fairtrade: Faires Frühstück - Nachhaltiges Mering","isPartOf":{"@id":"https:\/\/mering.info\/#website"},"datePublished":"2023-05-28T11:01:25+00:00","dateModified":"2023-05-28T11:03:43+00:00","description":"Die Steuerungsgruppe Fairtrade Gemeinde Markt Mering veranstaltet am Samstag, 24. Juni 2023, 10:00 Uhr, ein Faires Frühstück im Welt-Raum.","breadcrumb":{"@id":"https:\/\/mering.info\/?tribe_events=steuerungsgruppe-fairtrade-faires-fruehstueck#breadcrumb"},"inLanguage":"de","potentialAction":[{"@type":"ReadAction","target":["https:\/\/mering.info\/?tribe_events=steuerungsgruppe-fairtrade-faires-fruehstueck"]}]},{"@type":"BreadcrumbList","@id":"https:\/\/mering.info\/?tribe_events=steuerungsgruppe-fairtrade-faires-fruehstueck#breadcrumb","itemListElement":[{"@type":"ListItem","position":1,"name":"Startseite","item":"https:\/\/mering.info\/"},{"@type":"ListItem","position":2,"name":"Veranstaltungen","item":"https:\/\/mering.info\/?post_type=tribe_events"},{"@type":"ListItem","position":3,"name":"Steuerungsgruppe Fairtrade: Faires Frühstück"}]},{"@type":"WebSite","@id":"https:\/\/mering.info\/#website","url":"https:\/\/mering.info\/","name":"Nachhaltiges Mering","description":"Zukunftsfähiges Mering","potentialAction":[{"@type":"SearchAction","target":{"@type":"EntryPoint","urlTemplate":"https:\/\/mering.info\/?s={search_term_string}"},"query-input":{"@type":"PropertyValueSpecification","valueRequired":true,"valueName":"search_term_string"}}],"inLanguage":"de"}]}</script>
<!-- / Yoast SEO plugin. -->

Steuerungsgruppe Fairtrade: Faires Frühstück - Nachhaltiges Mering

Die Steuerungsgruppe Fairtrade Gemeinde Markt Mering veranstaltet am Samstag, 24. Juni 2023, 10:00 Uhr, ein Faires Frühstück im Welt-Raum.

Zukunftsfähiges Mering
