{"id":5471,"date":"2023-09-14T00:03:08","date_gmt":"2023-09-13T22:03:08","guid":{"rendered":"https:\/\/mering.info\/?post_type=tribe_events&#038;p=5471"},"modified":"2023-09-14T00:05:00","modified_gmt":"2023-09-13T22:05:00","slug":"globaler-klimastreik-2","status":"publish","type":"tribe_events","link":"https:\/\/mering.info\/?tribe_events=globaler-klimastreik-2","title":{"rendered":"Globaler Klimastreik"},"content":{"rendered":"<p>Wir unterst\u00fctzen den Klimastreik von <strong><a href=\"https:\/\/fridaysforfuture.de\/\" target=\"_blank\" rel=\"noopener noreferrer\">Fridays For Future<\/a><\/strong>.<\/p>\n<figure id=\"attachment_5472\" aria-describedby=\"caption-attachment-5472\" style=\"width: 300px\" class=\"wp-caption alignnone\"><img fetchpriority=\"high\" decoding=\"async\" class=\"size-medium wp-image-5472\" src=\"https:\/\/mering.info\/wp-content\/uploads\/2023\/09\/2023-05-18-release-1-1-a-300x300.png\" alt=\"Globaler Klimastreiktag\" width=\"300\" height=\"300\" srcset=\"https:\/\/mering.info\/wp-content\/uploads\/2023\/09\/2023-05-18-release-1-1-a-300x300.png 300w, https:\/\/mering.info\/wp-content\/uploads\/2023\/09\/2023-05-18-release-1-1-a-1024x1024.png 1024w, https:\/\/mering.info\/wp-content\/uploads\/2023\/09\/2023-05-18-release-1-1-a-150x150.png 150w, https:\/\/mering.info\/wp-content\/uploads\/2023\/09\/2023-05-18-release-1-1-a-768x768.png 768w, https:\/\/mering.info\/wp-content\/uploads\/2023\/09\/2023-05-18-release-1-1-a.png 1080w\" sizes=\"(max-width: 300px) 100vw, 300px\" \/><figcaption id=\"caption-attachment-5472\" class=\"wp-caption-text\">Globaler Klimastreiktag<\/figcaption><\/figure>\n<p>Am Freitag, den 15.09.2023, ist wieder globaler Klimastreiktag. Auch die FFFs in Mering wollen ein Zeichen f\u00fcr eine effizientere Klimapolitik und eine lebenswerte Zukunft setzen: Sie schlie\u00dfen sich der Demonstration in Augsburg an, die um 16 Uhr am K\u00f6nigsplatz beginnt. Um 15:20 Uhr fahren sie in Mering mit dem Zug los &#8211; jede und jeder ist eingeladen, mitzukommen, um zu zeigen, wie wichtig es ist, den Klimawandel einzud\u00e4mmen.<\/p>\n","protected":false},"excerpt":{"rendered":"<p>Wir unterst\u00fctzen den Klimastreik von Fridays For Future. Die Meringer FFFs schlie\u00dfen sich der Augsburger Demo am 15.09.2023 an.<\/p>\n","protected":false},"author":12,"featured_media":0,"template":"","meta":{"jetpack_post_was_ever_published":false,"_tribe_events_status":"","_tribe_events_status_reason":"","footnotes":""},"tags":[199,154],"tribe_events_cat":[94],"class_list":["post-5471","tribe_events","type-tribe_events","status-publish","hentry","tag-fridays-for-future","tag-klimastreik","tribe_events_cat-information","cat_information"],"yoast_head":"<!-- This site is optimized with the Yoast SEO plugin v27.5 - https:\/\/yoast.com\/product\/yoast-seo-wordpress\/ -->\n<title>Globaler Klimastreik - Nachhaltiges Mering<\/title>\n<meta name=\"description\" content=\"Wir unterst\u00fctzen den Klimastreik von Fridays For Future. Die Meringer FFFs schlie\u00dfen sich der Augsburger Demo am 15.09.2023 an.\" \/>\n<meta name=\"robots\" content=\"index, follow, max-snippet:-1, max-image-preview:large, max-video-preview:-1\" \/>\n<link rel=\"canonical\" href=\"https:\/\/mering.info\/?tribe_events=globaler-klimastreik-2\" \/>\n<meta property=\"og:locale\" content=\"de_DE\" \/>\n<meta property=\"og:type\" content=\"article\" \/>\n<meta property=\"og:title\" content=\"Globaler Klimastreik - Nachhaltiges Mering\" \/>\n<meta property=\"og:description\" content=\"Wir unterst\u00fctzen den Klimastreik von Fridays For Future. Die Meringer FFFs schlie\u00dfen sich der Augsburger Demo am 15.09.2023 an.\" \/>\n<meta property=\"og:url\" content=\"https:\/\/mering.info\/?tribe_events=globaler-klimastreik-2\" \/>\n<meta property=\"og:site_name\" content=\"Nachhaltiges Mering\" \/>\n<meta property=\"article:modified_time\" content=\"2023-09-13T22:05:00+00:00\" \/>\n<meta property=\"og:image\" content=\"https:\/\/mering.info\/wp-content\/uploads\/2023\/09\/2023-05-18-release-1-1-a-300x300.png\" \/>\n<meta name=\"twitter:card\" content=\"summary_large_image\" \/>\n<meta name=\"twitter:label1\" content=\"Gesch\u00e4tzte Lesezeit\" \/>\n\t<meta name=\"twitter:data1\" content=\"1\u00a0Minute\" \/>\n<script type=\"application\/ld+json\" class=\"yoast-schema-graph\">{\"@context\":\"https:\\\/\\\/schema.org\",\"@graph\":[{\"@type\":\"WebPage\",\"@id\":\"https:\\\/\\\/mering.info\\\/?tribe_events=globaler-klimastreik-2\",\"url\":\"https:\\\/\\\/mering.info\\\/?tribe_events=globaler-klimastreik-2\",\"name\":\"Globaler Klimastreik - Nachhaltiges Mering\",\"isPartOf\":{\"@id\":\"https:\\\/\\\/mering.info\\\/#website\"},\"primaryImageOfPage\":{\"@id\":\"https:\\\/\\\/mering.info\\\/?tribe_events=globaler-klimastreik-2#primaryimage\"},\"image\":{\"@id\":\"https:\\\/\\\/mering.info\\\/?tribe_events=globaler-klimastreik-2#primaryimage\"},\"thumbnailUrl\":\"https:\\\/\\\/mering.info\\\/wp-content\\\/uploads\\\/2023\\\/09\\\/2023-05-18-release-1-1-a-300x300.png\",\"datePublished\":\"2023-09-13T22:03:08+00:00\",\"dateModified\":\"2023-09-13T22:05:00+00:00\",\"description\":\"Wir unterst\u00fctzen den Klimastreik von Fridays For Future. Die Meringer FFFs schlie\u00dfen sich der Augsburger Demo am 15.09.2023 an.\",\"breadcrumb\":{\"@id\":\"https:\\\/\\\/mering.info\\\/?tribe_events=globaler-klimastreik-2#breadcrumb\"},\"inLanguage\":\"de\",\"potentialAction\":[{\"@type\":\"ReadAction\",\"target\":[\"https:\\\/\\\/mering.info\\\/?tribe_events=globaler-klimastreik-2\"]}]},{\"@type\":\"ImageObject\",\"inLanguage\":\"de\",\"@id\":\"https:\\\/\\\/mering.info\\\/?tribe_events=globaler-klimastreik-2#primaryimage\",\"url\":\"https:\\\/\\\/mering.info\\\/wp-content\\\/uploads\\\/2023\\\/09\\\/2023-05-18-release-1-1-a.png\",\"contentUrl\":\"https:\\\/\\\/mering.info\\\/wp-content\\\/uploads\\\/2023\\\/09\\\/2023-05-18-release-1-1-a.png\",\"width\":1080,\"height\":1080,\"caption\":\"Globaler Klimastreiktag\"},{\"@type\":\"BreadcrumbList\",\"@id\":\"https:\\\/\\\/mering.info\\\/?tribe_events=globaler-klimastreik-2#breadcrumb\",\"itemListElement\":[{\"@type\":\"ListItem\",\"position\":1,\"name\":\"Startseite\",\"item\":\"https:\\\/\\\/mering.info\\\/\"},{\"@type\":\"ListItem\",\"position\":2,\"name\":\"Veranstaltungen\",\"item\":\"https:\\\/\\\/mering.info\\\/?post_type=tribe_events\"},{\"@type\":\"ListItem\",\"position\":3,\"name\":\"Globaler Klimastreik\"}]},{\"@type\":\"WebSite\",\"@id\":\"https:\\\/\\\/mering.info\\\/#website\",\"url\":\"https:\\\/\\\/mering.info\\\/\",\"name\":\"Nachhaltiges Mering\",\"description\":\"Zukunftsf\u00e4higes Mering\",\"potentialAction\":[{\"@type\":\"SearchAction\",\"target\":{\"@type\":\"EntryPoint\",\"urlTemplate\":\"https:\\\/\\\/mering.info\\\/?s={search_term_string}\"},\"query-input\":{\"@type\":\"PropertyValueSpecification\",\"valueRequired\":true,\"valueName\":\"search_term_string\"}}],\"inLanguage\":\"de\"}]}<\/script>\n<!-- \/ Yoast SEO plugin. -->","yoast_head_json":{"title":"Globaler Klimastreik - Nachhaltiges Mering","description":"Wir unterst\u00fctzen den Klimastreik von Fridays For Future. Die Meringer FFFs schlie\u00dfen sich der Augsburger Demo am 15.09.2023 an.","robots":{"index":"index","follow":"follow","max-snippet":"max-snippet:-1","max-image-preview":"max-image-preview:large","max-video-preview":"max-video-preview:-1"},"canonical":"https:\/\/mering.info\/?tribe_events=globaler-klimastreik-2","og_locale":"de_DE","og_type":"article","og_title":"Globaler Klimastreik - Nachhaltiges Mering","og_description":"Wir unterst\u00fctzen den Klimastreik von Fridays For Future. Die Meringer FFFs schlie\u00dfen sich der Augsburger Demo am 15.09.2023 an.","og_url":"https:\/\/mering.info\/?tribe_events=globaler-klimastreik-2","og_site_name":"Nachhaltiges Mering","article_modified_time":"2023-09-13T22:05:00+00:00","og_image":[{"url":"https:\/\/mering.info\/wp-content\/uploads\/2023\/09\/2023-05-18-release-1-1-a-300x300.png","type":"","width":"","height":""}],"twitter_card":"summary_large_image","twitter_misc":{"Gesch\u00e4tzte Lesezeit":"1\u00a0Minute"},"schema":{"@context":"https:\/\/schema.org","@graph":[{"@type":"WebPage","@id":"https:\/\/mering.info\/?tribe_events=globaler-klimastreik-2","url":"https:\/\/mering.info\/?tribe_events=globaler-klimastreik-2","name":"Globaler Klimastreik - Nachhaltiges Mering","isPartOf":{"@id":"https:\/\/mering.info\/#website"},"primaryImageOfPage":{"@id":"https:\/\/mering.info\/?tribe_events=globaler-klimastreik-2#primaryimage"},"image":{"@id":"https:\/\/mering.info\/?tribe_events=globaler-klimastreik-2#primaryimage"},"thumbnailUrl":"https:\/\/mering.info\/wp-content\/uploads\/2023\/09\/2023-05-18-release-1-1-a-300x300.png","datePublished":"2023-09-13T22:03:08+00:00","dateModified":"2023-09-13T22:05:00+00:00","description":"Wir unterst\u00fctzen den Klimastreik von Fridays For Future. Die Meringer FFFs schlie\u00dfen sich der Augsburger Demo am 15.09.2023 an.","breadcrumb":{"@id":"https:\/\/mering.info\/?tribe_events=globaler-klimastreik-2#breadcrumb"},"inLanguage":"de","potentialAction":[{"@type":"ReadAction","target":["https:\/\/mering.info\/?tribe_events=globaler-klimastreik-2"]}]},{"@type":"ImageObject","inLanguage":"de","@id":"https:\/\/mering.info\/?tribe_events=globaler-klimastreik-2#primaryimage","url":"https:\/\/mering.info\/wp-content\/uploads\/2023\/09\/2023-05-18-release-1-1-a.png","contentUrl":"https:\/\/mering.info\/wp-content\/uploads\/2023\/09\/2023-05-18-release-1-1-a.png","width":1080,"height":1080,"caption":"Globaler Klimastreiktag"},{"@type":"BreadcrumbList","@id":"https:\/\/mering.info\/?tribe_events=globaler-klimastreik-2#breadcrumb","itemListElement":[{"@type":"ListItem","position":1,"name":"Startseite","item":"https:\/\/mering.info\/"},{"@type":"ListItem","position":2,"name":"Veranstaltungen","item":"https:\/\/mering.info\/?post_type=tribe_events"},{"@type":"ListItem","position":3,"name":"Globaler Klimastreik"}]},{"@type":"WebSite","@id":"https:\/\/mering.info\/#website","url":"https:\/\/mering.info\/","name":"Nachhaltiges Mering","description":"Zukunftsf\u00e4higes Mering","potentialAction":[{"@type":"SearchAction","target":{"@type":"EntryPoint","urlTemplate":"https:\/\/mering.info\/?s={search_term_string}"},"query-input":{"@type":"PropertyValueSpecification","valueRequired":true,"valueName":"search_term_string"}}],"inLanguage":"de"}]}},"jetpack_sharing_enabled":true,"_links":{"self":[{"href":"https:\/\/mering.info\/index.php?rest_route=\/wp\/v2\/tribe_events\/5471","targetHints":{"allow":["GET"]}}],"collection":[{"href":"https:\/\/mering.info\/index.php?rest_route=\/wp\/v2\/tribe_events"}],"about":[{"href":"https:\/\/mering.info\/index.php?rest_route=\/wp\/v2\/types\/tribe_events"}],"author":[{"embeddable":true,"href":"https:\/\/mering.info\/index.php?rest_route=\/wp\/v2\/users\/12"}],"version-history":[{"count":1,"href":"https:\/\/mering.info\/index.php?rest_route=\/wp\/v2\/tribe_events\/5471\/revisions"}],"predecessor-version":[{"id":5473,"href":"https:\/\/mering.info\/index.php?rest_route=\/wp\/v2\/tribe_events\/5471\/revisions\/5473"}],"wp:attachment":[{"href":"https:\/\/mering.info\/index.php?rest_route=%2Fwp%2Fv2%2Fmedia&parent=5471"}],"wp:term":[{"taxonomy":"post_tag","embeddable":true,"href":"https:\/\/mering.info\/index.php?rest_route=%2Fwp%2Fv2%2Ftags&post=5471"},{"taxonomy":"tribe_events_cat","embeddable":true,"href":"https:\/\/mering.info\/index.php?rest_route=%2Fwp%2Fv2%2Ftribe_events_cat&post=5471"}],"curies":[{"name":"wp","href":"https:\/\/api.w.org\/{rel}","templated":true}]}}

<p>Wir unterstützen den Klimastreik von <strong><a href="https://fridaysforfuture.de/" target="_blank" rel="noopener noreferrer">Fridays For Future</a></strong>.</p>
<figure id="attachment_5472" aria-describedby="caption-attachment-5472" style="width: 300px" class="wp-caption alignnone"><img fetchpriority="high" decoding="async" class="size-medium wp-image-5472" src="https://mering.info/wp-content/uploads/2023/09/2023-05-18-release-1-1-a-300x300.png" alt="Globaler Klimastreiktag" width="300" height="300" srcset="https://mering.info/wp-content/uploads/2023/09/2023-05-18-release-1-1-a-300x300.png 300w, https://mering.info/wp-content/uploads/2023/09/2023-05-18-release-1-1-a-1024x1024.png 1024w, https://mering.info/wp-content/uploads/2023/09/2023-05-18-release-1-1-a-150x150.png 150w, https://mering.info/wp-content/uploads/2023/09/2023-05-18-release-1-1-a-768x768.png 768w, https://mering.info/wp-content/uploads/2023/09/2023-05-18-release-1-1-a.png 1080w" sizes="(max-width: 300px) 100vw, 300px" /><figcaption id="caption-attachment-5472" class="wp-caption-text">Globaler Klimastreiktag</figcaption></figure>
<p>Am Freitag, den 15.09.2023, ist wieder globaler Klimastreiktag. Auch die FFFs in Mering wollen ein Zeichen für eine effizientere Klimapolitik und eine lebenswerte Zukunft setzen: Sie schließen sich der Demonstration in Augsburg an, die um 16 Uhr am Königsplatz beginnt. Um 15:20 Uhr fahren sie in Mering mit dem Zug los &#8211; jede und jeder ist eingeladen, mitzukommen, um zu zeigen, wie wichtig es ist, den Klimawandel einzudämmen.</p>

<p>Wir unterstützen den Klimastreik von Fridays For Future. Die Meringer FFFs schließen sich der Augsburger Demo am 15.09.2023 an.</p>

<!-- This site is optimized with the Yoast SEO plugin v27.5 - https://yoast.com/product/yoast-seo-wordpress/ -->
<title>Globaler Klimastreik - Nachhaltiges Mering</title>
<meta name="description" content="Wir unterstützen den Klimastreik von Fridays For Future. Die Meringer FFFs schließen sich der Augsburger Demo am 15.09.2023 an." />
<meta name="robots" content="index, follow, max-snippet:-1, max-image-preview:large, max-video-preview:-1" />
<link rel="canonical" href="https://mering.info/?tribe_events=globaler-klimastreik-2" />
<meta property="og:locale" content="de_DE" />
<meta property="og:type" content="article" />
<meta property="og:title" content="Globaler Klimastreik - Nachhaltiges Mering" />
<meta property="og:description" content="Wir unterstützen den Klimastreik von Fridays For Future. Die Meringer FFFs schließen sich der Augsburger Demo am 15.09.2023 an." />
<meta property="og:url" content="https://mering.info/?tribe_events=globaler-klimastreik-2" />
<meta property="og:site_name" content="Nachhaltiges Mering" />
<meta property="article:modified_time" content="2023-09-13T22:05:00+00:00" />
<meta property="og:image" content="https://mering.info/wp-content/uploads/2023/09/2023-05-18-release-1-1-a-300x300.png" />
<meta name="twitter:card" content="summary_large_image" />
<meta name="twitter:label1" content="Geschätzte Lesezeit" />
	<meta name="twitter:data1" content="1 Minute" />
<script type="application/ld+json" class="yoast-schema-graph">{"@context":"https:\/\/schema.org","@graph":[{"@type":"WebPage","@id":"https:\/\/mering.info\/?tribe_events=globaler-klimastreik-2","url":"https:\/\/mering.info\/?tribe_events=globaler-klimastreik-2","name":"Globaler Klimastreik - Nachhaltiges Mering","isPartOf":{"@id":"https:\/\/mering.info\/#website"},"primaryImageOfPage":{"@id":"https:\/\/mering.info\/?tribe_events=globaler-klimastreik-2#primaryimage"},"image":{"@id":"https:\/\/mering.info\/?tribe_events=globaler-klimastreik-2#primaryimage"},"thumbnailUrl":"https:\/\/mering.info\/wp-content\/uploads\/2023\/09\/2023-05-18-release-1-1-a-300x300.png","datePublished":"2023-09-13T22:03:08+00:00","dateModified":"2023-09-13T22:05:00+00:00","description":"Wir unterstützen den Klimastreik von Fridays For Future. Die Meringer FFFs schließen sich der Augsburger Demo am 15.09.2023 an.","breadcrumb":{"@id":"https:\/\/mering.info\/?tribe_events=globaler-klimastreik-2#breadcrumb"},"inLanguage":"de","potentialAction":[{"@type":"ReadAction","target":["https:\/\/mering.info\/?tribe_events=globaler-klimastreik-2"]}]},{"@type":"ImageObject","inLanguage":"de","@id":"https:\/\/mering.info\/?tribe_events=globaler-klimastreik-2#primaryimage","url":"https:\/\/mering.info\/wp-content\/uploads\/2023\/09\/2023-05-18-release-1-1-a.png","contentUrl":"https:\/\/mering.info\/wp-content\/uploads\/2023\/09\/2023-05-18-release-1-1-a.png","width":1080,"height":1080,"caption":"Globaler Klimastreiktag"},{"@type":"BreadcrumbList","@id":"https:\/\/mering.info\/?tribe_events=globaler-klimastreik-2#breadcrumb","itemListElement":[{"@type":"ListItem","position":1,"name":"Startseite","item":"https:\/\/mering.info\/"},{"@type":"ListItem","position":2,"name":"Veranstaltungen","item":"https:\/\/mering.info\/?post_type=tribe_events"},{"@type":"ListItem","position":3,"name":"Globaler Klimastreik"}]},{"@type":"WebSite","@id":"https:\/\/mering.info\/#website","url":"https:\/\/mering.info\/","name":"Nachhaltiges Mering","description":"Zukunftsfähiges Mering","potentialAction":[{"@type":"SearchAction","target":{"@type":"EntryPoint","urlTemplate":"https:\/\/mering.info\/?s={search_term_string}"},"query-input":{"@type":"PropertyValueSpecification","valueRequired":true,"valueName":"search_term_string"}}],"inLanguage":"de"}]}</script>
<!-- / Yoast SEO plugin. -->

Wir unterstützen den Klimastreik von Fridays For Future. Die Meringer FFFs schließen sich der Augsburger Demo am 15.09.2023 an.

Zukunftsfähiges Mering
