{"id":5480,"date":"2023-10-03T00:21:59","date_gmt":"2023-10-02T22:21:59","guid":{"rendered":"https:\/\/mering.info\/?post_type=tribe_events&#038;p=5480"},"modified":"2023-10-03T00:23:00","modified_gmt":"2023-10-02T22:23:00","slug":"ausstellung-genug-fuer-alle-wirtschaftswandel-wagen","status":"publish","type":"tribe_events","link":"https:\/\/mering.info\/?tribe_events=ausstellung-genug-fuer-alle-wirtschaftswandel-wagen","title":{"rendered":"Ausstellung &#8222;Genug f\u00fcr alle \u2013 Wirtschaftswandel wagen&#8220;"},"content":{"rendered":"<p><strong>&#8222;Genug f\u00fcr alle \u2013 Wirtschaftswandel wagen&#8220;<\/strong>: So hei\u00dft die Ausstellung, die von 10.10.2023 &#8211; 27.10.2023 in der B\u00fccherei Mering zu sehen ist. Besucht werden kann die Ausstellung w\u00e4hrend der \u00d6ffnungszeiten der B\u00fccherei, der Eintritt ist frei. <strong>Die Er\u00f6ffnung der Ausstellung findet am Mittwoch, 11.10.2023, um 20 Uhr, statt.<\/strong><\/p>\n<p>Die Ausstellung<br \/>\n&#8211; stellt die Frage, was ist ein gutes Leben und wer hat Recht darauf?<br \/>\n&#8211; kritisiert die aktuelle Wirtschaftsweise will zum Umdenken anregen.<br \/>\n&#8211; zeigt Visionen f\u00fcr einen Wirtschaftswandel auf.<\/p>\n<p>Initiiert wurde die Ausstellung vom Weltladen Mering in Kooperation mit der Fairtrade-Gemeinde Mering und dem &#8222;B\u00fcndnis Nachhaltiges Mering&#8220;.<\/p>\n<p><a href=\"\/wp-content\/uploads\/2023\/10\/2023-10-11-Ausstellung-Plakat.pdf\" target=\"_blank\" rel=\"noopener\">Hier finden Sie das Plakat zum Download.<\/a><\/p>\n","protected":false},"excerpt":{"rendered":"<p>Die Ausstellung &#8222;Genug f\u00fcr alle \u2013 Wirtschaftswandel wagen&#8220; stellt die Frage, was ist ein gutes Leben und wer hat Recht darauf?<\/p>\n","protected":false},"author":12,"featured_media":5483,"template":"","meta":{"jetpack_post_was_ever_published":false,"_tribe_events_status":"","_tribe_events_status_reason":"","footnotes":""},"tags":[129,228],"tribe_events_cat":[83],"class_list":["post-5480","tribe_events","type-tribe_events","status-publish","has-post-thumbnail","hentry","tag-ausstellung","tag-wirtschaftswandel","tribe_events_cat-ausstellung","cat_ausstellung"],"yoast_head":"<!-- This site is optimized with the Yoast SEO plugin v27.5 - https:\/\/yoast.com\/product\/yoast-seo-wordpress\/ -->\n<title>Ausstellung &quot;Genug f\u00fcr alle \u2013 Wirtschaftswandel wagen&quot; - Nachhaltiges Mering<\/title>\n<meta name=\"description\" content=\"Die Ausstellung &quot;Genug f\u00fcr alle \u2013 Wirtschaftswandel wagen&quot; stellt die Frage, was ist ein gutes Leben und wer hat Recht darauf?\" \/>\n<meta name=\"robots\" content=\"index, follow, max-snippet:-1, max-image-preview:large, max-video-preview:-1\" \/>\n<link rel=\"canonical\" href=\"https:\/\/mering.info\/?tribe_events=ausstellung-genug-fuer-alle-wirtschaftswandel-wagen\" \/>\n<meta property=\"og:locale\" content=\"de_DE\" \/>\n<meta property=\"og:type\" content=\"article\" \/>\n<meta property=\"og:title\" content=\"Ausstellung &quot;Genug f\u00fcr alle \u2013 Wirtschaftswandel wagen&quot; - Nachhaltiges Mering\" \/>\n<meta property=\"og:description\" content=\"Die Ausstellung &quot;Genug f\u00fcr alle \u2013 Wirtschaftswandel wagen&quot; stellt die Frage, was ist ein gutes Leben und wer hat Recht darauf?\" \/>\n<meta property=\"og:url\" content=\"https:\/\/mering.info\/?tribe_events=ausstellung-genug-fuer-alle-wirtschaftswandel-wagen\" \/>\n<meta property=\"og:site_name\" content=\"Nachhaltiges Mering\" \/>\n<meta property=\"article:modified_time\" content=\"2023-10-02T22:23:00+00:00\" \/>\n<meta property=\"og:image\" content=\"https:\/\/mering.info\/wp-content\/uploads\/2023\/10\/2023-10-11-Ausstellung-Plakat.png\" \/>\n\t<meta property=\"og:image:width\" content=\"413\" \/>\n\t<meta property=\"og:image:height\" content=\"587\" \/>\n\t<meta property=\"og:image:type\" content=\"image\/png\" \/>\n<meta name=\"twitter:card\" content=\"summary_large_image\" \/>\n<meta name=\"twitter:label1\" content=\"Gesch\u00e4tzte Lesezeit\" \/>\n\t<meta name=\"twitter:data1\" content=\"1\u00a0Minute\" \/>\n<script type=\"application\/ld+json\" class=\"yoast-schema-graph\">{\"@context\":\"https:\\\/\\\/schema.org\",\"@graph\":[{\"@type\":\"WebPage\",\"@id\":\"https:\\\/\\\/mering.info\\\/?tribe_events=ausstellung-genug-fuer-alle-wirtschaftswandel-wagen\",\"url\":\"https:\\\/\\\/mering.info\\\/?tribe_events=ausstellung-genug-fuer-alle-wirtschaftswandel-wagen\",\"name\":\"Ausstellung \\\"Genug f\u00fcr alle \u2013 Wirtschaftswandel wagen\\\" - Nachhaltiges Mering\",\"isPartOf\":{\"@id\":\"https:\\\/\\\/mering.info\\\/#website\"},\"primaryImageOfPage\":{\"@id\":\"https:\\\/\\\/mering.info\\\/?tribe_events=ausstellung-genug-fuer-alle-wirtschaftswandel-wagen#primaryimage\"},\"image\":{\"@id\":\"https:\\\/\\\/mering.info\\\/?tribe_events=ausstellung-genug-fuer-alle-wirtschaftswandel-wagen#primaryimage\"},\"thumbnailUrl\":\"https:\\\/\\\/mering.info\\\/wp-content\\\/uploads\\\/2023\\\/10\\\/2023-10-11-Ausstellung-Plakat.png\",\"datePublished\":\"2023-10-02T22:21:59+00:00\",\"dateModified\":\"2023-10-02T22:23:00+00:00\",\"description\":\"Die Ausstellung \\\"Genug f\u00fcr alle \u2013 Wirtschaftswandel wagen\\\" stellt die Frage, was ist ein gutes Leben und wer hat Recht darauf?\",\"breadcrumb\":{\"@id\":\"https:\\\/\\\/mering.info\\\/?tribe_events=ausstellung-genug-fuer-alle-wirtschaftswandel-wagen#breadcrumb\"},\"inLanguage\":\"de\",\"potentialAction\":[{\"@type\":\"ReadAction\",\"target\":[\"https:\\\/\\\/mering.info\\\/?tribe_events=ausstellung-genug-fuer-alle-wirtschaftswandel-wagen\"]}]},{\"@type\":\"ImageObject\",\"inLanguage\":\"de\",\"@id\":\"https:\\\/\\\/mering.info\\\/?tribe_events=ausstellung-genug-fuer-alle-wirtschaftswandel-wagen#primaryimage\",\"url\":\"https:\\\/\\\/mering.info\\\/wp-content\\\/uploads\\\/2023\\\/10\\\/2023-10-11-Ausstellung-Plakat.png\",\"contentUrl\":\"https:\\\/\\\/mering.info\\\/wp-content\\\/uploads\\\/2023\\\/10\\\/2023-10-11-Ausstellung-Plakat.png\",\"width\":413,\"height\":587,\"caption\":\"2023-10-11 Ausstellung Plakat\"},{\"@type\":\"BreadcrumbList\",\"@id\":\"https:\\\/\\\/mering.info\\\/?tribe_events=ausstellung-genug-fuer-alle-wirtschaftswandel-wagen#breadcrumb\",\"itemListElement\":[{\"@type\":\"ListItem\",\"position\":1,\"name\":\"Startseite\",\"item\":\"https:\\\/\\\/mering.info\\\/\"},{\"@type\":\"ListItem\",\"position\":2,\"name\":\"Veranstaltungen\",\"item\":\"https:\\\/\\\/mering.info\\\/?post_type=tribe_events\"},{\"@type\":\"ListItem\",\"position\":3,\"name\":\"Ausstellung &#8222;Genug f\u00fcr alle \u2013 Wirtschaftswandel wagen&#8220;\"}]},{\"@type\":\"WebSite\",\"@id\":\"https:\\\/\\\/mering.info\\\/#website\",\"url\":\"https:\\\/\\\/mering.info\\\/\",\"name\":\"Nachhaltiges Mering\",\"description\":\"Zukunftsf\u00e4higes Mering\",\"potentialAction\":[{\"@type\":\"SearchAction\",\"target\":{\"@type\":\"EntryPoint\",\"urlTemplate\":\"https:\\\/\\\/mering.info\\\/?s={search_term_string}\"},\"query-input\":{\"@type\":\"PropertyValueSpecification\",\"valueRequired\":true,\"valueName\":\"search_term_string\"}}],\"inLanguage\":\"de\"}]}<\/script>\n<!-- \/ Yoast SEO plugin. -->","yoast_head_json":{"title":"Ausstellung \"Genug f\u00fcr alle \u2013 Wirtschaftswandel wagen\" - Nachhaltiges Mering","description":"Die Ausstellung \"Genug f\u00fcr alle \u2013 Wirtschaftswandel wagen\" stellt die Frage, was ist ein gutes Leben und wer hat Recht darauf?","robots":{"index":"index","follow":"follow","max-snippet":"max-snippet:-1","max-image-preview":"max-image-preview:large","max-video-preview":"max-video-preview:-1"},"canonical":"https:\/\/mering.info\/?tribe_events=ausstellung-genug-fuer-alle-wirtschaftswandel-wagen","og_locale":"de_DE","og_type":"article","og_title":"Ausstellung \"Genug f\u00fcr alle \u2013 Wirtschaftswandel wagen\" - Nachhaltiges Mering","og_description":"Die Ausstellung \"Genug f\u00fcr alle \u2013 Wirtschaftswandel wagen\" stellt die Frage, was ist ein gutes Leben und wer hat Recht darauf?","og_url":"https:\/\/mering.info\/?tribe_events=ausstellung-genug-fuer-alle-wirtschaftswandel-wagen","og_site_name":"Nachhaltiges Mering","article_modified_time":"2023-10-02T22:23:00+00:00","og_image":[{"width":413,"height":587,"url":"https:\/\/mering.info\/wp-content\/uploads\/2023\/10\/2023-10-11-Ausstellung-Plakat.png","type":"image\/png"}],"twitter_card":"summary_large_image","twitter_misc":{"Gesch\u00e4tzte Lesezeit":"1\u00a0Minute"},"schema":{"@context":"https:\/\/schema.org","@graph":[{"@type":"WebPage","@id":"https:\/\/mering.info\/?tribe_events=ausstellung-genug-fuer-alle-wirtschaftswandel-wagen","url":"https:\/\/mering.info\/?tribe_events=ausstellung-genug-fuer-alle-wirtschaftswandel-wagen","name":"Ausstellung \"Genug f\u00fcr alle \u2013 Wirtschaftswandel wagen\" - Nachhaltiges Mering","isPartOf":{"@id":"https:\/\/mering.info\/#website"},"primaryImageOfPage":{"@id":"https:\/\/mering.info\/?tribe_events=ausstellung-genug-fuer-alle-wirtschaftswandel-wagen#primaryimage"},"image":{"@id":"https:\/\/mering.info\/?tribe_events=ausstellung-genug-fuer-alle-wirtschaftswandel-wagen#primaryimage"},"thumbnailUrl":"https:\/\/mering.info\/wp-content\/uploads\/2023\/10\/2023-10-11-Ausstellung-Plakat.png","datePublished":"2023-10-02T22:21:59+00:00","dateModified":"2023-10-02T22:23:00+00:00","description":"Die Ausstellung \"Genug f\u00fcr alle \u2013 Wirtschaftswandel wagen\" stellt die Frage, was ist ein gutes Leben und wer hat Recht darauf?","breadcrumb":{"@id":"https:\/\/mering.info\/?tribe_events=ausstellung-genug-fuer-alle-wirtschaftswandel-wagen#breadcrumb"},"inLanguage":"de","potentialAction":[{"@type":"ReadAction","target":["https:\/\/mering.info\/?tribe_events=ausstellung-genug-fuer-alle-wirtschaftswandel-wagen"]}]},{"@type":"ImageObject","inLanguage":"de","@id":"https:\/\/mering.info\/?tribe_events=ausstellung-genug-fuer-alle-wirtschaftswandel-wagen#primaryimage","url":"https:\/\/mering.info\/wp-content\/uploads\/2023\/10\/2023-10-11-Ausstellung-Plakat.png","contentUrl":"https:\/\/mering.info\/wp-content\/uploads\/2023\/10\/2023-10-11-Ausstellung-Plakat.png","width":413,"height":587,"caption":"2023-10-11 Ausstellung Plakat"},{"@type":"BreadcrumbList","@id":"https:\/\/mering.info\/?tribe_events=ausstellung-genug-fuer-alle-wirtschaftswandel-wagen#breadcrumb","itemListElement":[{"@type":"ListItem","position":1,"name":"Startseite","item":"https:\/\/mering.info\/"},{"@type":"ListItem","position":2,"name":"Veranstaltungen","item":"https:\/\/mering.info\/?post_type=tribe_events"},{"@type":"ListItem","position":3,"name":"Ausstellung &#8222;Genug f\u00fcr alle \u2013 Wirtschaftswandel wagen&#8220;"}]},{"@type":"WebSite","@id":"https:\/\/mering.info\/#website","url":"https:\/\/mering.info\/","name":"Nachhaltiges Mering","description":"Zukunftsf\u00e4higes Mering","potentialAction":[{"@type":"SearchAction","target":{"@type":"EntryPoint","urlTemplate":"https:\/\/mering.info\/?s={search_term_string}"},"query-input":{"@type":"PropertyValueSpecification","valueRequired":true,"valueName":"search_term_string"}}],"inLanguage":"de"}]}},"jetpack_sharing_enabled":true,"_links":{"self":[{"href":"https:\/\/mering.info\/index.php?rest_route=\/wp\/v2\/tribe_events\/5480","targetHints":{"allow":["GET"]}}],"collection":[{"href":"https:\/\/mering.info\/index.php?rest_route=\/wp\/v2\/tribe_events"}],"about":[{"href":"https:\/\/mering.info\/index.php?rest_route=\/wp\/v2\/types\/tribe_events"}],"author":[{"embeddable":true,"href":"https:\/\/mering.info\/index.php?rest_route=\/wp\/v2\/users\/12"}],"version-history":[{"count":5,"href":"https:\/\/mering.info\/index.php?rest_route=\/wp\/v2\/tribe_events\/5480\/revisions"}],"predecessor-version":[{"id":5489,"href":"https:\/\/mering.info\/index.php?rest_route=\/wp\/v2\/tribe_events\/5480\/revisions\/5489"}],"wp:featuredmedia":[{"embeddable":true,"href":"https:\/\/mering.info\/index.php?rest_route=\/wp\/v2\/media\/5483"}],"wp:attachment":[{"href":"https:\/\/mering.info\/index.php?rest_route=%2Fwp%2Fv2%2Fmedia&parent=5480"}],"wp:term":[{"taxonomy":"post_tag","embeddable":true,"href":"https:\/\/mering.info\/index.php?rest_route=%2Fwp%2Fv2%2Ftags&post=5480"},{"taxonomy":"tribe_events_cat","embeddable":true,"href":"https:\/\/mering.info\/index.php?rest_route=%2Fwp%2Fv2%2Ftribe_events_cat&post=5480"}],"curies":[{"name":"wp","href":"https:\/\/api.w.org\/{rel}","templated":true}]}}

Ausstellung &#8222;Genug für alle – Wirtschaftswandel wagen&#8220;

<p><strong>&#8222;Genug für alle – Wirtschaftswandel wagen&#8220;</strong>: So heißt die Ausstellung, die von 10.10.2023 &#8211; 27.10.2023 in der Bücherei Mering zu sehen ist. Besucht werden kann die Ausstellung während der Öffnungszeiten der Bücherei, der Eintritt ist frei. <strong>Die Eröffnung der Ausstellung findet am Mittwoch, 11.10.2023, um 20 Uhr, statt.</strong></p>
<p>Die Ausstellung<br />
&#8211; stellt die Frage, was ist ein gutes Leben und wer hat Recht darauf?<br />
&#8211; kritisiert die aktuelle Wirtschaftsweise will zum Umdenken anregen.<br />
&#8211; zeigt Visionen für einen Wirtschaftswandel auf.</p>
<p>Initiiert wurde die Ausstellung vom Weltladen Mering in Kooperation mit der Fairtrade-Gemeinde Mering und dem &#8222;Bündnis Nachhaltiges Mering&#8220;.</p>
<p><a href="/wp-content/uploads/2023/10/2023-10-11-Ausstellung-Plakat.pdf" target="_blank" rel="noopener">Hier finden Sie das Plakat zum Download.</a></p>

<p>Die Ausstellung &#8222;Genug für alle – Wirtschaftswandel wagen&#8220; stellt die Frage, was ist ein gutes Leben und wer hat Recht darauf?</p>

<!-- This site is optimized with the Yoast SEO plugin v27.5 - https://yoast.com/product/yoast-seo-wordpress/ -->
<title>Ausstellung &quot;Genug für alle – Wirtschaftswandel wagen&quot; - Nachhaltiges Mering</title>
<meta name="description" content="Die Ausstellung &quot;Genug für alle – Wirtschaftswandel wagen&quot; stellt die Frage, was ist ein gutes Leben und wer hat Recht darauf?" />
<meta name="robots" content="index, follow, max-snippet:-1, max-image-preview:large, max-video-preview:-1" />
<link rel="canonical" href="https://mering.info/?tribe_events=ausstellung-genug-fuer-alle-wirtschaftswandel-wagen" />
<meta property="og:locale" content="de_DE" />
<meta property="og:type" content="article" />
<meta property="og:title" content="Ausstellung &quot;Genug für alle – Wirtschaftswandel wagen&quot; - Nachhaltiges Mering" />
<meta property="og:description" content="Die Ausstellung &quot;Genug für alle – Wirtschaftswandel wagen&quot; stellt die Frage, was ist ein gutes Leben und wer hat Recht darauf?" />
<meta property="og:url" content="https://mering.info/?tribe_events=ausstellung-genug-fuer-alle-wirtschaftswandel-wagen" />
<meta property="og:site_name" content="Nachhaltiges Mering" />
<meta property="article:modified_time" content="2023-10-02T22:23:00+00:00" />
<meta property="og:image" content="https://mering.info/wp-content/uploads/2023/10/2023-10-11-Ausstellung-Plakat.png" />
	<meta property="og:image:width" content="413" />
	<meta property="og:image:height" content="587" />
	<meta property="og:image:type" content="image/png" />
<meta name="twitter:card" content="summary_large_image" />
<meta name="twitter:label1" content="Geschätzte Lesezeit" />
	<meta name="twitter:data1" content="1 Minute" />
<script type="application/ld+json" class="yoast-schema-graph">{"@context":"https:\/\/schema.org","@graph":[{"@type":"WebPage","@id":"https:\/\/mering.info\/?tribe_events=ausstellung-genug-fuer-alle-wirtschaftswandel-wagen","url":"https:\/\/mering.info\/?tribe_events=ausstellung-genug-fuer-alle-wirtschaftswandel-wagen","name":"Ausstellung \"Genug für alle – Wirtschaftswandel wagen\" - Nachhaltiges Mering","isPartOf":{"@id":"https:\/\/mering.info\/#website"},"primaryImageOfPage":{"@id":"https:\/\/mering.info\/?tribe_events=ausstellung-genug-fuer-alle-wirtschaftswandel-wagen#primaryimage"},"image":{"@id":"https:\/\/mering.info\/?tribe_events=ausstellung-genug-fuer-alle-wirtschaftswandel-wagen#primaryimage"},"thumbnailUrl":"https:\/\/mering.info\/wp-content\/uploads\/2023\/10\/2023-10-11-Ausstellung-Plakat.png","datePublished":"2023-10-02T22:21:59+00:00","dateModified":"2023-10-02T22:23:00+00:00","description":"Die Ausstellung \"Genug für alle – Wirtschaftswandel wagen\" stellt die Frage, was ist ein gutes Leben und wer hat Recht darauf?","breadcrumb":{"@id":"https:\/\/mering.info\/?tribe_events=ausstellung-genug-fuer-alle-wirtschaftswandel-wagen#breadcrumb"},"inLanguage":"de","potentialAction":[{"@type":"ReadAction","target":["https:\/\/mering.info\/?tribe_events=ausstellung-genug-fuer-alle-wirtschaftswandel-wagen"]}]},{"@type":"ImageObject","inLanguage":"de","@id":"https:\/\/mering.info\/?tribe_events=ausstellung-genug-fuer-alle-wirtschaftswandel-wagen#primaryimage","url":"https:\/\/mering.info\/wp-content\/uploads\/2023\/10\/2023-10-11-Ausstellung-Plakat.png","contentUrl":"https:\/\/mering.info\/wp-content\/uploads\/2023\/10\/2023-10-11-Ausstellung-Plakat.png","width":413,"height":587,"caption":"2023-10-11 Ausstellung Plakat"},{"@type":"BreadcrumbList","@id":"https:\/\/mering.info\/?tribe_events=ausstellung-genug-fuer-alle-wirtschaftswandel-wagen#breadcrumb","itemListElement":[{"@type":"ListItem","position":1,"name":"Startseite","item":"https:\/\/mering.info\/"},{"@type":"ListItem","position":2,"name":"Veranstaltungen","item":"https:\/\/mering.info\/?post_type=tribe_events"},{"@type":"ListItem","position":3,"name":"Ausstellung &#8222;Genug für alle – Wirtschaftswandel wagen&#8220;"}]},{"@type":"WebSite","@id":"https:\/\/mering.info\/#website","url":"https:\/\/mering.info\/","name":"Nachhaltiges Mering","description":"Zukunftsfähiges Mering","potentialAction":[{"@type":"SearchAction","target":{"@type":"EntryPoint","urlTemplate":"https:\/\/mering.info\/?s={search_term_string}"},"query-input":{"@type":"PropertyValueSpecification","valueRequired":true,"valueName":"search_term_string"}}],"inLanguage":"de"}]}</script>
<!-- / Yoast SEO plugin. -->

Ausstellung "Genug für alle – Wirtschaftswandel wagen" - Nachhaltiges Mering

Die Ausstellung "Genug für alle – Wirtschaftswandel wagen" stellt die Frage, was ist ein gutes Leben und wer hat Recht darauf?

Zukunftsfähiges Mering
