{"id":5586,"date":"2024-02-19T01:35:33","date_gmt":"2024-02-19T00:35:33","guid":{"rendered":"https:\/\/mering.info\/?post_type=tribe_events&#038;p=5586"},"modified":"2024-02-19T01:37:29","modified_gmt":"2024-02-19T00:37:29","slug":"mering-fuer-demokratie-und-toleranz","status":"publish","type":"tribe_events","link":"https:\/\/mering.info\/?tribe_events=mering-fuer-demokratie-und-toleranz","title":{"rendered":"Mering f\u00fcr Demokratie und Toleranz"},"content":{"rendered":"<figure id=\"attachment_5580\" aria-describedby=\"caption-attachment-5580\" style=\"width: 300px\" class=\"wp-caption alignnone\"><img fetchpriority=\"high\" decoding=\"async\" class=\"size-medium wp-image-5580\" src=\"https:\/\/mering.info\/wp-content\/uploads\/2024\/02\/image002-300x169.png\" alt=\"Mering f\u00fcr Demokratie und Toleranz\" width=\"300\" height=\"169\" srcset=\"https:\/\/mering.info\/wp-content\/uploads\/2024\/02\/image002-300x169.png 300w, https:\/\/mering.info\/wp-content\/uploads\/2024\/02\/image002.png 704w\" sizes=\"(max-width: 300px) 100vw, 300px\" \/><figcaption id=\"caption-attachment-5580\" class=\"wp-caption-text\">Mering f\u00fcr Demokratie und Toleranz<\/figcaption><\/figure>\n<p><em>Wir sind mehr und wir stehen f\u00fcr unsere Demokratie, Toleranz und Vielfalt ein. Nie wieder ist jetzt!<\/em><\/p>\n<p>Das Aktionsb\u00fcndnis Mering ist bunt veranstaltet am 2. M\u00e4rz um 15 Uhr eine Demonstration unter dem Titel &#8222;Mering f\u00fcr Demokratie und Toleranz&#8220;. Los geht&#8217;s am Meringer Marktplatz. Jede und jeder ist willkommen und herzlich eingeladen!<\/p>\n<p><a href=\"\/wp-content\/uploads\/2024\/02\/Poster-MiB-Demo-2024-Standard.pdf\" target=\"_blank\" rel=\"noopener\">Hier k\u00f6nnen Sie sich das Plakat dazu herunterladen.<\/a><\/p>\n","protected":false},"excerpt":{"rendered":"<p>Das Aktionsb\u00fcndnis Mering ist bunt veranstaltet am 2. M\u00e4rz um 15 Uhr eine Demonstration unter dem Titel &#8222;Mering f\u00fcr Demokratie und Toleranz&#8220;.<\/p>\n","protected":false},"author":12,"featured_media":0,"template":"","meta":{"jetpack_post_was_ever_published":false,"_tribe_events_status":"","_tribe_events_status_reason":"","footnotes":""},"tags":[229,231,230],"tribe_events_cat":[157],"class_list":["post-5586","tribe_events","type-tribe_events","status-publish","hentry","tag-demokratie","tag-mering-ist-bunt","tag-toleranz","tribe_events_cat-demonstration","cat_demonstration"],"yoast_head":"<!-- This site is optimized with the Yoast SEO plugin v27.5 - https:\/\/yoast.com\/product\/yoast-seo-wordpress\/ -->\n<title>Mering f\u00fcr Demokratie und Toleranz - Nachhaltiges Mering<\/title>\n<meta name=\"description\" content=\"Das Aktionsb\u00fcndnis Mering ist bunt veranstaltet am 2. M\u00e4rz um 15 Uhr eine Demonstration unter dem Titel &quot;Mering f\u00fcr Demokratie und Toleranz&quot;.\" \/>\n<meta name=\"robots\" content=\"index, follow, max-snippet:-1, max-image-preview:large, max-video-preview:-1\" \/>\n<link rel=\"canonical\" href=\"https:\/\/mering.info\/?tribe_events=mering-fuer-demokratie-und-toleranz\" \/>\n<meta property=\"og:locale\" content=\"de_DE\" \/>\n<meta property=\"og:type\" content=\"article\" \/>\n<meta property=\"og:title\" content=\"Mering f\u00fcr Demokratie und Toleranz - Nachhaltiges Mering\" \/>\n<meta property=\"og:description\" content=\"Das Aktionsb\u00fcndnis Mering ist bunt veranstaltet am 2. M\u00e4rz um 15 Uhr eine Demonstration unter dem Titel &quot;Mering f\u00fcr Demokratie und Toleranz&quot;.\" \/>\n<meta property=\"og:url\" content=\"https:\/\/mering.info\/?tribe_events=mering-fuer-demokratie-und-toleranz\" \/>\n<meta property=\"og:site_name\" content=\"Nachhaltiges Mering\" \/>\n<meta property=\"article:modified_time\" content=\"2024-02-19T00:37:29+00:00\" \/>\n<meta property=\"og:image\" content=\"https:\/\/mering.info\/wp-content\/uploads\/2024\/02\/image002-300x169.png\" \/>\n<meta name=\"twitter:card\" content=\"summary_large_image\" \/>\n<meta name=\"twitter:label1\" content=\"Gesch\u00e4tzte Lesezeit\" \/>\n\t<meta name=\"twitter:data1\" content=\"1\u00a0Minute\" \/>\n<script type=\"application\/ld+json\" class=\"yoast-schema-graph\">{\"@context\":\"https:\\\/\\\/schema.org\",\"@graph\":[{\"@type\":\"WebPage\",\"@id\":\"https:\\\/\\\/mering.info\\\/?tribe_events=mering-fuer-demokratie-und-toleranz\",\"url\":\"https:\\\/\\\/mering.info\\\/?tribe_events=mering-fuer-demokratie-und-toleranz\",\"name\":\"Mering f\u00fcr Demokratie und Toleranz - Nachhaltiges Mering\",\"isPartOf\":{\"@id\":\"https:\\\/\\\/mering.info\\\/#website\"},\"primaryImageOfPage\":{\"@id\":\"https:\\\/\\\/mering.info\\\/?tribe_events=mering-fuer-demokratie-und-toleranz#primaryimage\"},\"image\":{\"@id\":\"https:\\\/\\\/mering.info\\\/?tribe_events=mering-fuer-demokratie-und-toleranz#primaryimage\"},\"thumbnailUrl\":\"https:\\\/\\\/mering.info\\\/wp-content\\\/uploads\\\/2024\\\/02\\\/image002-300x169.png\",\"datePublished\":\"2024-02-19T00:35:33+00:00\",\"dateModified\":\"2024-02-19T00:37:29+00:00\",\"description\":\"Das Aktionsb\u00fcndnis Mering ist bunt veranstaltet am 2. M\u00e4rz um 15 Uhr eine Demonstration unter dem Titel \\\"Mering f\u00fcr Demokratie und Toleranz\\\".\",\"breadcrumb\":{\"@id\":\"https:\\\/\\\/mering.info\\\/?tribe_events=mering-fuer-demokratie-und-toleranz#breadcrumb\"},\"inLanguage\":\"de\",\"potentialAction\":[{\"@type\":\"ReadAction\",\"target\":[\"https:\\\/\\\/mering.info\\\/?tribe_events=mering-fuer-demokratie-und-toleranz\"]}]},{\"@type\":\"ImageObject\",\"inLanguage\":\"de\",\"@id\":\"https:\\\/\\\/mering.info\\\/?tribe_events=mering-fuer-demokratie-und-toleranz#primaryimage\",\"url\":\"https:\\\/\\\/mering.info\\\/wp-content\\\/uploads\\\/2024\\\/02\\\/image002.png\",\"contentUrl\":\"https:\\\/\\\/mering.info\\\/wp-content\\\/uploads\\\/2024\\\/02\\\/image002.png\",\"width\":704,\"height\":397,\"caption\":\"Mering f\u00fcr Demokratie und Toleranz\"},{\"@type\":\"BreadcrumbList\",\"@id\":\"https:\\\/\\\/mering.info\\\/?tribe_events=mering-fuer-demokratie-und-toleranz#breadcrumb\",\"itemListElement\":[{\"@type\":\"ListItem\",\"position\":1,\"name\":\"Startseite\",\"item\":\"https:\\\/\\\/mering.info\\\/\"},{\"@type\":\"ListItem\",\"position\":2,\"name\":\"Veranstaltungen\",\"item\":\"https:\\\/\\\/mering.info\\\/?post_type=tribe_events\"},{\"@type\":\"ListItem\",\"position\":3,\"name\":\"Mering f\u00fcr Demokratie und Toleranz\"}]},{\"@type\":\"WebSite\",\"@id\":\"https:\\\/\\\/mering.info\\\/#website\",\"url\":\"https:\\\/\\\/mering.info\\\/\",\"name\":\"Nachhaltiges Mering\",\"description\":\"Zukunftsf\u00e4higes Mering\",\"potentialAction\":[{\"@type\":\"SearchAction\",\"target\":{\"@type\":\"EntryPoint\",\"urlTemplate\":\"https:\\\/\\\/mering.info\\\/?s={search_term_string}\"},\"query-input\":{\"@type\":\"PropertyValueSpecification\",\"valueRequired\":true,\"valueName\":\"search_term_string\"}}],\"inLanguage\":\"de\"}]}<\/script>\n<!-- \/ Yoast SEO plugin. -->","yoast_head_json":{"title":"Mering f\u00fcr Demokratie und Toleranz - Nachhaltiges Mering","description":"Das Aktionsb\u00fcndnis Mering ist bunt veranstaltet am 2. M\u00e4rz um 15 Uhr eine Demonstration unter dem Titel \"Mering f\u00fcr Demokratie und Toleranz\".","robots":{"index":"index","follow":"follow","max-snippet":"max-snippet:-1","max-image-preview":"max-image-preview:large","max-video-preview":"max-video-preview:-1"},"canonical":"https:\/\/mering.info\/?tribe_events=mering-fuer-demokratie-und-toleranz","og_locale":"de_DE","og_type":"article","og_title":"Mering f\u00fcr Demokratie und Toleranz - Nachhaltiges Mering","og_description":"Das Aktionsb\u00fcndnis Mering ist bunt veranstaltet am 2. M\u00e4rz um 15 Uhr eine Demonstration unter dem Titel \"Mering f\u00fcr Demokratie und Toleranz\".","og_url":"https:\/\/mering.info\/?tribe_events=mering-fuer-demokratie-und-toleranz","og_site_name":"Nachhaltiges Mering","article_modified_time":"2024-02-19T00:37:29+00:00","og_image":[{"url":"https:\/\/mering.info\/wp-content\/uploads\/2024\/02\/image002-300x169.png","type":"","width":"","height":""}],"twitter_card":"summary_large_image","twitter_misc":{"Gesch\u00e4tzte Lesezeit":"1\u00a0Minute"},"schema":{"@context":"https:\/\/schema.org","@graph":[{"@type":"WebPage","@id":"https:\/\/mering.info\/?tribe_events=mering-fuer-demokratie-und-toleranz","url":"https:\/\/mering.info\/?tribe_events=mering-fuer-demokratie-und-toleranz","name":"Mering f\u00fcr Demokratie und Toleranz - Nachhaltiges Mering","isPartOf":{"@id":"https:\/\/mering.info\/#website"},"primaryImageOfPage":{"@id":"https:\/\/mering.info\/?tribe_events=mering-fuer-demokratie-und-toleranz#primaryimage"},"image":{"@id":"https:\/\/mering.info\/?tribe_events=mering-fuer-demokratie-und-toleranz#primaryimage"},"thumbnailUrl":"https:\/\/mering.info\/wp-content\/uploads\/2024\/02\/image002-300x169.png","datePublished":"2024-02-19T00:35:33+00:00","dateModified":"2024-02-19T00:37:29+00:00","description":"Das Aktionsb\u00fcndnis Mering ist bunt veranstaltet am 2. M\u00e4rz um 15 Uhr eine Demonstration unter dem Titel \"Mering f\u00fcr Demokratie und Toleranz\".","breadcrumb":{"@id":"https:\/\/mering.info\/?tribe_events=mering-fuer-demokratie-und-toleranz#breadcrumb"},"inLanguage":"de","potentialAction":[{"@type":"ReadAction","target":["https:\/\/mering.info\/?tribe_events=mering-fuer-demokratie-und-toleranz"]}]},{"@type":"ImageObject","inLanguage":"de","@id":"https:\/\/mering.info\/?tribe_events=mering-fuer-demokratie-und-toleranz#primaryimage","url":"https:\/\/mering.info\/wp-content\/uploads\/2024\/02\/image002.png","contentUrl":"https:\/\/mering.info\/wp-content\/uploads\/2024\/02\/image002.png","width":704,"height":397,"caption":"Mering f\u00fcr Demokratie und Toleranz"},{"@type":"BreadcrumbList","@id":"https:\/\/mering.info\/?tribe_events=mering-fuer-demokratie-und-toleranz#breadcrumb","itemListElement":[{"@type":"ListItem","position":1,"name":"Startseite","item":"https:\/\/mering.info\/"},{"@type":"ListItem","position":2,"name":"Veranstaltungen","item":"https:\/\/mering.info\/?post_type=tribe_events"},{"@type":"ListItem","position":3,"name":"Mering f\u00fcr Demokratie und Toleranz"}]},{"@type":"WebSite","@id":"https:\/\/mering.info\/#website","url":"https:\/\/mering.info\/","name":"Nachhaltiges Mering","description":"Zukunftsf\u00e4higes Mering","potentialAction":[{"@type":"SearchAction","target":{"@type":"EntryPoint","urlTemplate":"https:\/\/mering.info\/?s={search_term_string}"},"query-input":{"@type":"PropertyValueSpecification","valueRequired":true,"valueName":"search_term_string"}}],"inLanguage":"de"}]}},"jetpack_sharing_enabled":true,"_links":{"self":[{"href":"https:\/\/mering.info\/index.php?rest_route=\/wp\/v2\/tribe_events\/5586","targetHints":{"allow":["GET"]}}],"collection":[{"href":"https:\/\/mering.info\/index.php?rest_route=\/wp\/v2\/tribe_events"}],"about":[{"href":"https:\/\/mering.info\/index.php?rest_route=\/wp\/v2\/types\/tribe_events"}],"author":[{"embeddable":true,"href":"https:\/\/mering.info\/index.php?rest_route=\/wp\/v2\/users\/12"}],"version-history":[{"count":3,"href":"https:\/\/mering.info\/index.php?rest_route=\/wp\/v2\/tribe_events\/5586\/revisions"}],"predecessor-version":[{"id":5590,"href":"https:\/\/mering.info\/index.php?rest_route=\/wp\/v2\/tribe_events\/5586\/revisions\/5590"}],"wp:attachment":[{"href":"https:\/\/mering.info\/index.php?rest_route=%2Fwp%2Fv2%2Fmedia&parent=5586"}],"wp:term":[{"taxonomy":"post_tag","embeddable":true,"href":"https:\/\/mering.info\/index.php?rest_route=%2Fwp%2Fv2%2Ftags&post=5586"},{"taxonomy":"tribe_events_cat","embeddable":true,"href":"https:\/\/mering.info\/index.php?rest_route=%2Fwp%2Fv2%2Ftribe_events_cat&post=5586"}],"curies":[{"name":"wp","href":"https:\/\/api.w.org\/{rel}","templated":true}]}}

Mering für Demokratie und Toleranz

<figure id="attachment_5580" aria-describedby="caption-attachment-5580" style="width: 300px" class="wp-caption alignnone"><img fetchpriority="high" decoding="async" class="size-medium wp-image-5580" src="https://mering.info/wp-content/uploads/2024/02/image002-300x169.png" alt="Mering für Demokratie und Toleranz" width="300" height="169" srcset="https://mering.info/wp-content/uploads/2024/02/image002-300x169.png 300w, https://mering.info/wp-content/uploads/2024/02/image002.png 704w" sizes="(max-width: 300px) 100vw, 300px" /><figcaption id="caption-attachment-5580" class="wp-caption-text">Mering für Demokratie und Toleranz</figcaption></figure>
<p><em>Wir sind mehr und wir stehen für unsere Demokratie, Toleranz und Vielfalt ein. Nie wieder ist jetzt!</em></p>
<p>Das Aktionsbündnis Mering ist bunt veranstaltet am 2. März um 15 Uhr eine Demonstration unter dem Titel &#8222;Mering für Demokratie und Toleranz&#8220;. Los geht&#8217;s am Meringer Marktplatz. Jede und jeder ist willkommen und herzlich eingeladen!</p>
<p><a href="/wp-content/uploads/2024/02/Poster-MiB-Demo-2024-Standard.pdf" target="_blank" rel="noopener">Hier können Sie sich das Plakat dazu herunterladen.</a></p>

<p>Das Aktionsbündnis Mering ist bunt veranstaltet am 2. März um 15 Uhr eine Demonstration unter dem Titel &#8222;Mering für Demokratie und Toleranz&#8220;.</p>

<!-- This site is optimized with the Yoast SEO plugin v27.5 - https://yoast.com/product/yoast-seo-wordpress/ -->
<title>Mering für Demokratie und Toleranz - Nachhaltiges Mering</title>
<meta name="description" content="Das Aktionsbündnis Mering ist bunt veranstaltet am 2. März um 15 Uhr eine Demonstration unter dem Titel &quot;Mering für Demokratie und Toleranz&quot;." />
<meta name="robots" content="index, follow, max-snippet:-1, max-image-preview:large, max-video-preview:-1" />
<link rel="canonical" href="https://mering.info/?tribe_events=mering-fuer-demokratie-und-toleranz" />
<meta property="og:locale" content="de_DE" />
<meta property="og:type" content="article" />
<meta property="og:title" content="Mering für Demokratie und Toleranz - Nachhaltiges Mering" />
<meta property="og:description" content="Das Aktionsbündnis Mering ist bunt veranstaltet am 2. März um 15 Uhr eine Demonstration unter dem Titel &quot;Mering für Demokratie und Toleranz&quot;." />
<meta property="og:url" content="https://mering.info/?tribe_events=mering-fuer-demokratie-und-toleranz" />
<meta property="og:site_name" content="Nachhaltiges Mering" />
<meta property="article:modified_time" content="2024-02-19T00:37:29+00:00" />
<meta property="og:image" content="https://mering.info/wp-content/uploads/2024/02/image002-300x169.png" />
<meta name="twitter:card" content="summary_large_image" />
<meta name="twitter:label1" content="Geschätzte Lesezeit" />
	<meta name="twitter:data1" content="1 Minute" />
<script type="application/ld+json" class="yoast-schema-graph">{"@context":"https:\/\/schema.org","@graph":[{"@type":"WebPage","@id":"https:\/\/mering.info\/?tribe_events=mering-fuer-demokratie-und-toleranz","url":"https:\/\/mering.info\/?tribe_events=mering-fuer-demokratie-und-toleranz","name":"Mering für Demokratie und Toleranz - Nachhaltiges Mering","isPartOf":{"@id":"https:\/\/mering.info\/#website"},"primaryImageOfPage":{"@id":"https:\/\/mering.info\/?tribe_events=mering-fuer-demokratie-und-toleranz#primaryimage"},"image":{"@id":"https:\/\/mering.info\/?tribe_events=mering-fuer-demokratie-und-toleranz#primaryimage"},"thumbnailUrl":"https:\/\/mering.info\/wp-content\/uploads\/2024\/02\/image002-300x169.png","datePublished":"2024-02-19T00:35:33+00:00","dateModified":"2024-02-19T00:37:29+00:00","description":"Das Aktionsbündnis Mering ist bunt veranstaltet am 2. März um 15 Uhr eine Demonstration unter dem Titel \"Mering für Demokratie und Toleranz\".","breadcrumb":{"@id":"https:\/\/mering.info\/?tribe_events=mering-fuer-demokratie-und-toleranz#breadcrumb"},"inLanguage":"de","potentialAction":[{"@type":"ReadAction","target":["https:\/\/mering.info\/?tribe_events=mering-fuer-demokratie-und-toleranz"]}]},{"@type":"ImageObject","inLanguage":"de","@id":"https:\/\/mering.info\/?tribe_events=mering-fuer-demokratie-und-toleranz#primaryimage","url":"https:\/\/mering.info\/wp-content\/uploads\/2024\/02\/image002.png","contentUrl":"https:\/\/mering.info\/wp-content\/uploads\/2024\/02\/image002.png","width":704,"height":397,"caption":"Mering für Demokratie und Toleranz"},{"@type":"BreadcrumbList","@id":"https:\/\/mering.info\/?tribe_events=mering-fuer-demokratie-und-toleranz#breadcrumb","itemListElement":[{"@type":"ListItem","position":1,"name":"Startseite","item":"https:\/\/mering.info\/"},{"@type":"ListItem","position":2,"name":"Veranstaltungen","item":"https:\/\/mering.info\/?post_type=tribe_events"},{"@type":"ListItem","position":3,"name":"Mering für Demokratie und Toleranz"}]},{"@type":"WebSite","@id":"https:\/\/mering.info\/#website","url":"https:\/\/mering.info\/","name":"Nachhaltiges Mering","description":"Zukunftsfähiges Mering","potentialAction":[{"@type":"SearchAction","target":{"@type":"EntryPoint","urlTemplate":"https:\/\/mering.info\/?s={search_term_string}"},"query-input":{"@type":"PropertyValueSpecification","valueRequired":true,"valueName":"search_term_string"}}],"inLanguage":"de"}]}</script>
<!-- / Yoast SEO plugin. -->

Mering für Demokratie und Toleranz - Nachhaltiges Mering

Das Aktionsbündnis Mering ist bunt veranstaltet am 2. März um 15 Uhr eine Demonstration unter dem Titel "Mering für Demokratie und Toleranz".

Zukunftsfähiges Mering
