{"id":5985,"date":"2026-01-19T22:46:56","date_gmt":"2026-01-19T21:46:56","guid":{"rendered":"https:\/\/mering.info\/?post_type=tribe_events&#038;p=5985"},"modified":"2026-01-19T22:48:34","modified_gmt":"2026-01-19T21:48:34","slug":"filmabend-der-bayerische-lech","status":"publish","type":"tribe_events","link":"https:\/\/mering.info\/?tribe_events=filmabend-der-bayerische-lech","title":{"rendered":"Filmabend: Der bayerische Lech"},"content":{"rendered":"<p><img fetchpriority=\"high\" decoding=\"async\" class=\"size-medium wp-image-5980\" src=\"https:\/\/mering.info\/wp-content\/uploads\/2026\/01\/signal-2026-01-17-07-43-37-326-212x300.jpg\" alt=\"Der bayerische Lech\" width=\"212\" height=\"300\" srcset=\"https:\/\/mering.info\/wp-content\/uploads\/2026\/01\/signal-2026-01-17-07-43-37-326-212x300.jpg 212w, https:\/\/mering.info\/wp-content\/uploads\/2026\/01\/signal-2026-01-17-07-43-37-326-722x1024.jpg 722w, https:\/\/mering.info\/wp-content\/uploads\/2026\/01\/signal-2026-01-17-07-43-37-326-768x1089.jpg 768w, https:\/\/mering.info\/wp-content\/uploads\/2026\/01\/signal-2026-01-17-07-43-37-326-1083x1536.jpg 1083w, https:\/\/mering.info\/wp-content\/uploads\/2026\/01\/signal-2026-01-17-07-43-37-326.jpg 1361w\" sizes=\"(max-width: 212px) 100vw, 212px\" \/><\/p>\n<p>Am Freitag, den 30. Januar, veranstalten die Gr\u00fcnen einen spannenden Filmabend mit dem Film von Heinz F\u00f6rder &#8222;Der bayerische Lech. Gef\u00fcrchtet &#8211; geliebt &#8211; gefangen&#8220;.<\/p>\n<p>Das Thema Umweltschutz liegt uns vom B\u00fcndnis ebenfalls sehr am Herzen &#8211; und so ist dieser Film genau das richtige, um sich \u00fcber die Sch\u00f6nheit, aber auch die Verwundbarkeit direkt vor unserer Haust\u00fcr zu informieren. Denn der Lech l\u00e4dt nicht nur zu wundersch\u00f6nen Fotos ein, sondern hat auch geplante Autobahnen oder Bodenversiegelung im Nacken.<\/p>\n<p>Nach dem Film wird auch zur Diskussion eingeladen. Vor Ort sein werden der Filmproduzent Heinz F\u00f6rder und der Autor Dr. Eberhard Pfeuffer sowie die B\u00fcrgermeisterkandidatin der Meringer Gr\u00fcnen, Laura Matthes, und die Meringer Umweltbeauftragte Petra von Thienen.<\/p>\n<p><img decoding=\"async\" class=\"size-medium wp-image-5981\" src=\"https:\/\/mering.info\/wp-content\/uploads\/2026\/01\/signal-2026-01-17-07-43-37-326-1-223x300.jpg\" alt=\"Der bayerische Lech\" width=\"223\" height=\"300\" srcset=\"https:\/\/mering.info\/wp-content\/uploads\/2026\/01\/signal-2026-01-17-07-43-37-326-1-223x300.jpg 223w, https:\/\/mering.info\/wp-content\/uploads\/2026\/01\/signal-2026-01-17-07-43-37-326-1.jpg 750w\" sizes=\"(max-width: 223px) 100vw, 223px\" \/><\/p>\n","protected":false},"excerpt":{"rendered":"<p>Am Freitag, den 30. Januar, veranstalten die Gr\u00fcnen einen spannenden Filmabend mit dem Film von Heinz F\u00f6rder &#8222;Der bayerische Lech. Gef\u00fcrchtet &#8211; geliebt &#8211; gefangen&#8220;. Das Thema Umweltschutz liegt uns &hellip; <a href=\"https:\/\/mering.info\/?tribe_events=filmabend-der-bayerische-lech\" class=\"more-link\"><span class=\"screen-reader-text\">Filmabend: Der bayerische Lech<\/span> weiterlesen <span class=\"meta-nav\">&rarr;<\/span><\/a><\/p>\n","protected":false},"author":12,"featured_media":0,"template":"","meta":{"jetpack_post_was_ever_published":false,"_tribe_events_status":"","_tribe_events_status_reason":"","footnotes":""},"tags":[208],"tribe_events_cat":[87],"class_list":["post-5985","tribe_events","type-tribe_events","status-publish","hentry","tag-film-tipp","tribe_events_cat-film","cat_film"],"yoast_head":"<!-- This site is optimized with the Yoast SEO plugin v27.5 - https:\/\/yoast.com\/product\/yoast-seo-wordpress\/ -->\n<title>Filmabend: Der bayerische Lech - Nachhaltiges Mering<\/title>\n<meta name=\"robots\" content=\"index, follow, max-snippet:-1, max-image-preview:large, max-video-preview:-1\" \/>\n<link rel=\"canonical\" href=\"https:\/\/mering.info\/?tribe_events=filmabend-der-bayerische-lech\" \/>\n<meta property=\"og:locale\" content=\"de_DE\" \/>\n<meta property=\"og:type\" content=\"article\" \/>\n<meta property=\"og:title\" content=\"Filmabend: Der bayerische Lech - Nachhaltiges Mering\" \/>\n<meta property=\"og:description\" content=\"Am Freitag, den 30. Januar, veranstalten die Gr\u00fcnen einen spannenden Filmabend mit dem Film von Heinz F\u00f6rder &#8222;Der bayerische Lech. Gef\u00fcrchtet &#8211; geliebt &#8211; gefangen&#8220;. Das Thema Umweltschutz liegt uns &hellip; Filmabend: Der bayerische Lech weiterlesen &rarr;\" \/>\n<meta property=\"og:url\" content=\"https:\/\/mering.info\/?tribe_events=filmabend-der-bayerische-lech\" \/>\n<meta property=\"og:site_name\" content=\"Nachhaltiges Mering\" \/>\n<meta property=\"article:modified_time\" content=\"2026-01-19T21:48:34+00:00\" \/>\n<meta property=\"og:image\" content=\"https:\/\/mering.info\/wp-content\/uploads\/2026\/01\/signal-2026-01-17-07-43-37-326.jpg\" \/>\n\t<meta property=\"og:image:width\" content=\"1361\" \/>\n\t<meta property=\"og:image:height\" content=\"1930\" \/>\n\t<meta property=\"og:image:type\" content=\"image\/jpeg\" \/>\n<meta name=\"twitter:card\" content=\"summary_large_image\" \/>\n<meta name=\"twitter:label1\" content=\"Gesch\u00e4tzte Lesezeit\" \/>\n\t<meta name=\"twitter:data1\" content=\"2\u00a0Minuten\" \/>\n<script type=\"application\/ld+json\" class=\"yoast-schema-graph\">{\"@context\":\"https:\\\/\\\/schema.org\",\"@graph\":[{\"@type\":\"WebPage\",\"@id\":\"https:\\\/\\\/mering.info\\\/?tribe_events=filmabend-der-bayerische-lech\",\"url\":\"https:\\\/\\\/mering.info\\\/?tribe_events=filmabend-der-bayerische-lech\",\"name\":\"Filmabend: Der bayerische Lech - Nachhaltiges Mering\",\"isPartOf\":{\"@id\":\"https:\\\/\\\/mering.info\\\/#website\"},\"primaryImageOfPage\":{\"@id\":\"https:\\\/\\\/mering.info\\\/?tribe_events=filmabend-der-bayerische-lech#primaryimage\"},\"image\":{\"@id\":\"https:\\\/\\\/mering.info\\\/?tribe_events=filmabend-der-bayerische-lech#primaryimage\"},\"thumbnailUrl\":\"https:\\\/\\\/mering.info\\\/wp-content\\\/uploads\\\/2026\\\/01\\\/signal-2026-01-17-07-43-37-326-212x300.jpg\",\"datePublished\":\"2026-01-19T21:46:56+00:00\",\"dateModified\":\"2026-01-19T21:48:34+00:00\",\"breadcrumb\":{\"@id\":\"https:\\\/\\\/mering.info\\\/?tribe_events=filmabend-der-bayerische-lech#breadcrumb\"},\"inLanguage\":\"de\",\"potentialAction\":[{\"@type\":\"ReadAction\",\"target\":[\"https:\\\/\\\/mering.info\\\/?tribe_events=filmabend-der-bayerische-lech\"]}]},{\"@type\":\"ImageObject\",\"inLanguage\":\"de\",\"@id\":\"https:\\\/\\\/mering.info\\\/?tribe_events=filmabend-der-bayerische-lech#primaryimage\",\"url\":\"https:\\\/\\\/mering.info\\\/wp-content\\\/uploads\\\/2026\\\/01\\\/signal-2026-01-17-07-43-37-326.jpg\",\"contentUrl\":\"https:\\\/\\\/mering.info\\\/wp-content\\\/uploads\\\/2026\\\/01\\\/signal-2026-01-17-07-43-37-326.jpg\",\"width\":1361,\"height\":1930,\"caption\":\"Der bayerische Lech\"},{\"@type\":\"BreadcrumbList\",\"@id\":\"https:\\\/\\\/mering.info\\\/?tribe_events=filmabend-der-bayerische-lech#breadcrumb\",\"itemListElement\":[{\"@type\":\"ListItem\",\"position\":1,\"name\":\"Startseite\",\"item\":\"https:\\\/\\\/mering.info\\\/\"},{\"@type\":\"ListItem\",\"position\":2,\"name\":\"Veranstaltungen\",\"item\":\"https:\\\/\\\/mering.info\\\/?post_type=tribe_events\"},{\"@type\":\"ListItem\",\"position\":3,\"name\":\"Filmabend: Der bayerische Lech\"}]},{\"@type\":\"WebSite\",\"@id\":\"https:\\\/\\\/mering.info\\\/#website\",\"url\":\"https:\\\/\\\/mering.info\\\/\",\"name\":\"Nachhaltiges Mering\",\"description\":\"Zukunftsf\u00e4higes Mering\",\"potentialAction\":[{\"@type\":\"SearchAction\",\"target\":{\"@type\":\"EntryPoint\",\"urlTemplate\":\"https:\\\/\\\/mering.info\\\/?s={search_term_string}\"},\"query-input\":{\"@type\":\"PropertyValueSpecification\",\"valueRequired\":true,\"valueName\":\"search_term_string\"}}],\"inLanguage\":\"de\"}]}<\/script>\n<!-- \/ Yoast SEO plugin. -->","yoast_head_json":{"title":"Filmabend: Der bayerische Lech - Nachhaltiges Mering","robots":{"index":"index","follow":"follow","max-snippet":"max-snippet:-1","max-image-preview":"max-image-preview:large","max-video-preview":"max-video-preview:-1"},"canonical":"https:\/\/mering.info\/?tribe_events=filmabend-der-bayerische-lech","og_locale":"de_DE","og_type":"article","og_title":"Filmabend: Der bayerische Lech - Nachhaltiges Mering","og_description":"Am Freitag, den 30. Januar, veranstalten die Gr\u00fcnen einen spannenden Filmabend mit dem Film von Heinz F\u00f6rder &#8222;Der bayerische Lech. Gef\u00fcrchtet &#8211; geliebt &#8211; gefangen&#8220;. Das Thema Umweltschutz liegt uns &hellip; Filmabend: Der bayerische Lech weiterlesen &rarr;","og_url":"https:\/\/mering.info\/?tribe_events=filmabend-der-bayerische-lech","og_site_name":"Nachhaltiges Mering","article_modified_time":"2026-01-19T21:48:34+00:00","og_image":[{"width":1361,"height":1930,"url":"https:\/\/mering.info\/wp-content\/uploads\/2026\/01\/signal-2026-01-17-07-43-37-326.jpg","type":"image\/jpeg"}],"twitter_card":"summary_large_image","twitter_misc":{"Gesch\u00e4tzte Lesezeit":"2\u00a0Minuten"},"schema":{"@context":"https:\/\/schema.org","@graph":[{"@type":"WebPage","@id":"https:\/\/mering.info\/?tribe_events=filmabend-der-bayerische-lech","url":"https:\/\/mering.info\/?tribe_events=filmabend-der-bayerische-lech","name":"Filmabend: Der bayerische Lech - Nachhaltiges Mering","isPartOf":{"@id":"https:\/\/mering.info\/#website"},"primaryImageOfPage":{"@id":"https:\/\/mering.info\/?tribe_events=filmabend-der-bayerische-lech#primaryimage"},"image":{"@id":"https:\/\/mering.info\/?tribe_events=filmabend-der-bayerische-lech#primaryimage"},"thumbnailUrl":"https:\/\/mering.info\/wp-content\/uploads\/2026\/01\/signal-2026-01-17-07-43-37-326-212x300.jpg","datePublished":"2026-01-19T21:46:56+00:00","dateModified":"2026-01-19T21:48:34+00:00","breadcrumb":{"@id":"https:\/\/mering.info\/?tribe_events=filmabend-der-bayerische-lech#breadcrumb"},"inLanguage":"de","potentialAction":[{"@type":"ReadAction","target":["https:\/\/mering.info\/?tribe_events=filmabend-der-bayerische-lech"]}]},{"@type":"ImageObject","inLanguage":"de","@id":"https:\/\/mering.info\/?tribe_events=filmabend-der-bayerische-lech#primaryimage","url":"https:\/\/mering.info\/wp-content\/uploads\/2026\/01\/signal-2026-01-17-07-43-37-326.jpg","contentUrl":"https:\/\/mering.info\/wp-content\/uploads\/2026\/01\/signal-2026-01-17-07-43-37-326.jpg","width":1361,"height":1930,"caption":"Der bayerische Lech"},{"@type":"BreadcrumbList","@id":"https:\/\/mering.info\/?tribe_events=filmabend-der-bayerische-lech#breadcrumb","itemListElement":[{"@type":"ListItem","position":1,"name":"Startseite","item":"https:\/\/mering.info\/"},{"@type":"ListItem","position":2,"name":"Veranstaltungen","item":"https:\/\/mering.info\/?post_type=tribe_events"},{"@type":"ListItem","position":3,"name":"Filmabend: Der bayerische Lech"}]},{"@type":"WebSite","@id":"https:\/\/mering.info\/#website","url":"https:\/\/mering.info\/","name":"Nachhaltiges Mering","description":"Zukunftsf\u00e4higes Mering","potentialAction":[{"@type":"SearchAction","target":{"@type":"EntryPoint","urlTemplate":"https:\/\/mering.info\/?s={search_term_string}"},"query-input":{"@type":"PropertyValueSpecification","valueRequired":true,"valueName":"search_term_string"}}],"inLanguage":"de"}]}},"jetpack_sharing_enabled":true,"_links":{"self":[{"href":"https:\/\/mering.info\/index.php?rest_route=\/wp\/v2\/tribe_events\/5985","targetHints":{"allow":["GET"]}}],"collection":[{"href":"https:\/\/mering.info\/index.php?rest_route=\/wp\/v2\/tribe_events"}],"about":[{"href":"https:\/\/mering.info\/index.php?rest_route=\/wp\/v2\/types\/tribe_events"}],"author":[{"embeddable":true,"href":"https:\/\/mering.info\/index.php?rest_route=\/wp\/v2\/users\/12"}],"version-history":[{"count":1,"href":"https:\/\/mering.info\/index.php?rest_route=\/wp\/v2\/tribe_events\/5985\/revisions"}],"predecessor-version":[{"id":5986,"href":"https:\/\/mering.info\/index.php?rest_route=\/wp\/v2\/tribe_events\/5985\/revisions\/5986"}],"wp:attachment":[{"href":"https:\/\/mering.info\/index.php?rest_route=%2Fwp%2Fv2%2Fmedia&parent=5985"}],"wp:term":[{"taxonomy":"post_tag","embeddable":true,"href":"https:\/\/mering.info\/index.php?rest_route=%2Fwp%2Fv2%2Ftags&post=5985"},{"taxonomy":"tribe_events_cat","embeddable":true,"href":"https:\/\/mering.info\/index.php?rest_route=%2Fwp%2Fv2%2Ftribe_events_cat&post=5985"}],"curies":[{"name":"wp","href":"https:\/\/api.w.org\/{rel}","templated":true}]}}

<p><img fetchpriority="high" decoding="async" class="size-medium wp-image-5980" src="https://mering.info/wp-content/uploads/2026/01/signal-2026-01-17-07-43-37-326-212x300.jpg" alt="Der bayerische Lech" width="212" height="300" srcset="https://mering.info/wp-content/uploads/2026/01/signal-2026-01-17-07-43-37-326-212x300.jpg 212w, https://mering.info/wp-content/uploads/2026/01/signal-2026-01-17-07-43-37-326-722x1024.jpg 722w, https://mering.info/wp-content/uploads/2026/01/signal-2026-01-17-07-43-37-326-768x1089.jpg 768w, https://mering.info/wp-content/uploads/2026/01/signal-2026-01-17-07-43-37-326-1083x1536.jpg 1083w, https://mering.info/wp-content/uploads/2026/01/signal-2026-01-17-07-43-37-326.jpg 1361w" sizes="(max-width: 212px) 100vw, 212px" /></p>
<p>Am Freitag, den 30. Januar, veranstalten die Grünen einen spannenden Filmabend mit dem Film von Heinz Förder &#8222;Der bayerische Lech. Gefürchtet &#8211; geliebt &#8211; gefangen&#8220;.</p>
<p>Das Thema Umweltschutz liegt uns vom Bündnis ebenfalls sehr am Herzen &#8211; und so ist dieser Film genau das richtige, um sich über die Schönheit, aber auch die Verwundbarkeit direkt vor unserer Haustür zu informieren. Denn der Lech lädt nicht nur zu wunderschönen Fotos ein, sondern hat auch geplante Autobahnen oder Bodenversiegelung im Nacken.</p>
<p>Nach dem Film wird auch zur Diskussion eingeladen. Vor Ort sein werden der Filmproduzent Heinz Förder und der Autor Dr. Eberhard Pfeuffer sowie die Bürgermeisterkandidatin der Meringer Grünen, Laura Matthes, und die Meringer Umweltbeauftragte Petra von Thienen.</p>
<p><img decoding="async" class="size-medium wp-image-5981" src="https://mering.info/wp-content/uploads/2026/01/signal-2026-01-17-07-43-37-326-1-223x300.jpg" alt="Der bayerische Lech" width="223" height="300" srcset="https://mering.info/wp-content/uploads/2026/01/signal-2026-01-17-07-43-37-326-1-223x300.jpg 223w, https://mering.info/wp-content/uploads/2026/01/signal-2026-01-17-07-43-37-326-1.jpg 750w" sizes="(max-width: 223px) 100vw, 223px" /></p>

<p>Am Freitag, den 30. Januar, veranstalten die Grünen einen spannenden Filmabend mit dem Film von Heinz Förder &#8222;Der bayerische Lech. Gefürchtet &#8211; geliebt &#8211; gefangen&#8220;. Das Thema Umweltschutz liegt uns &hellip; <a href="https://mering.info/?tribe_events=filmabend-der-bayerische-lech" class="more-link"><span class="screen-reader-text">Filmabend: Der bayerische Lech</span> weiterlesen <span class="meta-nav">&rarr;</span></a></p>

<!-- This site is optimized with the Yoast SEO plugin v27.5 - https://yoast.com/product/yoast-seo-wordpress/ -->
<title>Filmabend: Der bayerische Lech - Nachhaltiges Mering</title>
<meta name="robots" content="index, follow, max-snippet:-1, max-image-preview:large, max-video-preview:-1" />
<link rel="canonical" href="https://mering.info/?tribe_events=filmabend-der-bayerische-lech" />
<meta property="og:locale" content="de_DE" />
<meta property="og:type" content="article" />
<meta property="og:title" content="Filmabend: Der bayerische Lech - Nachhaltiges Mering" />
<meta property="og:description" content="Am Freitag, den 30. Januar, veranstalten die Grünen einen spannenden Filmabend mit dem Film von Heinz Förder &#8222;Der bayerische Lech. Gefürchtet &#8211; geliebt &#8211; gefangen&#8220;. Das Thema Umweltschutz liegt uns &hellip; Filmabend: Der bayerische Lech weiterlesen &rarr;" />
<meta property="og:url" content="https://mering.info/?tribe_events=filmabend-der-bayerische-lech" />
<meta property="og:site_name" content="Nachhaltiges Mering" />
<meta property="article:modified_time" content="2026-01-19T21:48:34+00:00" />
<meta property="og:image" content="https://mering.info/wp-content/uploads/2026/01/signal-2026-01-17-07-43-37-326.jpg" />
	<meta property="og:image:width" content="1361" />
	<meta property="og:image:height" content="1930" />
	<meta property="og:image:type" content="image/jpeg" />
<meta name="twitter:card" content="summary_large_image" />
<meta name="twitter:label1" content="Geschätzte Lesezeit" />
	<meta name="twitter:data1" content="2 Minuten" />
<script type="application/ld+json" class="yoast-schema-graph">{"@context":"https:\/\/schema.org","@graph":[{"@type":"WebPage","@id":"https:\/\/mering.info\/?tribe_events=filmabend-der-bayerische-lech","url":"https:\/\/mering.info\/?tribe_events=filmabend-der-bayerische-lech","name":"Filmabend: Der bayerische Lech - Nachhaltiges Mering","isPartOf":{"@id":"https:\/\/mering.info\/#website"},"primaryImageOfPage":{"@id":"https:\/\/mering.info\/?tribe_events=filmabend-der-bayerische-lech#primaryimage"},"image":{"@id":"https:\/\/mering.info\/?tribe_events=filmabend-der-bayerische-lech#primaryimage"},"thumbnailUrl":"https:\/\/mering.info\/wp-content\/uploads\/2026\/01\/signal-2026-01-17-07-43-37-326-212x300.jpg","datePublished":"2026-01-19T21:46:56+00:00","dateModified":"2026-01-19T21:48:34+00:00","breadcrumb":{"@id":"https:\/\/mering.info\/?tribe_events=filmabend-der-bayerische-lech#breadcrumb"},"inLanguage":"de","potentialAction":[{"@type":"ReadAction","target":["https:\/\/mering.info\/?tribe_events=filmabend-der-bayerische-lech"]}]},{"@type":"ImageObject","inLanguage":"de","@id":"https:\/\/mering.info\/?tribe_events=filmabend-der-bayerische-lech#primaryimage","url":"https:\/\/mering.info\/wp-content\/uploads\/2026\/01\/signal-2026-01-17-07-43-37-326.jpg","contentUrl":"https:\/\/mering.info\/wp-content\/uploads\/2026\/01\/signal-2026-01-17-07-43-37-326.jpg","width":1361,"height":1930,"caption":"Der bayerische Lech"},{"@type":"BreadcrumbList","@id":"https:\/\/mering.info\/?tribe_events=filmabend-der-bayerische-lech#breadcrumb","itemListElement":[{"@type":"ListItem","position":1,"name":"Startseite","item":"https:\/\/mering.info\/"},{"@type":"ListItem","position":2,"name":"Veranstaltungen","item":"https:\/\/mering.info\/?post_type=tribe_events"},{"@type":"ListItem","position":3,"name":"Filmabend: Der bayerische Lech"}]},{"@type":"WebSite","@id":"https:\/\/mering.info\/#website","url":"https:\/\/mering.info\/","name":"Nachhaltiges Mering","description":"Zukunftsfähiges Mering","potentialAction":[{"@type":"SearchAction","target":{"@type":"EntryPoint","urlTemplate":"https:\/\/mering.info\/?s={search_term_string}"},"query-input":{"@type":"PropertyValueSpecification","valueRequired":true,"valueName":"search_term_string"}}],"inLanguage":"de"}]}</script>
<!-- / Yoast SEO plugin. -->

Am Freitag, den 30. Januar, veranstalten die Grünen einen spannenden Filmabend mit dem Film von Heinz Förder &#8222;Der bayerische Lech. Gefürchtet &#8211; geliebt &#8211; gefangen&#8220;. Das Thema Umweltschutz liegt uns &hellip; Filmabend: Der bayerische Lech weiterlesen &rarr;

Zukunftsfähiges Mering
