{"id":5989,"date":"2026-01-19T22:55:03","date_gmt":"2026-01-19T21:55:03","guid":{"rendered":"https:\/\/mering.info\/?post_type=tribe_events&#038;p=5989"},"modified":"2026-01-19T22:57:25","modified_gmt":"2026-01-19T21:57:25","slug":"aktionstag-verkehrsberuhigtes-mering","status":"publish","type":"tribe_events","link":"https:\/\/mering.info\/?tribe_events=aktionstag-verkehrsberuhigtes-mering","title":{"rendered":"Aktionstag: Verkehrsberuhigtes Mering"},"content":{"rendered":"<p>Mering macht mobil!<\/p>\n<p>Am Freitag, 6. Februar, laden die AKO zusammen mit ihren Unterst\u00fctzern ein, sich f\u00fcr die Verkehrswende in Mering stark zu machen. Von 10 bis 17 Uhr finden sich Info- und Mitmachst\u00e4nde am Marktplatz, und um 15 Uhr startet von dort aus ein Demozug mit Kundgebung. Auch wir vom B\u00fcndnis sind mit dabei, denn die Verkehrswende ist in Mering ein wichtiges Thema. Es ist viel geplant &#8211; seien Sie gespannt und kommen Sie gerne vorbei!<\/p>\n","protected":false},"excerpt":{"rendered":"<p>Am Freitag, 6. Februar, laden die AKO zusammen mit ihren Unterst\u00fctzern ein, sich f\u00fcr die Verkehrswende in Mering stark zu machen.<\/p>\n","protected":false},"author":12,"featured_media":0,"template":"","meta":{"jetpack_post_was_ever_published":false,"_tribe_events_status":"","_tribe_events_status_reason":"","footnotes":""},"tags":[111,17],"tribe_events_cat":[157],"class_list":["post-5989","tribe_events","type-tribe_events","status-publish","hentry","tag-mobilitaet","tag-oeffentliche-verkehrsmittel","tribe_events_cat-demonstration","cat_demonstration"],"yoast_head":"<!-- This site is optimized with the Yoast SEO plugin v27.5 - https:\/\/yoast.com\/product\/yoast-seo-wordpress\/ -->\n<title>Aktionstag: Verkehrsberuhigtes Mering - Nachhaltiges Mering<\/title>\n<meta name=\"description\" content=\"Am Freitag, 6. Februar, laden die AKO zusammen mit ihren Unterst\u00fctzern ein, sich f\u00fcr die Verkehrswende in Mering stark zu machen.\" \/>\n<meta name=\"robots\" content=\"index, follow, max-snippet:-1, max-image-preview:large, max-video-preview:-1\" \/>\n<link rel=\"canonical\" href=\"https:\/\/mering.info\/?tribe_events=aktionstag-verkehrsberuhigtes-mering\" \/>\n<meta property=\"og:locale\" content=\"de_DE\" \/>\n<meta property=\"og:type\" content=\"article\" \/>\n<meta property=\"og:title\" content=\"Aktionstag: Verkehrsberuhigtes Mering - Nachhaltiges Mering\" \/>\n<meta property=\"og:description\" content=\"Am Freitag, 6. Februar, laden die AKO zusammen mit ihren Unterst\u00fctzern ein, sich f\u00fcr die Verkehrswende in Mering stark zu machen.\" \/>\n<meta property=\"og:url\" content=\"https:\/\/mering.info\/?tribe_events=aktionstag-verkehrsberuhigtes-mering\" \/>\n<meta property=\"og:site_name\" content=\"Nachhaltiges Mering\" \/>\n<meta property=\"article:modified_time\" content=\"2026-01-19T21:57:25+00:00\" \/>\n<meta name=\"twitter:card\" content=\"summary_large_image\" \/>\n<meta name=\"twitter:label1\" content=\"Gesch\u00e4tzte Lesezeit\" \/>\n\t<meta name=\"twitter:data1\" content=\"1\u00a0Minute\" \/>\n<script type=\"application\/ld+json\" class=\"yoast-schema-graph\">{\"@context\":\"https:\\\/\\\/schema.org\",\"@graph\":[{\"@type\":\"WebPage\",\"@id\":\"https:\\\/\\\/mering.info\\\/?tribe_events=aktionstag-verkehrsberuhigtes-mering\",\"url\":\"https:\\\/\\\/mering.info\\\/?tribe_events=aktionstag-verkehrsberuhigtes-mering\",\"name\":\"Aktionstag: Verkehrsberuhigtes Mering - Nachhaltiges Mering\",\"isPartOf\":{\"@id\":\"https:\\\/\\\/mering.info\\\/#website\"},\"datePublished\":\"2026-01-19T21:55:03+00:00\",\"dateModified\":\"2026-01-19T21:57:25+00:00\",\"description\":\"Am Freitag, 6. Februar, laden die AKO zusammen mit ihren Unterst\u00fctzern ein, sich f\u00fcr die Verkehrswende in Mering stark zu machen.\",\"breadcrumb\":{\"@id\":\"https:\\\/\\\/mering.info\\\/?tribe_events=aktionstag-verkehrsberuhigtes-mering#breadcrumb\"},\"inLanguage\":\"de\",\"potentialAction\":[{\"@type\":\"ReadAction\",\"target\":[\"https:\\\/\\\/mering.info\\\/?tribe_events=aktionstag-verkehrsberuhigtes-mering\"]}]},{\"@type\":\"BreadcrumbList\",\"@id\":\"https:\\\/\\\/mering.info\\\/?tribe_events=aktionstag-verkehrsberuhigtes-mering#breadcrumb\",\"itemListElement\":[{\"@type\":\"ListItem\",\"position\":1,\"name\":\"Startseite\",\"item\":\"https:\\\/\\\/mering.info\\\/\"},{\"@type\":\"ListItem\",\"position\":2,\"name\":\"Veranstaltungen\",\"item\":\"https:\\\/\\\/mering.info\\\/?post_type=tribe_events\"},{\"@type\":\"ListItem\",\"position\":3,\"name\":\"Aktionstag: Verkehrsberuhigtes Mering\"}]},{\"@type\":\"WebSite\",\"@id\":\"https:\\\/\\\/mering.info\\\/#website\",\"url\":\"https:\\\/\\\/mering.info\\\/\",\"name\":\"Nachhaltiges Mering\",\"description\":\"Zukunftsf\u00e4higes Mering\",\"potentialAction\":[{\"@type\":\"SearchAction\",\"target\":{\"@type\":\"EntryPoint\",\"urlTemplate\":\"https:\\\/\\\/mering.info\\\/?s={search_term_string}\"},\"query-input\":{\"@type\":\"PropertyValueSpecification\",\"valueRequired\":true,\"valueName\":\"search_term_string\"}}],\"inLanguage\":\"de\"}]}<\/script>\n<!-- \/ Yoast SEO plugin. -->","yoast_head_json":{"title":"Aktionstag: Verkehrsberuhigtes Mering - Nachhaltiges Mering","description":"Am Freitag, 6. Februar, laden die AKO zusammen mit ihren Unterst\u00fctzern ein, sich f\u00fcr die Verkehrswende in Mering stark zu machen.","robots":{"index":"index","follow":"follow","max-snippet":"max-snippet:-1","max-image-preview":"max-image-preview:large","max-video-preview":"max-video-preview:-1"},"canonical":"https:\/\/mering.info\/?tribe_events=aktionstag-verkehrsberuhigtes-mering","og_locale":"de_DE","og_type":"article","og_title":"Aktionstag: Verkehrsberuhigtes Mering - Nachhaltiges Mering","og_description":"Am Freitag, 6. Februar, laden die AKO zusammen mit ihren Unterst\u00fctzern ein, sich f\u00fcr die Verkehrswende in Mering stark zu machen.","og_url":"https:\/\/mering.info\/?tribe_events=aktionstag-verkehrsberuhigtes-mering","og_site_name":"Nachhaltiges Mering","article_modified_time":"2026-01-19T21:57:25+00:00","twitter_card":"summary_large_image","twitter_misc":{"Gesch\u00e4tzte Lesezeit":"1\u00a0Minute"},"schema":{"@context":"https:\/\/schema.org","@graph":[{"@type":"WebPage","@id":"https:\/\/mering.info\/?tribe_events=aktionstag-verkehrsberuhigtes-mering","url":"https:\/\/mering.info\/?tribe_events=aktionstag-verkehrsberuhigtes-mering","name":"Aktionstag: Verkehrsberuhigtes Mering - Nachhaltiges Mering","isPartOf":{"@id":"https:\/\/mering.info\/#website"},"datePublished":"2026-01-19T21:55:03+00:00","dateModified":"2026-01-19T21:57:25+00:00","description":"Am Freitag, 6. Februar, laden die AKO zusammen mit ihren Unterst\u00fctzern ein, sich f\u00fcr die Verkehrswende in Mering stark zu machen.","breadcrumb":{"@id":"https:\/\/mering.info\/?tribe_events=aktionstag-verkehrsberuhigtes-mering#breadcrumb"},"inLanguage":"de","potentialAction":[{"@type":"ReadAction","target":["https:\/\/mering.info\/?tribe_events=aktionstag-verkehrsberuhigtes-mering"]}]},{"@type":"BreadcrumbList","@id":"https:\/\/mering.info\/?tribe_events=aktionstag-verkehrsberuhigtes-mering#breadcrumb","itemListElement":[{"@type":"ListItem","position":1,"name":"Startseite","item":"https:\/\/mering.info\/"},{"@type":"ListItem","position":2,"name":"Veranstaltungen","item":"https:\/\/mering.info\/?post_type=tribe_events"},{"@type":"ListItem","position":3,"name":"Aktionstag: Verkehrsberuhigtes Mering"}]},{"@type":"WebSite","@id":"https:\/\/mering.info\/#website","url":"https:\/\/mering.info\/","name":"Nachhaltiges Mering","description":"Zukunftsf\u00e4higes Mering","potentialAction":[{"@type":"SearchAction","target":{"@type":"EntryPoint","urlTemplate":"https:\/\/mering.info\/?s={search_term_string}"},"query-input":{"@type":"PropertyValueSpecification","valueRequired":true,"valueName":"search_term_string"}}],"inLanguage":"de"}]}},"jetpack_sharing_enabled":true,"_links":{"self":[{"href":"https:\/\/mering.info\/index.php?rest_route=\/wp\/v2\/tribe_events\/5989","targetHints":{"allow":["GET"]}}],"collection":[{"href":"https:\/\/mering.info\/index.php?rest_route=\/wp\/v2\/tribe_events"}],"about":[{"href":"https:\/\/mering.info\/index.php?rest_route=\/wp\/v2\/types\/tribe_events"}],"author":[{"embeddable":true,"href":"https:\/\/mering.info\/index.php?rest_route=\/wp\/v2\/users\/12"}],"version-history":[{"count":1,"href":"https:\/\/mering.info\/index.php?rest_route=\/wp\/v2\/tribe_events\/5989\/revisions"}],"predecessor-version":[{"id":5990,"href":"https:\/\/mering.info\/index.php?rest_route=\/wp\/v2\/tribe_events\/5989\/revisions\/5990"}],"wp:attachment":[{"href":"https:\/\/mering.info\/index.php?rest_route=%2Fwp%2Fv2%2Fmedia&parent=5989"}],"wp:term":[{"taxonomy":"post_tag","embeddable":true,"href":"https:\/\/mering.info\/index.php?rest_route=%2Fwp%2Fv2%2Ftags&post=5989"},{"taxonomy":"tribe_events_cat","embeddable":true,"href":"https:\/\/mering.info\/index.php?rest_route=%2Fwp%2Fv2%2Ftribe_events_cat&post=5989"}],"curies":[{"name":"wp","href":"https:\/\/api.w.org\/{rel}","templated":true}]}}

<p>Mering macht mobil!</p>
<p>Am Freitag, 6. Februar, laden die AKO zusammen mit ihren Unterstützern ein, sich für die Verkehrswende in Mering stark zu machen. Von 10 bis 17 Uhr finden sich Info- und Mitmachstände am Marktplatz, und um 15 Uhr startet von dort aus ein Demozug mit Kundgebung. Auch wir vom Bündnis sind mit dabei, denn die Verkehrswende ist in Mering ein wichtiges Thema. Es ist viel geplant &#8211; seien Sie gespannt und kommen Sie gerne vorbei!</p>

<p>Am Freitag, 6. Februar, laden die AKO zusammen mit ihren Unterstützern ein, sich für die Verkehrswende in Mering stark zu machen.</p>

<!-- This site is optimized with the Yoast SEO plugin v27.5 - https://yoast.com/product/yoast-seo-wordpress/ -->
<title>Aktionstag: Verkehrsberuhigtes Mering - Nachhaltiges Mering</title>
<meta name="description" content="Am Freitag, 6. Februar, laden die AKO zusammen mit ihren Unterstützern ein, sich für die Verkehrswende in Mering stark zu machen." />
<meta name="robots" content="index, follow, max-snippet:-1, max-image-preview:large, max-video-preview:-1" />
<link rel="canonical" href="https://mering.info/?tribe_events=aktionstag-verkehrsberuhigtes-mering" />
<meta property="og:locale" content="de_DE" />
<meta property="og:type" content="article" />
<meta property="og:title" content="Aktionstag: Verkehrsberuhigtes Mering - Nachhaltiges Mering" />
<meta property="og:description" content="Am Freitag, 6. Februar, laden die AKO zusammen mit ihren Unterstützern ein, sich für die Verkehrswende in Mering stark zu machen." />
<meta property="og:url" content="https://mering.info/?tribe_events=aktionstag-verkehrsberuhigtes-mering" />
<meta property="og:site_name" content="Nachhaltiges Mering" />
<meta property="article:modified_time" content="2026-01-19T21:57:25+00:00" />
<meta name="twitter:card" content="summary_large_image" />
<meta name="twitter:label1" content="Geschätzte Lesezeit" />
	<meta name="twitter:data1" content="1 Minute" />
<script type="application/ld+json" class="yoast-schema-graph">{"@context":"https:\/\/schema.org","@graph":[{"@type":"WebPage","@id":"https:\/\/mering.info\/?tribe_events=aktionstag-verkehrsberuhigtes-mering","url":"https:\/\/mering.info\/?tribe_events=aktionstag-verkehrsberuhigtes-mering","name":"Aktionstag: Verkehrsberuhigtes Mering - Nachhaltiges Mering","isPartOf":{"@id":"https:\/\/mering.info\/#website"},"datePublished":"2026-01-19T21:55:03+00:00","dateModified":"2026-01-19T21:57:25+00:00","description":"Am Freitag, 6. Februar, laden die AKO zusammen mit ihren Unterstützern ein, sich für die Verkehrswende in Mering stark zu machen.","breadcrumb":{"@id":"https:\/\/mering.info\/?tribe_events=aktionstag-verkehrsberuhigtes-mering#breadcrumb"},"inLanguage":"de","potentialAction":[{"@type":"ReadAction","target":["https:\/\/mering.info\/?tribe_events=aktionstag-verkehrsberuhigtes-mering"]}]},{"@type":"BreadcrumbList","@id":"https:\/\/mering.info\/?tribe_events=aktionstag-verkehrsberuhigtes-mering#breadcrumb","itemListElement":[{"@type":"ListItem","position":1,"name":"Startseite","item":"https:\/\/mering.info\/"},{"@type":"ListItem","position":2,"name":"Veranstaltungen","item":"https:\/\/mering.info\/?post_type=tribe_events"},{"@type":"ListItem","position":3,"name":"Aktionstag: Verkehrsberuhigtes Mering"}]},{"@type":"WebSite","@id":"https:\/\/mering.info\/#website","url":"https:\/\/mering.info\/","name":"Nachhaltiges Mering","description":"Zukunftsfähiges Mering","potentialAction":[{"@type":"SearchAction","target":{"@type":"EntryPoint","urlTemplate":"https:\/\/mering.info\/?s={search_term_string}"},"query-input":{"@type":"PropertyValueSpecification","valueRequired":true,"valueName":"search_term_string"}}],"inLanguage":"de"}]}</script>
<!-- / Yoast SEO plugin. -->

Am Freitag, 6. Februar, laden die AKO zusammen mit ihren Unterstützern ein, sich für die Verkehrswende in Mering stark zu machen.

Zukunftsfähiges Mering
